000
CXUS52 KILM 011526
CLMCRE
CLIMATE REPORT
NATIONAL WEATHER SERVICE WILMINGTON NC
1126 AM EDT MON APR 01 2024
...................................
...THE N.MYRTLE BEACH SOUTH CAROLINA CLIMATE SUMMARY FOR THE MONTH OF MARCH 2024...
CLIMATE NORMAL PERIOD 1991 TO 2020
CLIMATE RECORD PERIOD 1931 TO 2024
WEATHER OBSERVED NORMAL DEPART LAST YEAR`S
VALUE DATE(S) VALUE FROM VALUE DATE(S)
NORMAL
................................................................
TEMPERATURE (F)
RECORD
HIGH 88 03/29/2012
LOW 21 03/04/2009
03/09/1996
03/15/1993
HIGHEST 77 03/04 MM MM 82 03/07
03/14
LOWEST 39 03/11 MM MM 28 03/21
03/12
03/19
AVG. MAXIMUM 69.3 64.7 4.6 67.0
AVG. MINIMUM 50.6 45.4 5.2 47.6
MEAN 60.0 55.0 5.0 57.3
DAYS MAX >= 90 0 0.0 0.0 0
DAYS MAX <= 32 0 0.0 0.0 0
DAYS MIN <= 32 0 2.9 -2.9 2
DAYS MIN <= 0 0 0.0 0.0 0
PRECIPITATION (INCHES)
RECORD
MAXIMUM 9.39 1965
MINIMUM 0.99 2004
TOTALS 4.10 3.59 0.51 1.19
DAILY AVG. 0.13 0.12 0.01
DAYS >= .01 10 9.8 0.2
DAYS >= .10 8 6.0 2.0
DAYS >= .50 3 2.2 0.8
DAYS >= 1.00 0 0.8 -0.8
GREATEST
24 HR. TOTAL 1.68 03/01 TO 03/02
DEGREE DAYS
HEATING TOTAL 163 317 -154 261
SINCE 7/1 1803 2199 -396
COOLING TOTAL 12 9 3 30
SINCE 1/1 14 10 4
FREEZE DATES
RECORD
EARLIEST MM
LATEST MM
EARLIEST 01/01
LATEST 03/29
................................................................
WIND (MPH)
AVERAGE WIND SPEED 8.5
RESULTANT WIND SPEED/DIRECTION 1/160
HIGHEST WIND SPEED/DIRECTION 26/040 DATE 03/24
HIGHEST GUST SPEED/DIRECTION 36/030 DATE 03/24
SKY COVER
AVERAGE SKY COVER 0.34
AVERAGE RH (PERCENT) 69
WEATHER CONDITIONS. NUMBER OF DAYS WITH
THUNDERSTORM 3 MIXED PRECIP 0
HEAVY RAIN 5 RAIN 8
LIGHT RAIN 11 FREEZING RAIN 0
LT FREEZING RAIN 0 HAIL 0
HEAVY SNOW 0 SNOW 0
LIGHT SNOW 0 SLEET 0
FOG 18 FOG W/VIS <= 1/4 MILE 3
HAZE 1
- INDICATES NEGATIVE NUMBERS.
R INDICATES RECORD WAS SET OR TIED.
MM INDICATES DATA IS MISSING.
T INDICATES TRACE AMOUNT.
$$