000
CXUS54 KCRP 011725
CLMCRP

CLIMATE REPORT
NATIONAL WEATHER SERVICE CORPUS CHRISTI TX
1209 PM CDT FRI SEP 1 2017

...................................

...THE CORPUS CHRISTI CLIMATE SUMMARY FOR THE MONTH OF AUGUST 2017...

CLIMATE NORMAL PERIOD 1981 TO 2010
CLIMATE RECORD PERIOD 1887 TO 2017

WEATHER         OBSERVED          NORMAL  DEPART  LAST YEAR`S
                 VALUE   DATE(S)  VALUE   FROM    VALUE  DATE(S)
                                          NORMAL
................................................................
TEMPERATURE (F)
RECORD
 HIGH             107   08/30/2012
                        08/29/2012
                        08/28/2011
 LOW               64   08/13/2004
HIGHEST            99   08/18        94       5       99  08/13
                        08/12                             08/11
LOWEST             69   08/30        75      -6       74  08/15
AVG. MAXIMUM     93.7              94.4    -0.7     94.5
AVG. MINIMUM     75.5              75.0     0.5     77.2
MEAN             84.6              84.7    -0.1     85.9
DAYS MAX >= 90     26              28.2    -2.2       27
DAYS MAX <= 32      0               0.0     0.0        0
DAYS MIN <= 32      0               0.0     0.0        0
DAYS MIN <= 0       0               0.0     0.0        0

PRECIPITATION (INCHES)
RECORD
 MAXIMUM        14.79   1980
 MINIMUM         0.00   1911
                        1899
TOTALS           5.89              2.92    2.97     4.12
DAILY AVG.       0.19              0.09    0.10     0.13
DAYS >= .01         9               6.5     2.5        7
DAYS >= .10         5               4.0     1.0        5
DAYS >= .50         3               1.8     1.2        4
DAYS >= 1.00        2               0.8     1.2        2
GREATEST
 24 HR. TOTAL    2.75   08/25 TO 08/25              1.50

SNOWFALL (INCHES)
RECORDS
 TOTAL            0.0   MM
 24 HR TOTAL      0.0   MM
TOTALS            0.0               0.0     0.0      0.0
SINCE 7/1         0.0               0.0     0.0      0.0
SNOWDEPTH AVG.      0                MM      MM        0
DAYS >= 1.0         0               0.0     0.0        0
GREATEST
 SNOW DEPTH         0   MM                             0
 24 HR TOTAL      0.0   MM                           0.0

DEGREE_DAYS
HEATING TOTAL       0                 0       0        0
 SINCE 7/1          0                 0       0        0
COOLING TOTAL     614               611       3      652
 SINCE 1/1       2981              2561     420     2917
.................................................................

WIND (MPH)
AVERAGE WIND SPEED              10.8
HIGHEST WIND SPEED/DIRECTION    36/340    DATE  08/28
HIGHEST GUST SPEED/DIRECTION    46/310    DATE  08/28

SKY COVER
AVERAGE SKY COVER        0.50

AVERAGE RH (PERCENT)     74

WEATHER CONDITIONS. NUMBER OF DAYS WITH
THUNDERSTORM              5     MIXED PRECIP               0
HEAVY RAIN                5     RAIN                       5
LIGHT RAIN               11     FREEZING RAIN              0
LT FREEZING RAIN          0     HAIL                       0
HEAVY SNOW                0     SNOW                       0
LIGHT SNOW                0     SLEET                      0
FOG                       8     FOG W/VIS <= 1/4 MILE      0
HAZE                      1

-  INDICATES NEGATIVE NUMBERS.
R  INDICATES RECORD WAS SET OR TIED.
MM INDICATES DATA IS MISSING.
T  INDICATES TRACE AMOUNT.

$$

KW
