052
CXUS54 KCRP 011737
CLMCRP

CLIMATE REPORT
NATIONAL WEATHER SERVICE CORPUS CHRISTI TX
1105 AM CST WED FEB 1 2017

...................................

...THE CORPUS CHRISTI CLIMATE SUMMARY FOR THE MONTH OF JANUARY
2017...

CLIMATE NORMAL PERIOD 1981 TO 2010
CLIMATE RECORD PERIOD 1887 TO 2017

WEATHER         OBSERVED          NORMAL  DEPART  LAST YEAR`S
                 VALUE   DATE(S)  VALUE   FROM    VALUE  DATE(S)
                                          NORMAL
................................................................
TEMPERATURE (F)
RECORD
 HIGH              92   01/21/2017
 LOW               14   01/12/1962
                        01/18/1930
HIGHEST            92R  01/21        66      26       88  01/31
LOWEST             26   01/08        47     -21       32  01/28
                        01/07
AVG. MAXIMUM     74.3              66.9     7.4     67.5
AVG. MINIMUM     51.2              47.2     4.0     45.3
MEAN             62.7              57.1     5.6     56.4
DAYS MAX >= 90      1               0.0     1.0        0
DAYS MAX <= 32      0               0.0     0.0        0
DAYS MIN <= 32      4               1.5     2.5        1
DAYS MIN <= 0       0               0.0     0.0        0

PRECIPITATION (INCHES)
RECORD
 MAXIMUM        10.78   1958
 MINIMUM            T   1909
TOTALS           0.27              1.54   -1.27     2.08
DAILY AVG.       0.01              0.05   -0.04     0.07
DAYS >= .01         7               7.1    -0.1        5
DAYS >= .10         0               3.2    -3.2        3
DAYS >= .50         0               0.8    -0.8        2
DAYS >= 1.00        0               0.3    -0.3        1
GREATEST
 24 HR. TOTAL    0.08   01/18 TO 01/18              1.29

SNOWFALL (INCHES)
RECORDS
 TOTAL            3.0   1897
 24 HR TOTAL      3.0   01/29/1897 TO 01/29/1897
TOTALS            0.0               0.0     0.0      0.0
SINCE 7/1         0.0               0.2    -0.2      0.0
SNOWDEPTH AVG.      0                MM      MM        0
DAYS >= 1.0         0               0.0     0.0        0
GREATEST
 SNOW DEPTH         0   MM                             0
 24 HR TOTAL      0.0   MM                           0.0

DEGREE_DAYS
HEATING TOTAL     155               276    -121      273
 SINCE 7/1        322               627    -305      506
COOLING TOTAL      92                30      62       13
 SINCE 1/1         92                31      61       13
.................................................................

WIND (MPH)
AVERAGE WIND SPEED              13.3
HIGHEST WIND SPEED/DIRECTION    43/300    DATE  01/22
HIGHEST GUST SPEED/DIRECTION    54/300    DATE  01/22

SKY COVER
AVERAGE SKY COVER           0.60

AVERAGE RH (PERCENT)     67

WEATHER CONDITIONS. NUMBER OF DAYS WITH
THUNDERSTORM              0     MIXED PRECIP               0
HEAVY RAIN                0     RAIN                       1
LIGHT RAIN               12     FREEZING RAIN              0
LT FREEZING RAIN          0     HAIL                       0
HEAVY SNOW                0     SNOW                       0
LIGHT SNOW                0     SLEET                      0
FOG                      14     FOG W/VIS <= 1/4 MILE      1
HAZE                      4

-  INDICATES NEGATIVE NUMBERS.
R  INDICATES RECORD WAS SET OR TIED.
MM INDICATES DATA IS MISSING.
T  INDICATES TRACE AMOUNT.

$$

88
