000
CXUS42 KFFC 020240
CLMCSG


CLIMATE REPORT
NATIONAL WEATHER SERVICE PEACHTREE CITY GA
1039 PM EDT MON JUN 1 2015

...................................

...THE COLUMBUS CLIMATE SUMMARY FOR THE MONTH OF MAY 2015...

CLIMATE NORMAL PERIOD 1981 TO 2010
CLIMATE RECORD PERIOD 1948 TO 2015

WEATHER         OBSERVED          NORMAL  DEPART  LAST YEAR`S
                 VALUE   DATE(S)  VALUE   FROM    VALUE  DATE(S)
                                          NORMAL
................................................................
TEMPERATURE (F)
RECORD
 HIGH              97   05/26/2012
                        05/28/2006
                        05/24/1996
 LOW               39   05/02/1963
HIGHEST            91   05/31        97      -6       93  05/25
                        05/10
LOWEST             49   05/02        40       9       47  05/17
                                                          05/16
AVG. MAXIMUM     85.8              84.0     1.8     84.3
AVG. MINIMUM     62.7              61.9     0.8     61.3
MEAN             74.3              73.0     1.3     72.8
DAYS MAX >= 90      7               4.3     2.7        5
DAYS MAX <= 32      0               0.0     0.0        0
DAYS MIN <= 32      0               0.0     0.0        0
DAYS MIN <= 0       0               0.0     0.0        0

PRECIPITATION (INCHES)
RECORD
 MAXIMUM         8.45   1959
 MINIMUM         0.22   1962
TOTALS           3.18              3.19   -0.01     2.77
DAILY AVG.       0.10              0.10    0.00     0.09
DAYS >= .01         8               7.6     0.4        6
DAYS >= .10         4               5.1    -1.1        3
DAYS >= .50         2               2.0     0.0        2
DAYS >= 1.00        1               0.6     0.4        1
GREATEST
 24 HR. TOTAL    2.03   05/25 TO 05/26           05/14 TO 05/15
                                                          05/31 TO 05/31
                                                          05/31 TO 05/31

DEGREE_DAYS
HEATING TOTAL       2                 8      -6       15
 SINCE 7/1       2212              2120      92     2349
COOLING TOTAL     297               254      43      265
 SINCE 1/1        446               358      88      336
..................................................

WIND (MPH)
AVERAGE WIND SPEED              4.9
HIGHEST WIND SPEED/DIRECTION    30/160    DATE  05/26
HIGHEST GUST SPEED/DIRECTION    40/160    DATE  05/26

SKY COVER
POSSIBLE SUNSHINE (PERCENT)   MM
AVERAGE SKY COVER           0.20
NUMBER OF DAYS FAIR           26
NUMBER OF DAYS PC              5
NUMBER OF DAYS CLOUDY          0

AVERAGE RH (PERCENT)     63

WEATHER CONDITIONS. NUMBER OF DAYS WITH
THUNDERSTORM              0     MIXED PRECIP               0
HEAVY RAIN                4     RAIN                       4
LIGHT RAIN                7     FREEZING RAIN              0
LT FREEZING RAIN          0     HAIL                       0
HEAVY SNOW                0     SNOW                       0
LIGHT SNOW                0     SLEET                      0
FOG                       7     FOG W/VIS <= 1/4 MILE      1
HAZE                      2

-  INDICATES NEGATIVE NUMBERS.
R  INDICATES RECORD WAS SET OR TIED.
MM INDICATES DATA IS MISSING.
T  INDICATES TRACE AMOUNT.

$$
