000
CXUS53 KUNR 011602
CLMCUT


CLIMATE REPORT
NATIONAL WEATHER SERVICE RAPID CITY SD
1001 AM MDT SAT JUL 1 2017

...................................

...THE CUSTER COUNTY AIRPORT SD CLIMATE SUMMARY FOR THE MONTH OF JUNE 2017...

CLIMATE NORMAL PERIOD 1981 TO 2010
CLIMATE RECORD PERIOD 9999 TO 9999

WEATHER         OBSERVED          NORMAL  DEPART  LAST YEAR`S
                 VALUE   DATE(S)  VALUE   FROM    VALUE  DATE(S)
                                          NORMAL
................................................................
TEMPERATURE (F)
HIGHEST            88   06/21                         94  06/21
LOWEST             36   06/25                         38  06/01
AVG. MAXIMUM     73.7              70.7     3.0     80.0
AVG. MINIMUM     46.9              46.3     0.6     50.9
MEAN             60.3              58.5     1.8     65.4
DAYS MAX >= 90      0                                  3
DAYS MAX <= 32      0                                  0
DAYS MIN <= 32      0                                  0
DAYS MIN <= 0       0                                  0

PRECIPITATION (INCHES)
TOTALS           1.34              3.22   -1.88     2.70
DAILY AVG.       0.04              0.11   -0.07     0.09
DAYS >= .01        10                                  8
DAYS >= .10         2                                  6
DAYS >= .50         1                                  3
DAYS >= 1.00        0                                  0
GREATEST
 24 HR. TOTAL    0.56   06/12 TO 06/12              1.20

DEGREE_DAYS
HEATING TOTAL     155               220     -65       56
 SINCE 7/1       7599              8389    -790     7171
COOLING TOTAL      20                25      -5       77
 SINCE 1/1         20                26      -6       77
.................................................................

WIND (MPH)
AVERAGE WIND SPEED              7.2
HIGHEST WIND SPEED/DIRECTION    47/270    DATE  06/27
HIGHEST GUST SPEED/DIRECTION    69/270    DATE  06/27

AVERAGE RH (PERCENT)     52

WEATHER CONDITIONS. NUMBER OF DAYS WITH
THUNDERSTORM              0     MIXED PRECIP               0
HEAVY RAIN                2     RAIN                       4
LIGHT RAIN               11     FREEZING RAIN              0
LT FREEZING RAIN          0     HAIL                       0
HEAVY SNOW                0     SNOW                       0
LIGHT SNOW                0     SLEET                      0
FOG                       1     FOG W/VIS <= 1/4 MILE      0
HAZE                      2

-  INDICATES NEGATIVE NUMBERS.
R  INDICATES RECORD WAS SET OR TIED.
MM INDICATES DATA IS MISSING.
T  INDICATES TRACE AMOUNT.

$$
