000
CXUS51 KILN 011427
CLMCVG


CLIMATE REPORT
NATIONAL WEATHER SERVICE WILMINGTON OH
1026 AM EDT SAT NOV 1 2014

...................................

...THE CINCINNATI CLIMATE SUMMARY FOR THE MONTH OF OCTOBER 2014...

CLIMATE NORMAL PERIOD 1981 TO 2010
CLIMATE RECORD PERIOD 1869 TO 2014

WEATHER         OBSERVED          NORMAL  DEPART  LAST YEAR`S
                 VALUE   DATE(S)  VALUE   FROM    VALUE  DATE(S)
                                          NORMAL
................................................................
TEMPERATURE (F)
RECORD
 HIGH              91   10/08/2007
                        10/06/1941
 LOW               16   10/27/1962
HIGHEST            86   10/02        67      19       83  10/04
LOWEST             35   10/30        45     -10       28  10/25
AVG. MAXIMUM     64.9              66.2    -1.3     65.8
AVG. MINIMUM     46.0              45.5     0.5     46.2
MEAN             55.5              55.9    -0.4     56.0
DAYS MAX >= 90      0               0.1    -0.1        0
DAYS MAX <= 32      0               0.0     0.0        0
DAYS MIN <= 32      0               2.0    -2.0        4
DAYS MIN <= 0       0               0.0     0.0        0

PRECIPITATION (INCHES)
TOTALS           3.26              3.30   -0.04     5.68
DAILY AVG.       0.11              0.11    0.00     0.18
DAYS >= .01        12               8.4     3.6       13
DAYS >= .10         8               5.6     2.4        7
DAYS >= .50         3               2.3     0.7        3
DAYS >= 1.00        0               0.8    -0.8        1
GREATEST
 24 HR. TOTAL    0.75   10/10 TO 10/11           10/05 TO 10/06
                                                          10/24 TO 10/24
                                                          10/24 TO 10/24
 STORM TOTAL       MM                                 MM
 (MM/DD(HH))            MM                    10/06(00) TO 10/06(00)
                                                 10/24(00) TO 10/24(00)4
                                                 10/24(00) TO 10/24(00)4

SNOWFALL (INCHES)
TOTALS            0.0               0.4    -0.4        T
SINCE 7/1         0.0               0.4    -0.4        T
DAYS >= TRACE       0               0.1    -0.1        2
DAYS >= 1.0         0               0.1    -0.1        0
GREATEST
 24 HR TOTAL      0.0   10/31 TO 10/31           10/24 TO 10/24
                                                          10/24 TO 10/24
                                                          10/24 TO 10/24
 STORM TOTAL       MM                                 MM
 (MM/DD(HH))            MM                    10/24(00) TO 10/24(00)
                                                 10/24(00) TO 10/24(00)4
                                                 10/24(00) TO 10/24(00)4

DEGREE_DAYS
HEATING TOTAL     300               304      -4      303
 SINCE 7/1        356               362      -6      333
COOLING TOTAL      13                16      -3       30
 SINCE 1/1       1077              1121     -44     1150
.....................................................

WIND (MPH)
AVERAGE WIND SPEED              7.8
RESULTANT WIND SPEED/DIRECTION   2/232
HIGHEST WIND SPEED/DIRECTION    33/140    DATE  10/14
HIGHEST GUST SPEED/DIRECTION    43/140    DATE  10/14

SKY COVER
AVERAGE SKY COVER           0.70

AVERAGE RH (PERCENT)     70

WEATHER CONDITIONS. NUMBER OF DAYS WITH
THUNDERSTORM              0     MIXED PRECIP               0
HEAVY RAIN                4     RAIN                       6
LIGHT RAIN               17     FREEZING RAIN              0
LT FREEZING RAIN          0     HAIL                       0
HEAVY SNOW                0     SNOW                       0
LIGHT SNOW                0     SLEET                      0
FOG                      20     FOG W/VIS <= 1/4 MILE      1
HAZE                     10

-  INDICATES NEGATIVE NUMBERS.
R  INDICATES RECORD WAS SET OR TIED.
MM INDICATES DATA IS MISSING.
T  INDICATES TRACE AMOUNT.

$$
