000
CXUS51 KILN 011332
CLMCVG


CLIMATE REPORT
NATIONAL WEATHER SERVICE WILMINGTON OH
821 AM EST THU FEB 1 2018

...................................

...THE CINCINNATI CLIMATE SUMMARY FOR THE MONTH OF JANUARY 2018...

CLIMATE NORMAL PERIOD 1981 TO 2010
CLIMATE RECORD PERIOD 1869 TO 2018

WEATHER         OBSERVED          NORMAL  DEPART  LAST YEAR`S
                 VALUE   DATE(S)  VALUE   FROM    VALUE  DATE(S)
                                          NORMAL
................................................................
TEMPERATURE (F)
RECORD
 HIGH              77   01/24/1943
 LOW              -25   01/18/1977
HIGHEST            61   01/11        38      23       66  01/12
                        01/10
LOWEST             -7   01/02        22     -29        3  01/07
AVG. MAXIMUM     37.1              38.7    -1.6     44.5
AVG. MINIMUM     20.5              23.0    -2.5     30.4
MEAN             28.8              30.8    -2.0     37.5
DAYS MAX >= 90      0               0.0     0.0        0
DAYS MAX <= 32     13               9.1     3.9        4
DAYS MIN <= 32     24              23.9     0.1       13
DAYS MIN <= 0       5               1.5     3.5        0

PRECIPITATION (INCHES)
TOTALS           2.21              3.00   -0.79     3.67
DAILY AVG.       0.07              0.10   -0.03     0.12
DAYS >= .01        10              12.4    -2.4       18
DAYS >= .10         6               6.0     0.0       11
DAYS >= .50         2               2.0     0.0        3
DAYS >= 1.00        0               0.5    -0.5        0
GREATEST
 24 HR. TOTAL    0.61   01/12 TO 01/12           01/03 TO 01/03
                                                          01/05 TO 01/05
                                                          01/05 TO 01/05
 STORM TOTAL       MM                                 MM
 (MM/DD(HH))            MM                    01/03(00) TO 01/03(00)
                                                 01/05(00) TO 01/05(00)5
                                                 01/05(00) TO 01/05(00)5

SNOWFALL (INCHES)
TOTALS            6.2               6.5    -0.3      4.2
SINCE 7/1        10.0              12.1    -2.1      6.4
DAYS >= TRACE      12               6.5     5.5        7
DAYS >= 1.0         2               2.0     0.0        2
GREATEST
 24 HR TOTAL      2.9   01/12 TO 01/12           01/05 TO 01/05
                                                          01/05 TO 01/05
                                                          01/05 TO 01/05
 STORM TOTAL       MM                                 MM
 (MM/DD(HH))            MM                    01/05(00) TO 01/05(00)
                                                 01/05(00) TO 01/05(00)5
                                                 01/05(00) TO 01/05(00)5

DEGREE_DAYS
HEATING TOTAL    1115              1053      62      848
 SINCE 7/1       3013              2972      41     2499
COOLING TOTAL       0                 0       0        0
 SINCE 1/1          0                 0       0        0
......................................................

WIND (MPH)
AVERAGE WIND SPEED              9.5
RESULTANT WIND SPEED/DIRECTION   5/227
HIGHEST WIND SPEED/DIRECTION    32/350    DATE  01/12
HIGHEST GUST SPEED/DIRECTION    40/360    DATE  01/12

SKY COVER
AVERAGE SKY COVER           0.70

AVERAGE RH (PERCENT)     73

WEATHER CONDITIONS. NUMBER OF DAYS WITH
THUNDERSTORM              0     MIXED PRECIP               0
HEAVY RAIN                1     RAIN                       3
LIGHT RAIN                7     FREEZING RAIN              0
LT FREEZING RAIN          3     HAIL                       0
HEAVY SNOW                0     SNOW                       1
LIGHT SNOW               12     SLEET                      1
FOG                      21     FOG W/VIS <= 1/4 MILE      3
HAZE                      6

-  INDICATES NEGATIVE NUMBERS.
R  INDICATES RECORD WAS SET OR TIED.
MM INDICATES DATA IS MISSING.
T  INDICATES TRACE AMOUNT.

$$
