000
CXUS51 KILN 020319
CLMCVG


CLIMATE REPORT...CORRECTED PRECIPITATION
NATIONAL WEATHER SERVICE WILMINGTON OH
1117 PM EDT MON JUN 1 2015

...................................

...THE CINCINNATI CLIMATE SUMMARY FOR THE MONTH OF MAY 2015...

CLIMATE NORMAL PERIOD 1981 TO 2010
CLIMATE RECORD PERIOD 1869 TO 2015

WEATHER         OBSERVED          NORMAL  DEPART  LAST YEAR`S
                 VALUE   DATE(S)  VALUE   FROM    VALUE  DATE(S)
                                          NORMAL
................................................................
TEMPERATURE (F)
RECORD
 HIGH              95   05/31/1937
                        05/28/1911
                        05/27/1911
 LOW               28   05/10/1966
HIGHEST            87   05/11        74      13       87  05/27
                        05/08
LOWEST             42   05/13        52     -10       36  05/18
AVG. MAXIMUM     78.1              73.7     4.4     76.1
AVG. MINIMUM     56.4              53.2     3.2     54.6
MEAN             67.2              63.5     3.7     65.3
DAYS MAX >= 90      0               0.2    -0.2        0
DAYS MAX <= 32      0               0.0     0.0        0
DAYS MIN <= 32      0               0.1    -0.1        0
DAYS MIN <= 0       0               0.0     0.0        0

PRECIPITATION (INCHES)
TOTALS           1.63              4.93   -3.30     2.86
DAILY AVG.       0.05              0.16   -0.11     0.09
DAYS >= .01         9              12.8    -3.8        9
DAYS >= .10         6               9.0    -3.0        6
DAYS >= .50         0               3.5    -3.5        1
DAYS >= 1.00        0               1.3    -1.3        1
GREATEST
 24 HR. TOTAL    0.42   05/15 TO 05/16

SNOWFALL (INCHES)
TOTALS            0.0                 T     0.0      0.0
SINCE 7/1        29.9              22.1     7.8     47.5
DAYS >= TRACE       0               0.1    -0.1        0
DAYS >= 1.0         0               0.0     0.0        0
GREATEST
 24 HR TOTAL      0.0   05/31 TO 05/31

DEGREE_DAYS
HEATING TOTAL      68               126     -58      109
 SINCE 7/1       5277              4960     317     5406
COOLING TOTAL     144                76      68      127
 SINCE 1/1        149                94      55      134
..................................................

WIND (MPH)
AVERAGE WIND SPEED              7.1
RESULTANT WIND SPEED/DIRECTION   3/208
HIGHEST WIND SPEED/DIRECTION    32/290    DATE  05/15
HIGHEST GUST SPEED/DIRECTION    45/230    DATE  05/15

SKY COVER
AVERAGE SKY COVER           0.60

AVERAGE RH (PERCENT)     67

WEATHER CONDITIONS. NUMBER OF DAYS WITH
THUNDERSTORM              3     MIXED PRECIP               0
HEAVY RAIN                4     RAIN                       4
LIGHT RAIN               13     FREEZING RAIN              0
LT FREEZING RAIN          0     HAIL                       0
HEAVY SNOW                0     SNOW                       0
LIGHT SNOW                0     SLEET                      0
FOG                      14     FOG W/VIS <= 1/4 MILE      1
HAZE                      6

-  INDICATES NEGATIVE NUMBERS.
R  INDICATES RECORD WAS SET OR TIED.
MM INDICATES DATA IS MISSING.
T  INDICATES TRACE AMOUNT.

$$
