000
CXUS52 KCHS 011457
CLMCXM

CLIMATE REPORT
NATIONAL WEATHER SERVICE CHARLESTON SC
924 AM EST MON DEC 1 2014

...................................

...THE DOWNTOWN CHARLESTON SC CLIMATE SUMMARY FOR THE MONTH OF NOVEMBER 2014...

CLIMATE NORMAL PERIOD 1981 TO 2010
CLIMATE RECORD PERIOD 1870 TO 2014

WEATHER         OBSERVED          NORMAL  DEPART
                 VALUE   DATE(S)  VALUE   FROM
                                          NORMAL
................................................
TEMPERATURE (F)
RECORD
 HIGH              87   11/01/1961
 LOW               17   11/25/1950
HIGHEST            79   11/05
LOWEST             32   11/19
AVG. MAXIMUM     64.7              67.3    -2.6
AVG. MINIMUM     48.0              53.6    -5.6
MEAN             56.4              60.5    -4.1
DAYS MAX >= 90      0               0.0     0.0
DAYS MAX <= 32      0               0.0     0.0
DAYS MIN <= 32      1               0.0     1.0
DAYS MIN <= 0       0               0.0     0.0

PRECIPITATION (INCHES)
RECORD
 MAXIMUM         6.98   1969
 MINIMUM         0.00   2007
                        2001
TOTALS           3.79              2.19    1.60
DAYS >= .01         8               6.2     1.8
DAYS >= .10         6               3.8     2.2
DAYS >= .50         3               1.3     1.7
DAYS >= 1.00        2               0.5     1.5
GREATEST
 24 HR. TOTAL    1.62   11/23

DEGREE_DAYS
HEATING TOTAL     264               172      92
 SINCE 7/1         MM                MM      MM
COOLING TOTAL      14                36     -22
 SINCE 1/1         MM                MM      MM
.................................................

WIND (MPH)
AVERAGE WIND SPEED              7.8
HIGHEST WIND SPEED/DIRECTION    24/210    DATE  11/17
HIGHEST GUST SPEED/DIRECTION    36/200    DATE  11/17



-  INDICATES NEGATIVE NUMBERS.
R  INDICATES RECORD WAS SET OR TIED.
MM INDICATES DATA IS MISSING.
T  INDICATES TRACE AMOUNT.

&&

DUE TO AN EQUIPMENT FAILURE AT THE DOWNTOWN CHARLESTON WEATHER
SENSOR AT WATERFRONT PARK DURING THE MONTH OF SEPTEMBER...SOME
CLIMATE DATA WAS INCOMPLETE.

RECORDS ESTABLISHED DURING THE MONTH:

*NOV 23 - RECORD RAINFALL OF 1.62 INCHES

$$
