000
CXUS55 KCYS 082117
CLMCYS


CLIMATE REPORT
NATIONAL WEATHER SERVICE CHEYENNE WY
216 PM MST MON DEC 8 2014

...................................

...THE CHEYENNE WY CLIMATE SUMMARY FOR THE MONTH OF NOVEMBER 2014...

CLIMATE NORMAL PERIOD 1981 TO 2010
CLIMATE RECORD PERIOD 1871 TO 2014

WEATHER         OBSERVED          NORMAL  DEPART  LAST YEAR`S
                 VALUE   DATE(S)  VALUE   FROM    VALUE  DATE(S)
                                          NORMAL
................................................................
TEMPERATURE (F)
RECORD
 HIGH              75   11/15/1999
                        11/05/1891
 LOW              -21   11/13/1916
HIGHEST            66   11/01        47      19       64
LOWEST            -14   11/13        24     -38        6
                        11/12
AVG. MAXIMUM     45.3              46.5    -1.2     49.0
AVG. MINIMUM     21.0              24.2    -3.2     24.2
MEAN             33.2              35.3    -2.1     36.6
DAYS MAX >= 90      0               0.0                0
DAYS MAX <= 32      6               4.3                3
DAYS MIN <= 32     23              23.1               28
DAYS MIN <= 0       5               0.6                0

PRECIPITATION (INCHES)
RECORD
 MAXIMUM         2.48   1979
 MINIMUM            T   1965
                        1901
                        1878
TOTALS           1.19              0.59    0.60     0.16
DAYS >= .01         9               6.4     2.6        3
DAYS >= .10         3               1.9     1.1        1
DAYS >= .50         1               0.2     0.8        0
DAYS >= 1.00        0               0.0     0.0        0
GREATEST
 24 HR. TOTAL    0.74   11/02 TO 11/03

SNOWFALL (INCHES)
RECORDS
 TOTAL           31.1   MM
TOTALS            9.9               8.0     1.9      3.1
SINCE 7/1        11.4              14.3    -2.9     15.6
SNOWDEPTH AVG.      0
DAYS >= TRACE      10               6.1     3.9        5
DAYS >= 1.0         4               2.6     1.4        1
GREATEST
 SNOW DEPTH         2   11/26                          3  11/22
                        11/12
 24 HR TOTAL      3.1   11/03 TO 11/03           11/21 TO 11/21
                                                          11/21 TO 11/21
                                                          11/21 TO 11/21

DEGREE_DAYS
HEATING TOTAL     948               889      59      846
 SINCE 7/1       1598              1748    -150     1704
COOLING TOTAL       0                 0       0        0
 SINCE 1/1        301               348     -47      520
..................................................

WIND (MPH)
AVERAGE WIND SPEED              14.1
HIGHEST WIND SPEED/DIRECTION    51/280    DATE  11/25
HIGHEST GUST SPEED/DIRECTION    61/250    DATE  11/29

SKY COVER
POSSIBLE SUNSHINE (PERCENT)   MM
AVERAGE SKY COVER           0.20
NUMBER OF DAYS FAIR           18
NUMBER OF DAYS PC             10
NUMBER OF DAYS CLOUDY          1

AVERAGE RH (PERCENT)     51

WEATHER CONDITIONS. NUMBER OF DAYS WITH
THUNDERSTORM              0     MIXED PRECIP               0
HEAVY RAIN                0     RAIN                       2
LIGHT RAIN                4     FREEZING RAIN              0
LT FREEZING RAIN          1     HAIL                       0
HEAVY SNOW                2     SNOW                       3
LIGHT SNOW               10     SLEET                      0
FOG                       8     FOG W/VIS <= 1/4 MILE      2
HAZE                      6

-  INDICATES NEGATIVE NUMBERS.
R  INDICATES RECORD WAS SET OR TIED.
MM INDICATES DATA IS MISSING.
T  INDICATES TRACE AMOUNT.

$$
