000
CXUS56 KSGX 011853
CLMCZZ


CLIMATE REPORT
NATIONAL WEATHER SERVICE SAN DIEGO, CA
1153 AM PDT TUE SEP 1 2015

...................................

...THE CAMPO ASOS CA CLIMATE SUMMARY FOR THE MONTH OF AUGUST 2015...

CLIMATE NORMAL PERIOD 1981 TO 2010
CLIMATE RECORD PERIOD 1948 TO 2015

WEATHER         OBSERVED          NORMAL  DEPART  LAST YEAR`S
                 VALUE   DATE(S)  VALUE   FROM    VALUE  DATE(S)
                                          NORMAL
................................................................
TEMPERATURE (F)
RECORD
 HIGH             107   08/04/1998
                        08/08/1995
                        08/25/1985
 LOW               30   08/25/1978
HIGHEST           105   08/16        94      11       98  08/30
                                                          08/28
LOWEST             44   08/10        52      -8       43  08/24
                                                          08/07
AVG. MAXIMUM     93.9              94.4    -0.5     89.9
AVG. MINIMUM     55.3              53.1     2.2     54.5
MEAN             74.6              73.7     0.9     72.2
DAYS MAX >= 90     24              24.9    -0.9       17
DAYS MAX <= 32      0               0.0     0.0        0
DAYS MAX >= 100     6                                  0
DAYS MIN <= 32      0               0.1    -0.1        0
DAYS MIN <= 0       0               0.0     0.0        0

PRECIPITATION (INCHES)
RECORD
 MAXIMUM         4.05   1983
 MINIMUM         0.00   2011
                        2010
                        2001
TOTALS           0.01              0.70   -0.69     0.48
DAILY AVG.       0.00              0.02   -0.02     0.02
DAYS >= .01         1               2.2    -1.2        4
DAYS >= .10         0               0.9    -0.9        2
DAYS >= .50         0               0.4    -0.4        0
DAYS >= 1.00        0               0.2    -0.2        0
DAYS >= 1.50        0                                  0
DAYS >= 2.00        0                                  0
GREATEST
 24 HR. TOTAL    0.01   08/25 TO 08/25           08/02 TO 08/02
                                                          08/01 TO 08/02
                                                          08/02 TO 08/02
 STORM TOTAL       MM                                 MM
 (MM/DD(HH))            MM                    08/02(00) TO 08/02(00)
                                                 08/02(00) TO 08/02(00)2
                                                 08/02(00) TO 08/02(00)2

DEGREE_DAYS
HEATING TOTAL       0                 7      -7        2
 SINCE 7/1         10                14      -4        2
COOLING TOTAL     305               278      27      234
 SINCE 1/1        690               650      40      632

FREEZE DATES
RECORD
 EARLIEST     08/25/1978
 LATEST       06/23/1991
EARLIEST                        10/16
LATEST                          05/19
...................................................

WIND (MPH)
AVERAGE WIND SPEED              7.7
RESULTANT WIND SPEED/DIRECTION   3/224
HIGHEST WIND SPEED/DIRECTION    29/070    DATE  08/26
HIGHEST GUST SPEED/DIRECTION    37/080    DATE  08/26

AVERAGE RH (PERCENT)     47


-  INDICATES NEGATIVE NUMBERS.
R  INDICATES RECORD WAS SET OR TIED.
MM INDICATES DATA IS MISSING.
T  INDICATES TRACE AMOUNT.

$$
