522
CXUS53 KUNR 011609
CLMD07


CLIMATE REPORT
NATIONAL WEATHER SERVICE RAPID CITY SD
908 AM MST THU FEB 1 2018

...................................

...THE FAITH SD CLIMATE SUMMARY FOR THE MONTH OF JANUARY 2018...

CLIMATE NORMAL PERIOD 1981 TO 2010
CLIMATE RECORD PERIOD 9999 TO 9999

WEATHER         OBSERVED          NORMAL  DEPART  LAST YEAR`S
                 VALUE   DATE(S)  VALUE   FROM    VALUE  DATE(S)
                                          NORMAL
................................................................
TEMPERATURE (F)
HIGHEST            52   01/30                         40  01/18
LOWEST            -23R  01/01                        -16  01/03
AVG. MAXIMUM     30.1              30.0     0.1     20.6
AVG. MINIMUM      8.6              10.6    -2.0      7.1
MEAN             19.4              20.3    -0.9     13.9
DAYS MAX >= 90      0                                  0
DAYS MAX <= 32     11                                 26
DAYS MIN <= 32     31                                 31
DAYS MIN <= 0      10                                 10

PRECIPITATION (INCHES)
TOTALS           0.15              0.20   -0.05     0.55
DAILY AVG.       0.00              0.01   -0.01     0.02
DAYS >= .01         5                                  8
DAYS >= .10         0                                  2
DAYS >= .50         0                                  0
DAYS >= 1.00        0                                  0
GREATEST
 24 HR. TOTAL    0.06   01/13 TO 01/13              0.22

DEGREE_DAYS
HEATING TOTAL    1406              1386      20     1575
 SINCE 7/1       4365              4529    -164     4308
COOLING TOTAL       0                 0       0        0
 SINCE 1/1          0                 0       0        0
.................................................................

WIND (MPH)
AVERAGE WIND SPEED              12.4
HIGHEST WIND SPEED/DIRECTION    37/320    DATE  01/31
HIGHEST GUST SPEED/DIRECTION    49/360    DATE  01/30

AVERAGE RH (PERCENT)     79


-  INDICATES NEGATIVE NUMBERS.
R  INDICATES RECORD WAS SET OR TIED.
MM INDICATES DATA IS MISSING.
T  INDICATES TRACE AMOUNT.

$$
