691
CXUS53 KUNR 011616
CLMD07


CLIMATE REPORT
NATIONAL WEATHER SERVICE RAPID CITY SD
1013 AM MDT FRI JUL 1 2016

...................................

...THE FAITH SD CLIMATE SUMMARY FOR THE MONTH OF JUNE 2016...

CLIMATE NORMAL PERIOD 1981 TO 2010
CLIMATE RECORD PERIOD 9999 TO 9999

WEATHER         OBSERVED          NORMAL  DEPART  LAST YEAR`S
                 VALUE   DATE(S)  VALUE   FROM    VALUE  DATE(S)
                                          NORMAL
................................................................
TEMPERATURE (F)
HIGHEST           102   06/24                         92  06/29
LOWEST             44   06/02                         48  06/01
AVG. MAXIMUM     85.2              77.4     7.8     78.0
AVG. MINIMUM     55.0              52.5     2.5     55.7
MEAN             70.1              65.0     5.1     66.8
DAYS MAX >= 90      6                                  2
DAYS MAX <= 32      0                                  0
DAYS MIN <= 32      0                                  0
DAYS MIN <= 0       0                                  0

PRECIPITATION (INCHES)
TOTALS           1.69              3.09   -1.40     2.64
DAILY AVG.       0.06              0.10   -0.04     0.09
DAYS >= .01         9                                 12
DAYS >= .10         5                                  6
DAYS >= .50         1                                  2
DAYS >= 1.00        0                                  0
GREATEST
 24 HR. TOTAL    0.57   06/29 TO 06/29              0.75

DEGREE_DAYS
HEATING TOTAL      15                90     -75       34
 SINCE 7/1       6578              7709   -1131     7179
COOLING TOTAL     175                88      87       95
 SINCE 1/1        177               100      77       97
.................................................................

WIND (MPH)
AVERAGE WIND SPEED              13.4
HIGHEST WIND SPEED/DIRECTION    44/340    DATE  06/29
HIGHEST GUST SPEED/DIRECTION    53/280    DATE  06/09

AVERAGE RH (PERCENT)     55


-  INDICATES NEGATIVE NUMBERS.
R  INDICATES RECORD WAS SET OR TIED.
MM INDICATES DATA IS MISSING.
T  INDICATES TRACE AMOUNT.

$$
