000
CXUS52 KMLB 011913 AAA
CLMDAB

CLIMATE REPORT
NATIONAL WEATHER SERVICE MELBOURNE FL
213 PM EST MON DEC 1 2014

...................................

...THE DAYTONA BEACH CLIMATE SUMMARY FOR THE MONTH OF NOVEMBER 2014...

CLIMATE NORMAL PERIOD 1981 TO 2010
CLIMATE RECORD PERIOD 1923 TO 2014

WEATHER         OBSERVED          NORMAL  DEPART  LAST YEAR`S
                 VALUE   DATE(S)  VALUE   FROM    VALUE
                                          NORMAL
.............................................................
TEMPERATURE (F)
MONTHLY RECORD
 HOTTEST         72.5   1986
 COLDEST         60.5   1976
DAILY RECORD
 HIGH              89   11/01/2013
                        11/28/1948
 LOW               25   11/17/1940
NOVEMBER 2014
HIGHEST            87   11/24                         89
LOWEST             37   11/19                         36
AVG. MAXIMUM     72.9              76.0    -3.1     76.8
AVG. MINIMUM     52.8              57.3    -4.5     62.8
MEAN             62.9              66.6    -3.7     69.8
DAYS MAX >= 90      0               0.0     0.0        0
DAYS MAX <= 32      0               0.0     0.0        0
DAYS MIN <= 32      0               0.0     0.0        0
DAYS MIN <= 0       0               0.0     0.0        0

PRECIPITATION (INCHES)
MONTHLY RECORD
 MAXIMUM        12.91   1994
 MINIMUM            T   1967
DAILY RECORD
 MAXIMUM         8.99   11/16/1994
NOVEMBER 2014
TOTALS           9.09              2.69    6.40     3.11
DAYS >= .01         9               7.7     1.3        7
DAYS >= .10         6               4.1     1.9        6
DAYS >= .50         2               1.4     0.6        1
DAYS >= 1.00        2               0.5     1.5        1
GREATEST
 24 HR. TOTAL    6.46   11/25 TO 11/26

SNOWFALL (INCHES)
TOTALS            0.0               0.0     0.0      0.0
SINCE 7/1         0.0               0.0     0.0      0.0
DAYS >= TRACE       0                                  0

DEGREE_DAYS
HEATING TOTAL     129                66      63       30
 SINCE 7/1        129                74      55       31
COOLING TOTAL      74               116     -42      182
 SINCE 1/1       2982              2912      70     3142
..............................................................

WIND (MPH)
AVERAGE WIND SPEED              7.1
HIGHEST WIND SPEED/DIRECTION    29/260    DATE  11/01
HIGHEST GUST SPEED/DIRECTION    36/280    DATE  11/01

SKY COVER
POSSIBLE SUNSHINE (PERCENT)   MM
AVERAGE SKY COVER           0.50
NUMBER OF DAYS FAIR           10
NUMBER OF DAYS PC             13
NUMBER OF DAYS CLOUDY          7

AVERAGE RH (PERCENT)     73

WEATHER CONDITIONS. NUMBER OF DAYS WITH
THUNDERSTORM              3     MIXED PRECIP               0
HEAVY RAIN                4     RAIN                       6
LIGHT RAIN               11     LT FREEZING RAIN           0
HAIL                      0     LIGHT SNOW                 0
SLEET                     0     FOG                       14
FOG W/VIS <= 1/4 MILE     1     HAZE                       1

-  INDICATES NEGATIVE NUMBERS.
R  INDICATES RECORD WAS SET OR TIED.
MM INDICATES DATA IS MISSING.
T  INDICATES TRACE AMOUNT.

================================================================

...THE DAYTONA BEACH CLIMATE SUMMARY FOR THE FALL SEASON, FROM
9/1/2014 TO 11/30/2014...

CLIMATE NORMAL PERIOD 1981 TO 2010
CLIMATE RECORD PERIOD 1923 TO 2014

WEATHER         OBSERVED          NORMAL  DEPART  LAST YEAR`S
                 VALUE   DATE(S)  VALUE   FROM    VALUE  DATE(S)
                                          NORMAL
................................................................
TEMPERATURE (F)
FALL RECORDS
 WARMEST         76.0  1998
 COOLEST         69.7  1976
DAILY RECORD
 HIGH              99   09/05/1944
 LOW               25   11/17/1940
FALL 2014
HIGHEST            92   09/01                         93
LOWEST             37   11/19                         36
AVG. MAXIMUM     81.0              81.6    -0.6     82.5
AVG. MINIMUM     63.0              65.1    -2.1     67.2
MEAN             72.0              73.4    -1.4     74.8
DAYS MAX >= 90      6               5.1     0.9        9
DAYS MAX <= 32      0               0.0     0.0        0
DAYS MIN <= 32      0               0.0     0.0        0
DAYS MIN <= 0       0               0.0     0.0        0

PRECIPITATION (INCHES)
FALL RECORDS
 MAXIMUM        39.22   1924
 MINIMUM         4.62   2010

FALL 2014
TOTALS          27.82             13.86   13.96    11.14
DAYS >= .01        31              31.8    -0.8       27
DAYS >= .10        21              19.0     2.0       18
DAYS >= .50         9               8.1     0.9        6
DAYS >= 1.00        8               4.2     3.8        4
GREATEST
 24 HR. TOTAL    8.17   09/23 TO 09/24

SNOWFALL (INCHES)
TOTALS            0.0               0.0     0.0      0.0
SINCE 7/1         0.0               0.0     0.0      0.0
SNOWDEPTH AVG.      0                                  0
DAYS >= TRACE       0                                  0

DEGREE_DAYS
HEATING TOTAL     129                74      55       31
COOLING TOTAL     790               838     -48      946
.................................................................

WIND (MPH)
AVERAGE WIND SPEED              5.6
HIGHEST WIND SPEED/DIRECTION    29/260    DATE  11/01
HIGHEST GUST SPEED/DIRECTION    36/280    DATE  11/01

SKY COVER
POSSIBLE SUNSHINE (PERCENT)   MM
AVERAGE SKY COVER           0.50
NUMBER OF DAYS FAIR           26
NUMBER OF DAYS PC             48
NUMBER OF DAYS CLOUDY         17

AVERAGE RH (PERCENT)     77

WEATHER CONDITIONS. NUMBER OF DAYS WITH
THUNDERSTORM             15     MIXED PRECIP               0
HEAVY RAIN               14     RAIN                      20
LIGHT RAIN               37     LT FREEZING RAIN           0
HAIL                      0     SLEET                      0
FOG                      48     FOG W/VIS <= 1/4 MILE      2
HAZE                      7

-  INDICATES NEGATIVE NUMBERS.
R  INDICATES RECORD WAS SET OR TIED.
MM INDICATES DATA IS MISSING.
T  INDICATES TRACE AMOUNT.

$$
