000
CXUS55 KGJT 011201
CLMDRO


CLIMATE REPORT
NATIONAL WEATHER SERVICE GRAND JUNCTION CO
452 AM MST SUN FEB 1 2015

...................................

...THE DURANGO AIRPORT CO CLIMATE SUMMARY FOR THE MONTH OF JANUARY 2015...

CLIMATE NORMAL PERIOD 1981 TO 2010
CLIMATE RECORD PERIOD 9999 TO 9999

WEATHER         OBSERVED          NORMAL  DEPART  LAST YEAR`S
                 VALUE   DATE(S)  VALUE   FROM    VALUE  DATE(S)
                                          NORMAL
................................................................
TEMPERATURE (F)
HIGHEST            58   01/26        MM      MM       51  01/28
                                                          01/27
                                                          01/26
LOWEST             -9   01/02        MM      MM        2  01/06
                                                          01/05
AVG. MAXIMUM     40.3              37.8     2.5     44.8
AVG. MINIMUM     16.5               9.6     6.9     12.7
MEAN             28.4              23.7     4.7     28.8
DAYS MAX >= 90      0               0.0     0.0        0
DAYS MAX <= 32      5               6.9    -1.9        1
DAYS MIN <= 32     31              30.7     0.3       31
DAYS MIN <= 0       4               6.5    -2.5        0

PRECIPITATION (INCHES)
TOTALS           1.71              1.12    0.59     0.13
DAILY AVG.       0.06              0.04    0.02     0.00
DAYS >= .01         8                MM      MM        2
DAYS >= .10         5                MM      MM        1
DAYS >= .50         2                MM      MM        0
DAYS >= 1.00        0                MM      MM        0
GREATEST
 24 HR. TOTAL    0.74   01/12 TO 01/13              0.11

SNOWFALL (INCHES)
TOTALS             MM                MM      MM       MM
SINCE 7/1          MM                MM      MM       MM
SNOWDEPTH AVG.     MM                MM      MM       MM
DAYS >= 1.0        MM                MM      MM       MM
GREATEST
 SNOW DEPTH        MM                                 MM  MM
 24 HR TOTAL       MM                                 MM

DEGREE_DAYS
HEATING TOTAL    1127              1280    -153     1115
 SINCE 7/1       3631              4154    -523     4073
COOLING TOTAL       0                 0       0        0
 SINCE 1/1          0                 0       0        0
.................................................................

WIND (MPH)
AVERAGE WIND SPEED              3.9
HIGHEST WIND SPEED/DIRECTION    18/250    DATE  01/11
HIGHEST GUST SPEED/DIRECTION    26/110    DATE  01/22

SKY COVER
POSSIBLE SUNSHINE (PERCENT)   MM
AVERAGE SKY COVER           0.30
NUMBER OF DAYS FAIR           19
NUMBER OF DAYS PC              5
NUMBER OF DAYS CLOUDY          7

AVERAGE RH (PERCENT)     75

WEATHER CONDITIONS. NUMBER OF DAYS WITH
THUNDERSTORM              0     MIXED PRECIP               0
HEAVY RAIN                0     RAIN                       0
LIGHT RAIN                4     FREEZING RAIN              0
LT FREEZING RAIN          0     HAIL                       0
HEAVY SNOW                1     SNOW                       4
LIGHT SNOW                9     SLEET                      0
FOG                      14     FOG W/VIS <= 1/4 MILE     11
HAZE                      2

-  INDICATES NEGATIVE NUMBERS.
R  INDICATES RECORD WAS SET OR TIED.
MM INDICATES DATA IS MISSING.
T  INDICATES TRACE AMOUNT.

$$
