000
CXUS55 KTWC 021103
CLMDUG

CLIMATE REPORT
NATIONAL WEATHER SERVICE TUCSON AZ
400 AM MST SUN JUL 2 2017

...................................

...THE DOUGLAS AZ CLIMATE SUMMARY FOR THE MONTH OF JUNE 2017...

CLIMATE NORMAL PERIOD 1981 TO 2010
CLIMATE RECORD PERIOD 1948 TO 2017

WEATHER         OBSERVED          NORMAL  DEPART  LAST YEAR`S
                 VALUE   DATE(S)  VALUE   FROM    VALUE  DATE(S)
                                          NORMAL
................................................................
TEMPERATURE (F)
RECORD
 HIGH             110   06/26/1994
 LOW               40   06/04/1971
HIGHEST           109   06/19       103       6      109  06/19
LOWEST             47   06/02        48      -1       53  06/14
                                                          06/02
AVG. MAXIMUM    100.1              95.9     4.2     97.7
AVG. MINIMUM     62.4              60.4     2.0     63.0
MEAN             81.2              78.2     3.0     80.3
DAYS MAX >= 90     29              26.2     2.8       28
DAYS MAX <= 32      0               0.0     0.0        0
DAYS MIN <= 32      0               0.0     0.0        0
DAYS MIN <= 0       0               0.0     0.0        0

PRECIPITATION (INCHES)
RECORD
 MAXIMUM         2.96   1984
 MINIMUM         0.00   2005
                        1951
TOTALS           0.04              0.61   -0.57     1.86
DAILY AVG.       0.00              0.02   -0.02     0.06
DAYS >= .01         2               3.4    -1.4        9
DAYS >= .10         0               1.3    -1.3        5
DAYS >= .50         0               0.4    -0.4        2
DAYS >= 1.00        0               0.1    -0.1        0
GREATEST
 24 HR. TOTAL    0.03   06/24 TO 06/24           06/29 TO 06/29
                                                          06/19 TO 06/19
                                                          06/19 TO 06/19

DEGREE_DAYS
COOLING TOTAL     491               395      96      468
 SINCE 1/1        684               596      88      616
..........................................................

WIND (MPH)
AVERAGE WIND SPEED              8.5
HIGHEST WIND SPEED/DIRECTION    38/090    DATE  06/24
HIGHEST GUST SPEED/DIRECTION    50/080    DATE  06/24

AVERAGE RH (PERCENT)     23

WEATHER CONDITIONS. NUMBER OF DAYS WITH
THUNDERSTORM              6     MIXED PRECIP               0
HEAVY RAIN                0     RAIN                       1
LIGHT RAIN                3     FREEZING RAIN              0
LT FREEZING RAIN          0     HAIL                       0
HEAVY SNOW                0     SNOW                       0
LIGHT SNOW                0     SLEET                      0
FOG                       0     FOG W/VIS <= 1/4 MILE      0
HAZE                      3

-  INDICATES NEGATIVE NUMBERS.
R  INDICATES RECORD WAS SET OR TIED.
MM INDICATES DATA IS MISSING.
T  INDICATES TRACE AMOUNT.

$$
