000
CXUS53 KGID 011317
CLMEAR

CLIMATE REPORT
NATIONAL WEATHER SERVICE HASTINGS NE
806 AM CDT THU SEP 1 2016

...................................

...THE KEARNEY CLIMATE SUMMARY FOR THE MONTH OF AUGUST 2016...

CLIMATE NORMAL PERIOD 1981 TO 2010
CLIMATE RECORD PERIOD 1894 TO 2016

WEATHER         OBSERVED          NORMAL  DEPART  LAST YEAR`S
                 VALUE   DATE(S)  VALUE   FROM    VALUE  DATE(S)
                                          NORMAL
................................................................
TEMPERATURE (F)
HIGHEST            93   08/18        98      -5       93  08/02
                        08/10
                        08/09
LOWEST             50   08/21        49       1       46  08/24
AVG. MAXIMUM     84.5              84.6    -0.1     83.4
AVG. MINIMUM     62.7              60.6     2.1     59.5
MEAN             73.6              72.6     1.0     71.4
DAYS MAX >= 90      9               7.5     1.5        5
DAYS MAX <= 32      0               0.0     0.0        0
DAYS MIN <= 32      0               0.0     0.0        0
DAYS MIN <= 0       0               0.0     0.0        0

PRECIPITATION (INCHES)
TOTALS           1.16              3.08   -1.92     2.37
DAILY AVG.       0.04              0.10   -0.06
DAYS >= .01         6               8.2    -2.2
DAYS >= .10         3               4.9    -1.9
DAYS >= .50         1               2.0    -1.0
DAYS >= 1.00        0               0.9    -0.9
GREATEST
 24 HR. TOTAL    0.56   08/19 TO 08/19

DEGREE_DAYS
HEATING TOTAL       3                12      -9        8
COOLING TOTAL     279               248      31      216
.................................................................

WIND (MPH)
AVERAGE WIND SPEED              8.7
HIGHEST WIND SPEED/DIRECTION    27/190
HIGHEST GUST SPEED/DIRECTION    38/300

AVERAGE RH (PERCENT)     69


-  INDICATES NEGATIVE NUMBERS.
R  INDICATES RECORD WAS SET OR TIED.
MM INDICATES DATA IS MISSING.
T  INDICATES TRACE AMOUNT.

&&
THE PRECIPITATION DATA SHOWN ABOVE IS RECORDED BY THE AUTOMATED
WEATHER OBSERVING SYSTEM AT THE KEARNEY AIRPORT. THE
PRECIPITATION IS DEPICTED FOR A CALENDAR DAY FROM MIDNIGHT TO
MIDNIGHT. SNOWFALL IS NOT RECORDED BY THAT SYSTEM.

THE OFFICIAL PRECIPITATION...SNOWFALL...AND SNOW DEPTH
OBSERVATION FOR KEARNEY IS RECORDED DAILY BY THE
COOPERATIVE OBSERVER AT 7 AM.  THAT INFORMATION FOLLOWS...

...KEARNEY 4NE COOPERATIVE OBSERVER REPORT FOR AUGUST 2016...

PRECIPITATION (IN)
MONTH TO DATE.......................  1.47
YEAR TO DATE........................ 18.09

SNOWFALL (IN)
MONTH TO DATE......................   0.0
SEASONAL TOTAL (SINCE JULY 1ST)....   0.0
$$
DOXEY
