000
CXUS53 KGID 211751 AAA
CLMEAR

CLIMATE REPORT...UPDATED
NATIONAL WEATHER SERVICE HASTINGS NE
1151 AM CDT FRI NOV 21 2014

UPDATED TO INCLUDE ADDITIONAL MONTHLY INFO AT BOTTOM

...................................

...THE KEARNEY CLIMATE SUMMARY FOR THE MONTH OF OCTOBER 2014...

CLIMATE NORMAL PERIOD 1981 TO 2010
CLIMATE RECORD PERIOD 1894 TO 2014

WEATHER         OBSERVED          NORMAL  DEPART  LAST YEAR`S
                 VALUE   DATE(S)  VALUE   FROM    VALUE  DATE(S)
                                          NORMAL
................................................................
TEMPERATURE (F)
HIGHEST            84   10/24        86      -2       82  10/02
LOWEST             27   10/31        21       6       30  10/31
                        10/29                             10/30
                                                          10/18
AVG. MAXIMUM     67.4              64.3     3.1     63.0
AVG. MINIMUM     40.5              37.4     3.1     39.5
MEAN             54.0              50.9     3.1     51.2
DAYS MAX >= 90      0               0.2    -0.2        0
DAYS MAX <= 32      0               0.3    -0.3        0
DAYS MIN <= 32      5               8.3    -3.3        5
DAYS MIN <= 0       0               0.0     0.0        0

PRECIPITATION (INCHES)
TOTALS           0.89              2.04   -1.15     3.44
DAILY AVG.       0.03              0.07   -0.04
DAYS >= .01         4               6.5    -2.5
DAYS >= .10         4               3.5     0.5
DAYS >= .50         1               1.3    -0.3
DAYS >= 1.00        0               0.6    -0.6
GREATEST
 24 HR. TOTAL    0.51   10/02 TO 10/02

DEGREE_DAYS
HEATING TOTAL     337               445    -108      426
COOLING TOTAL       2                 6      -4        8
.................................................................

WIND (MPH)
AVERAGE WIND SPEED              9.5
HIGHEST WIND SPEED/DIRECTION    33/320
HIGHEST GUST SPEED/DIRECTION    MM/MM

AVERAGE RH (PERCENT)     60


-  INDICATES NEGATIVE NUMBERS.
R  INDICATES RECORD WAS SET OR TIED.
MM INDICATES DATA IS MISSING.
T  INDICATES TRACE AMOUNT.

&&

THE PRECIPITATION DATA SHOWN ABOVE IS RECORDED BY THE AUTOMATED
WEATHER OBSERVING SYSTEM AT THE KEARNEY AIRPORT. THE PRECIPITATION
IS DEPICTED FOR A CALENDAR DAY FROM MIDNIGHT TO MIDNIGHT. SNOWFALL
IS NOT RECORDED BY THAT SYSTEM.

THE OFFICIAL PRECIPITATION...SNOWFALL...AND SNOW DEPTH OBSERVATION
FOR KEARNEY IS RECORDED DAILY BY THE COOPERATIVE OBSERVER AT 7 AM.
THAT INFORMATION FOLLOWS...

...KEARNEY 4NE COOPERATIVE OBSERVER REPORT FOR OCTOBER 2014...

PRECIPITATION (IN)
    MONTH TO DATE..................   0.99
    YEAR TO DATE...................  24.50

SNOWFALL (IN)
    MONTH TO DATE..................   0.0
    SEASONAL TOTAL (SINCE JULY 1ST)   0.0

&&

...OCTOBER 2014 CLIMATE DETAILS FOR KEARNEY REGIONAL AIRPORT...

(NOTE: ALL DATA PRESENTED BELOW THIS POINT IS FROM THE OFFICIAL NWS
COOPERATIVE OBSERVER LOCATED AT KEARNEY REGIONAL AIRPORT. AS A
RESULT...IT MAY DIFFER SLIGHTLY FROM THE UNOFFICIAL AUTOMATED
AIRPORT OBSERVATIONS PRESENTED IN THE TABLE AT THE TOP OF THIS
PRODUCT. ALL TEMPERATURE AND PRECIPITATION DATA REPORTED BY THE
OFFICIAL COOPERATIVE OBSERVER IS BASED ON A 24-HOUR PERIOD ENDING AT
7 AM...AND THUS DOES NOT CORRESPOND TO A MIDNIGHT-TO-MIDNIGHT
CALENDAR DAY PERIOD AS THE AUTOMATED OBSERVATIONS DO.)

...TEMPERATURES

AVERAGE HIGH TEMPERATURE:     68.3 DEGREES (4.0 ABOVE NORMAL)
AVERAGE LOW TEMPERATURE:      38.5 DEGREES (1.1 ABOVE NORMAL)
AVERAGE MEAN TEMPERATURE:     53.4 DEGREES (2.5 ABOVE NORMAL)

WARMEST HIGH TEMPERATURE: 83 DEGREES REPORTED ON THE 25TH
(ACTUALLY OCCURRED ON THE 24TH)

COOLEST HIGH TEMPERATURE: 42 DEGREES REPORTED ON NOV. 1ST
(ACTUALLY OCCURRED ON OCT. 31ST)

COLDEST LOW TEMPERATURE: 24 DEGREES REPORTED ON THE 29TH, 30TH
(ACTUALLY OCCURRED ON THE MORNING OF THE 29TH)

WARMEST LOW TEMPERATURE: 58 DEGREES REPORTED ON THE 1ST


...PRECIPITATION

TOTAL MONTHLY PRECIPITATION:   0.99 INCHES (1.05 BELOW NORMAL)

NUMBER OF 24-HOUR PERIODS
WITH MEASURABLE PRECIPITATION (0.01 OR MORE): 4

HIGHEST 24-HOUR
PRECIPITATION ENDING AROUND 7 AM: 0.56 INCHES REPORTED ON THE 2ND

HIGHEST 48-HOUR
PRECIPITATION ENDING AROUND 7AM:  0.71 INCHES REPORTED ON THE 3RD


PRECIPITATION TOTALS AND DEPARTURES
FROM NORMAL FOR THE PAST 12 MONTHS:

MONTH          PRECIP.  DEPARTURE

NOV  2013       0.72      -0.30
DEC  2013       0.10      -0.47
JAN  2014       0.28      -0.21
FEB  2014       0.36      -0.19
MAR  2014       0.11      -1.68
APR  2014       3.35      +1.12
MAY  2014       0.71      -3.47
JUN  2014       8.53      +4.60
JUL  2014       0.17      -3.11
AUG  2014       7.60      +4.52
SEP  2014       2.40      +0.33
OCT  2014       0.99      -1.05

12-MONTH TOTAL  25.32     -0.09


...SEVERE THUNDERSTORMS/HIGH WINDS

ALTHOUGH NWS HASTINGS RECEIVED NO REPORTS OF DAMAGING WINDS OR LARGE
HAIL FROM THE CITY OF KEARNEY ITSELF DURING THE MONTH...A FEW SEVERE
STORMS DROPPED LARGE HAIL OF QUARTER TO GOLF BALL SIZE IN THE
AMHERST AND MILLER AREAS ON THE EVENING OF THE 1ST. IN TERMS OF
STRONG WINDS...ONE OF THE HIGHEST MEASURED PEAK GUSTS OF THE MONTH
AT KEARNEY AIRPORT WAS ONLY 40 MPH FROM THE NORTHWEST ON THE
13TH...WHICH OCCURRED IN THE WAKE OF A STRONG LOW PRESSURE SYSTEM
(PLEASE NOTE THIS WAS NOT NECESSARILY THE TRUE PEAK GUST OF THE
MONTH...AS THIS AUTOMATED SYSTEM ONLY TRANSMITS ROUTINE WIND
OBSERVATIONS EVERY 20 MINUTES).

$$

PFANNKUCH/DOXEY
