000
CXUS53 KGID 011634
CLMEAR

OMACLMEAR 000
TTAA00 KGID 011625


CLIMATE REPORT
NATIONAL WEATHER SERVICE HASTINGS NE
1024 AM CST WED MAR 1 2017

...................................

...THE KEARNEY CLIMATE SUMMARY FOR THE MONTH OF FEBRUARY 2017...

CLIMATE NORMAL PERIOD 1981 TO 2010
CLIMATE RECORD PERIOD 1894 TO 2017

WEATHER         OBSERVED          NORMAL  DEPART  LAST YEAR`S
                 VALUE   DATE(S)  VALUE   FROM    VALUE  DATE(S)
                                          NORMAL
................................................................
TEMPERATURE (F)
HIGHEST            79R  02/21        66      13       73  02/27
LOWEST              9   02/25        -5      14       14  02/03
AVG. MAXIMUM     50.9              39.7    11.2     46.7
AVG. MINIMUM     24.8              16.6     8.2     26.1
MEAN             37.9              28.1     9.8     36.4
DAYS MAX >= 90      0               0.0     0.0        0
DAYS MAX <= 32      5               8.6    -3.6        4
DAYS MIN <= 32     24              26.5    -2.5       23
DAYS MIN <= 0       0               3.0    -3.0        0

PRECIPITATION (INCHES)
TOTALS             MM              0.55      MM       MM
DAILY AVG.         MM              0.02      MM
DAYS >= .01        MM               4.2      MM
DAYS >= .10        MM               1.7      MM
DAYS >= .50        MM               0.2      MM
DAYS >= 1.00       MM               0.0      MM
GREATEST
 24 HR. TOTAL      MM

DEGREE_DAYS
HEATING TOTAL     754              1032    -278      764
COOLING TOTAL       0                 0       0        0
.................................................................

WIND (MPH)
AVERAGE WIND SPEED              10.4
HIGHEST WIND SPEED/DIRECTION    27/340
HIGHEST GUST SPEED/DIRECTION    MM               MM

AVERAGE RH (PERCENT)     58


-  INDICATES NEGATIVE NUMBERS.
R  INDICATES RECORD WAS SET OR TIED.
MM INDICATES DATA IS MISSING.
T  INDICATES TRACE AMOUNT.

&&

THE PRECIPITATION DATA SHOWN ABOVE IS RECORDED BY THE AUTOMATED
WEATHER OBSERVING SYSTEM AT THE KEARNEY AIRPORT. THE
PRECIPITATION IS DEPICTED FOR A CALENDAR DAY FROM MIDNIGHT TO
MIDNIGHT. SNOWFALL IS NOT RECORDED BY THAT SYSTEM.

THE OFFICIAL PRECIPITATION...SNOWFALL...AND SNOW DEPTH
OBSERVATION FOR KEARNEY IS RECORDED DAILY BY THE
COOPERATIVE OBSERVER AT 7 AM.  THAT INFORMATION FOLLOWS...

...KEARNEY 4NE COOPERATIVE OBSERVER REPORT FOR FEBRUARY 2017...

PRECIPITATION (IN)
     MONTH TO DATE......................  0.30
     YEAR TO DATE.......................  1.20

SNOWFALL (IN)
     MONTH TO DATE......................  5.2
     SEASONAL TOTAL (SINCE JULY 1ST).... 10.9


$$
