000
CXUS53 KGID 011715
CLMEAR

CLIMATE REPORT
NATIONAL WEATHER SERVICE HASTINGS NE
1215 PM CDT SUN OCT 1 2017

...................................

...THE KEARNEY CLIMATE SUMMARY FOR THE MONTH OF SEPTEMBER 2017...

CLIMATE NORMAL PERIOD 1981 TO 2010
CLIMATE RECORD PERIOD 1894 TO 2017

WEATHER         OBSERVED          NORMAL  DEPART  LAST YEAR`S
                 VALUE   DATE(S)  VALUE   FROM    VALUE  DATE(S)
                                          NORMAL
................................................................
TEMPERATURE (F)
HIGHEST            98   09/22        95       3       95  09/20
LOWEST             42   09/07        34       8       39  09/29
                                                          09/26
AVG. MAXIMUM     80.8              77.0     3.8     78.9
AVG. MINIMUM     54.7              50.0     4.7     54.5
MEAN             67.7              63.5     4.2     66.7
DAYS MAX >= 90      8               2.7     5.3        3
DAYS MAX <= 32      0               0.0     0.0        0
DAYS MIN <= 32      0               0.6    -0.6        0
DAYS MIN <= 0       0               0.0     0.0        0

PRECIPITATION (INCHES)
TOTALS           1.86              2.07   -0.21     0.60
DAILY AVG.       0.06              0.07   -0.01
DAYS >= .01         9               6.5     2.5
DAYS >= .10         4               3.6     0.4
DAYS >= .50         1               1.2    -0.2
DAYS >= 1.00        0               0.5    -0.5
GREATEST
 24 HR. TOTAL    1.28   09/24 TO 09/25

DEGREE_DAYS
HEATING TOTAL      63               132     -69       59
COOLING TOTAL     154                87      67      118
.................................................................

WIND (MPH)
AVERAGE WIND SPEED              10.3
HIGHEST WIND SPEED/DIRECTION    35/180
HIGHEST GUST SPEED/DIRECTION    45/170

AVERAGE RH (PERCENT)     66


-  INDICATES NEGATIVE NUMBERS.
R  INDICATES RECORD WAS SET OR TIED.
MM INDICATES DATA IS MISSING.
T  INDICATES TRACE AMOUNT.

&&

THE PRECIPITATION DATA SHOWN ABOVE IS RECORDED BY THE AUTOMATED
WEATHER OBSERVING SYSTEM AT THE KEARNEY AIRPORT. THE PRECIPITATION
IS DEPICTED FOR A CALENDAR DAY FROM MIDNIGHT TO MIDNIGHT. SNOWFALL
IS NOT RECORDED BY THAT SYSTEM.

THE OFFICIAL PRECIPITATION...SNOWFALL...AND SNOW DEPTH OBSERVATION
FOR KEARNEY IS RECORDED DAILY BY THE COOPERATIVE OBSERVER AT 7 AM.
THAT INFORMATION FOLLOWS...

...KEARNEY 4NE COOPERATIVE OBSERVER REPORT FOR SEPTEMBER 2017...

PRECIPITATION (IN)
MONTH TO DATE...........................  2.19
YEAR TO DATE............................ 22.16

SNOWFALL (IN)
     MONTH TO DATE......................  0.0
     SEASONAL TOTAL (SINCE JULY 1ST)....  0.0

$$
