000
CXUS56 KEKA 030322
CLMEKA

CLIMATE REPORT NATIONAL WEATHER SERVICE EUREKA CA

715 PM PST TUE DEC 2 2014

...................................

...THE EUREKA CA CLIMATE SUMMARY FOR THE MONTH OF NOVEMBER 2014...

CLIMATE NORMAL PERIOD 1981 TO 2010
CLIMATE RECORD PERIOD 1886 TO 2014

WEATHER         OBSERVED          NORMAL  DEPART  LAST YEAR`S
                 VALUE   DATE(S)  VALUE   FROM    VALUE
                                          NORMAL
.............................................................
TEMPERATURE (F)
RECORD
 HIGH              81   11/11/1904
 LOW               27   11/27/1896
HIGHEST            66   11/05                MM
LOWEST             39   11/17                MM
AVG. MAXIMUM     61.4                       3.4
AVG. MINIMUM     47.0                       3.5
MEAN             54.2                       3.4

PRECIPITATION (INCHES)
RECORD
 MAXIMUM        16.58   1973
 MINIMUM         0.00   1929
TOTALS           3.89              5.61   -1.72
DAYS >= .01        11              15.2    -4.2        7
DAYS >= .10        10               9.9     0.1        4
DAYS >= .50         3               4.1    -1.1        1
DAYS >= 1.00        0               1.5    -1.5        0
GREATEST
 24 HR. TOTAL    0.96   11/21 TO 11/22

SNOWFALL (INCHES)
 LIQUID 7/1      0.00                      0.00

DEGREE_DAYS
HEATING TOTAL     318               428    -110      460
 SINCE 7/1       1020              1422    -402     1451
COOLING TOTAL       0                 0       0        0
 SINCE 1/1          4                 0       4        6
..............................................................

WIND (MPH)
AVERAGE WIND SPEED              3.2
HIGHEST WIND SPEED/DIRECTION    17/MM     DATE  11/28
HIGHEST GUST SPEED/DIRECTION    29/MM     DATE  11/21

SKY COVER
POSSIBLE SUNSHINE (PERCENT)   MM
AVERAGE SKY COVER           0.80
NUMBER OF DAYS FAIR            2
NUMBER OF DAYS PC              6
NUMBER OF DAYS CLOUDY         22


WEATHER CONDITIONS. NUMBER OF DAYS WITH
THUNDERSTORM              0     HEAVY RAIN                 0
RAIN                      3     LIGHT RAIN                12
HAIL                      0     SLEET                      0
FOG                      17     FOG W/VIS <= 1/4 MILE      1
HAZE                      1

-  INDICATES NEGATIVE NUMBERS.
R  INDICATES RECORD WAS SET OR TIED.
MM INDICATES DATA IS MISSING.
T  INDICATES TRACE AMOUNT.
&&

TOTAL RAINFALL...............  3.89 DEPARTURE FROM NORMAL..... -1.72
TOTAL SINCE JANUARY 1ST...... 25.75 DEPARTURE FROM NORMAL..... -4.46
TOTAL SINCE JULY 1ST......... 11.76 DEPARTURE FROM NORMAL..... +2.83

HIGHEST SLP......... 30.44 ON 26 LOWEST SLP.......... 29.71 ON 29

...REMARKS...A SERIES OF WARM WEATHER SYSTEMS...AND WARMER THAN
NORMAL WATER TEMPERATURES...KEPT AIR TEMPERATURES ABOVE NORMAL
THROUGH THE MONTH IN NOVEMBER. RAINFALL WAS BELOW NORMAL ONCE AGAIN
AFTER TWO MONTHS OF BEING ABOVE NORMAL...HOWEVER RAINFALL SINCE JULY
FIRST IS 11.76 INCHES...WHICH IS 2.83 INCHES ABOVE THE 8.93 INCHES
NORMAL. LAST YEAR THROUGH THIS POINT WE HAD ONLY RECEIVED 4.56
INCHES. NO DAILY RECORDS WERE SET...HOWEVER THE NUMBER OF DAYS WHEN
THE HIGH TEMPERATURE WAS GREATER THAN OR EQUAL TO 60 DEGREES WAS 24
DAYS. THIS IS THE LARGEST NUMBER EVER RECORDED IN NOVEMBER.

$$
