000
CXUS55 KLKN 052121 CCA
CLMELY

CLIMATE REPORT...CORRECTION
NATIONAL WEATHER SERVICE ELKO NV
120 PM PST MON FEB 5 2018

...................................

...THE ELY AIRPORT NV CLIMATE SUMMARY FOR THE MONTH OF JANUARY
2018...

CLIMATE NORMAL PERIOD 1981 TO 2010
CLIMATE RECORD PERIOD 1893 TO 2018

WEATHER         OBSERVED          NORMAL  DEPART  LAST YEAR`S
                 VALUE   DATE(S)  VALUE   FROM    VALUE  DATE(S)
                                          NORMAL
................................................................
TEMPERATURE (F)
RECORD
 HIGH              68   01/25/1951
 LOW              -27   01/25/1949
HIGHEST            58   01/04        56       2       54  01/31
LOWEST             -7   01/21       -12       5      -23  01/06
AVG. MAXIMUM     46.4              39.5     6.9     34.4
AVG. MINIMUM     14.4              11.2     3.2      8.5
MEAN             30.4              25.3     5.1     21.4
DAYS MAX >= 90      0               0.0     0.0        0
DAYS MAX <= 32      2               6.7    -4.7       14
DAYS MIN <= 32     30              30.4    -0.4       30
DAYS MIN <= 0       4               5.3    -1.3       11

PRECIPITATION (INCHES)
RECORD
 MAXIMUM         2.58   2016
 MINIMUM            T   1948
TOTALS           1.14              0.70    0.44     1.52
DAILY AVG.       0.04              0.02    0.02     0.05
DAYS >= .01         5               6.9    -1.9       11
DAYS >= .10         2               2.4    -0.4        5
DAYS >= .50         1               0.2     0.8        0
DAYS >= 1.00        0               0.0     0.0        0
GREATEST
 24 HR. TOTAL    0.93   01/19 TO 01/19              0.50

SNOWFALL (INCHES)
RECORDS
 TOTAL           35.4   2016
TOTALS           17.1               9.1     8.0     22.6
SINCE 7/1        23.6              27.0    -3.4     37.6
SNOWDEPTH AVG.      3                                  7
DAYS >= TRACE       5               6.0    -1.0       18
DAYS >= 1.0         2               2.8    -0.8        5
GREATEST
 SNOW DEPTH        15   01/20                         13
 24 HR TOTAL     14.4   01/19 TO 01/19               8.0

DEGREE_DAYS
HEATING TOTAL    1065              1229    -164     1344
 SINCE 7/1       3794              4329    -535     4124
COOLING TOTAL       0                 0       0        0
 SINCE 1/1          0                 0       0        0
.................................................................

WIND (MPH)
AVERAGE WIND SPEED              9.3
HIGHEST WIND SPEED/DIRECTION    32/140    DATE  01/25
HIGHEST GUST SPEED/DIRECTION    45/130    DATE  01/25

AVERAGE RH (PERCENT)     63

WEATHER CONDITIONS. NUMBER OF DAYS WITH
THUNDERSTORM              0     MIXED PRECIP               0
HEAVY RAIN                0     RAIN                       0
LIGHT RAIN                5     FREEZING RAIN              0
LT FREEZING RAIN          0     HAIL                       0
HEAVY SNOW                1     SNOW                       2
LIGHT SNOW                5     SLEET                      0
FOG                       4     FOG W/VIS <= 1/4 MILE      1
HAZE                      1

-  INDICATES NEGATIVE NUMBERS.
R  INDICATES RECORD WAS SET OR TIED.
MM INDICATES DATA IS MISSING.
T  INDICATES TRACE AMOUNT.

$$

&&

=====================================================================

A RECORD DAILY PRECIP OF 0.93 INCHES WAS SET ON THE 19TH.
A RECORD DAILY SNOWFALL OF 14.4 INCHES WAS SET ON THE 19TH.

$$

BA/DS
