000
CXUS55 KLKN 022249
CLMELY


CLIMATE REPORT
NATIONAL WEATHER SERVICE ELKO NV
239 PM PDT TUE AUG 2 2016

...................................

...THE ELY AIRPORT NV CLIMATE SUMMARY FOR THE MONTH OF JULY 2016...

CLIMATE NORMAL PERIOD 1981 TO 2010
CLIMATE RECORD PERIOD 1893 TO 2016

WEATHER         OBSERVED          NORMAL  DEPART  LAST YEAR`S
                 VALUE   DATE(S)  VALUE   FROM    VALUE  DATE(S)
                                          NORMAL
................................................................
TEMPERATURE (F)
RECORD
 HIGH             101   07/12/2002
                        07/18/1998
 LOW               30   07/10/1983
                        07/29/1948
                        07/07/1897
HIGHEST            98   07/28        96       2       96  07/01
                        07/27
LOWEST             31   07/11        37      -6       39  07/29
AVG. MAXIMUM     89.8              87.6     2.2     84.5
AVG. MINIMUM     46.9              48.1    -1.2     49.0
MEAN             68.3              67.8     0.5     66.7
DAYS MAX >= 90     17              11.4     5.6        5
DAYS MAX <= 32      0               0.0     0.0        0
DAYS MIN <= 32      1               0.1     0.9        0
DAYS MIN <= 0       0               0.0     0.0        0

PRECIPITATION (INCHES)
RECORD
 MAXIMUM         2.30   1987
 MINIMUM            T   2000
                        1948
                        1903
TOTALS           0.17              0.64   -0.47     0.66
DAILY AVG.       0.01              0.02   -0.01     0.02
DAYS >= .01         3               5.3    -2.3        8
DAYS >= .10         1               1.9    -0.9        1
DAYS >= .50         0               0.2    -0.2        0
DAYS >= 1.00        0               0.0     0.0        0
GREATEST
 24 HR. TOTAL    0.12   07/29 TO 07/29              0.33

SNOWFALL (INCHES)
RECORDS
 TOTAL              T   2011
                        1992
                        1989
TOTALS            0.0               0.0     0.0      0.0
SINCE 7/1         0.0               0.0     0.0      0.0
SNOWDEPTH AVG.      0                                  0
DAYS >= TRACE       0               0.0     0.0        0
DAYS >= 1.0         0               0.0     0.0        0
DAYS >= 5.0         0                                  0
GREATEST
 SNOW DEPTH         0   MM                             0
 24 HR TOTAL      0.0   07/31 TO 07/31               0.0

DEGREE_DAYS
HEATING TOTAL      17                23      -6       19
 SINCE 7/1         17                23      -6       19
COOLING TOTAL     129               111      18       79
 SINCE 1/1        184               135      49      189
.................................................................

WIND (MPH)
AVERAGE WIND SPEED              9.7
HIGHEST WIND SPEED/DIRECTION    30/210    DATE  07/23
HIGHEST GUST SPEED/DIRECTION    41/220    DATE  07/23

AVERAGE RH (PERCENT)     28

WEATHER CONDITIONS. NUMBER OF DAYS WITH
THUNDERSTORM              0     MIXED PRECIP               0
HEAVY RAIN                0     RAIN                       1
LIGHT RAIN                5     FREEZING RAIN              0
LT FREEZING RAIN          0     HAIL                       0
HEAVY SNOW                0     SNOW                       0
LIGHT SNOW                0     SLEET                      0
FOG                       0     FOG W/VIS <= 1/4 MILE      0
HAZE                      2

-  INDICATES NEGATIVE NUMBERS.
R  INDICATES RECORD WAS SET OR TIED.
MM INDICATES DATA IS MISSING.
T  INDICATES TRACE AMOUNT.


&&

=====================================================================

...34TH WARMEST JULY ON RECORD IN ELY...
...19TH DRIEST JULY ON RECORD IN ELY...

THE AVERAGE TEMPERATURE IN ELY DURING JULY 2016 WAS 68.3
DEGREES...WHICH IS 0.5 DEGREES ABOVE THE 1981-2010
CLIMATOLOGICAL NORMAL OF 67.8 DEGREES. THIS MAKES JULY 2016
THE 34TH WARMEST JULY ON RECORD. THE TOTAL PRECIPITATION WAS
0.17 INCHES...WHICH IS 0.47 INCHES BELOW OR 27 PERCENT OF THE
1981-2010 CLIMATOLOGICAL NORMAL OF 0.64 INCHES. THIS MAKES
JULY 2016 THE 19TH DRIEST JULY ON RECORD.

A RECORD LOW OF 31 DEGREES WAS SET ON JULY 11TH.
A RECORD LOW OF 34 DEGREES WAS SET ON JULY 12TH.
A RECORD HIGH OF 96 DEGREES WAS TIED ON JULY 26TH.
A RECORD HIGH OF 98 DEGREES WAS SET ON JULY 27TH.
A RECORD HIGH OF 98 DEGREES WAS SET ON JULY 28TH.

$$

NWS ELKO CLIMATE TEAM
