000
CXUS55 KLKN 011036
CLMELY


CLIMATE REPORT
NATIONAL WEATHER SERVICE ELKO NV
223 AM PST FRI DEC 1 2017

...................................

...THE ELY AIRPORT NV CLIMATE SUMMARY FOR THE MONTH OF NOVEMBER 2017...

CLIMATE NORMAL PERIOD 1981 TO 2010
CLIMATE RECORD PERIOD 1893 TO 2017

WEATHER         OBSERVED          NORMAL  DEPART  LAST YEAR`S
                 VALUE   DATE(S)  VALUE   FROM    VALUE  DATE(S)
                                          NORMAL
................................................................
TEMPERATURE (F)
RECORD
 HIGH              78   11/09/1906
 LOW              -20   11/25/2010
HIGHEST            70   11/22        66       4       71  11/15
LOWEST              4   11/18         0       4        3  11/17
AVG. MAXIMUM     57.7              48.6     9.1     55.1
AVG. MINIMUM     23.8              18.7     5.1     20.8
MEAN             40.7              33.7     7.0     37.9
DAYS MAX >= 90      0               0.0     0.0        0
DAYS MAX <= 32      0               2.2    -2.2        0
DAYS MIN <= 32     24              28.0    -4.0       28
DAYS MIN <= 0       0               1.3    -1.3        0

PRECIPITATION (INCHES)
RECORD
 MAXIMUM         2.40   1902
 MINIMUM         0.00   1894
TOTALS           0.36              0.70   -0.34     0.50
DAILY AVG.       0.01              0.02   -0.01     0.02
DAYS >= .01         2               5.7    -3.7        6
DAYS >= .10         1               2.2    -1.2        3
DAYS >= .50         0               0.3    -0.3        0
DAYS >= 1.00        0               0.0     0.0        0
GREATEST
 24 HR. TOTAL    0.28   11/27 TO 11/27              0.17

SNOWFALL (INCHES)
RECORDS
 TOTAL           20.3   2010
TOTALS              T               6.1    -6.1      5.9
SINCE 7/1         5.0               9.5    -4.5      5.9
SNOWDEPTH AVG.      0                                  0
DAYS >= TRACE       2               4.4    -2.4        7
DAYS >= 1.0         0               1.9    -1.9        3
GREATEST
 SNOW DEPTH         T   11/28                          3
 24 HR TOTAL        T   11/27 TO 11/27               2.8

DEGREE_DAYS
HEATING TOTAL     721               940    -219      805
 SINCE 7/1       1644              1868    -224     1553
COOLING TOTAL       0                 0       0        0
 SINCE 1/1        433               218     215      267
.................................................................

WIND (MPH)
AVERAGE WIND SPEED              10.1
HIGHEST WIND SPEED/DIRECTION    31/210    DATE  11/17
HIGHEST GUST SPEED/DIRECTION    47/250    DATE  11/17

AVERAGE RH (PERCENT)     49

WEATHER CONDITIONS. NUMBER OF DAYS WITH
THUNDERSTORM              0     MIXED PRECIP               0
HEAVY RAIN                1     RAIN                       1
LIGHT RAIN                2     FREEZING RAIN              0
LT FREEZING RAIN          0     HAIL                       0
HEAVY SNOW                1     SNOW                       1
LIGHT SNOW                2     SLEET                      0
FOG                       2     FOG W/VIS <= 1/4 MILE      1
HAZE                      1

-  INDICATES NEGATIVE NUMBERS.
R  INDICATES RECORD WAS SET OR TIED.
MM INDICATES DATA IS MISSING.
T  INDICATES TRACE AMOUNT.

&&

=====================================================================

...4TH WARMEST NOVEMBER ON RECORD IN ELY...

A RECORD DAILY MAXIMUM TEMP OF 70 DEGREES WAS SET ON THE 22ND.
A RECORD DAILY MAXIMUM TEMP OF 69 DEGREES WAS SET ON THE 23RD.
A RECORD DAILY MAXIMUM TEMP OF 68 DEGREES WAS SET ON THE 25TH.
A RECORD DAILY MAXIMUM TEMP OF 66 DEGREES WAS SET ON THE 26TH.

$$

DS
