000
CXUS51 KCLE 011418
CLMERI


CLIMATE REPORT
NATIONAL WEATHER SERVICE CLEVELAND OH
914 AM EST THU DEC 1 2016

...................................

...THE ERIE PA CLIMATE SUMMARY FOR THE MONTH OF NOVEMBER 2016...

CLIMATE NORMAL PERIOD 1981 TO 2010
CLIMATE RECORD PERIOD 1873 TO 2016

WEATHER         OBSERVED          NORMAL  DEPART  LAST YEAR`S
                 VALUE   DATE(S)  VALUE   FROM    VALUE
                                          NORMAL
.............................................................
TEMPERATURE (F)
RECORD
 HIGH              82   11/01/1950
 LOW                6   11/30/1929
                        11/22/1880
HIGHEST            76   11/01
LOWEST             30   11/12
AVG. MAXIMUM     55.7              49.9     5.8     55.7
AVG. MINIMUM     40.4              36.6     3.8     40.4
MEAN             48.1              43.3     4.8     48.0
DAYS MAX >= 90      0               0.0     0.0        0
DAYS MAX <= 32      0               0.9    -0.9        0
DAYS MIN <= 32      2               8.8    -6.8        5
DAYS MIN <= 0       0               0.0     0.0        0

PRECIPITATION (INCHES)
RECORD
 MAXIMUM        10.40   1985
 MINIMUM         0.40   1904
TOTALS           2.52              3.93   -1.41     2.38
DAYS >= .01        13              15.5    -2.5       11
DAYS >= .10         8               9.4    -1.4        7
DAYS >= .50         1               2.4    -1.4        2
DAYS >= 1.00        0               0.4    -0.4        0
GREATEST
 24 HR. TOTAL    0.62   11/02 TO 11/03              0.72

SNOWFALL (INCHES)
RECORDS
 TOTAL           46.9   1950
TOTALS            2.4               8.5    -6.1      0.5
SINCE 7/1         2.4               8.7    -6.3      0.5
DAYS >= 1.0         1               2.1    -1.1        0
GREATEST
 24 HR TOTAL      1.6

DEGREE_DAYS
HEATING TOTAL     504               653    -149      504
 SINCE 7/1        780              1156    -376      891
COOLING TOTAL       2                 0       2        4
 SINCE 1/1       1017               638     379      773
..............................................................

WIND (MPH)
AVERAGE WIND SPEED              10.5
HIGHEST WIND SPEED/DIRECTION    35/160    DATE  11/29
HIGHEST GUST SPEED/DIRECTION    55/150    DATE  11/29

SKY COVER
AVERAGE SKY COVER           0.50

AVERAGE RH (PERCENT)     67

WEATHER CONDITIONS. NUMBER OF DAYS WITH
THUNDERSTORM              0     MIXED PRECIP               0
HEAVY RAIN                2     RAIN                       3
LIGHT RAIN               12     FREEZING RAIN              0
LT FREEZING RAIN          0     HAIL                       0
HEAVY SNOW                0     SNOW                       1
LIGHT SNOW                4     SLEET                      0
FOG                      12     FOG W/VIS <= 1/4 MILE      0
HAZE                      4

-  INDICATES NEGATIVE NUMBERS.
R  INDICATES RECORD WAS SET OR TIED.
MM INDICATES DATA IS MISSING.
T  INDICATES TRACE AMOUNT.

$$
