000
CXUS53 KPAH 011405
CLMEVV

INDCLMEEV 000
TTAA00 KPAH 011403


CLIMATE REPORT
NATIONAL WEATHER SERVICE PADUCAH KY
900 AM CDT WED JUL 1 2015

...................................

...THE EVANSVILLE ASOS CLIMATE SUMMARY FOR THE MONTH OF JUNE 2015...

CLIMATE NORMAL PERIOD 1981 TO 2010
CLIMATE RECORD PERIOD 1896 TO 2015

WEATHER         OBSERVED          NORMAL  DEPART  LAST YEAR`S
                 VALUE   DATE(S)  VALUE   FROM    VALUE  DATE(S)
                                          NORMAL
................................................................
TEMPERATURE (F)
RECORD
 HIGH             107   06/29/2012
                        06/28/2012
                        02/05/2000
 LOW               41   06/01/1966
                        06/02/1956
HIGHEST            93   06/12        86       7       94  06/23
                        06/11                             06/19
                                                          06/18
LOWEST             53   06/04        63     -10       53  06/14
                        06/03
AVG. MAXIMUM     85.5              85.6    -0.1     85.4
AVG. MINIMUM     67.0              63.9     3.1     68.3
MEAN             76.2              74.8     1.4     76.8
DAYS MAX >= 90      9               8.1     0.9        9
DAYS MAX <= 32      0               0.0     0.0        0
DAYS MIN <= 32      0               0.0     0.0        0
DAYS MIN <= 0       0               0.0     0.0        0

PRECIPITATION (INCHES)
RECORD
 MAXIMUM        11.44   1900
 MINIMUM         0.15   2012
TOTALS           7.39              3.78    3.61     3.87
DAILY AVG.       0.25              0.13    0.12     0.13
DAYS >= .01        16               9.9     6.1       11
DAYS >= .10        10               6.4     3.6        8
DAYS >= .50         3               2.7     0.3        2
DAYS >= 1.00        2               1.0     1.0        0
GREATEST
 24 HR. TOTAL    4.08   06/19 TO 06/20
 STORM TOTAL       MM
 (MM/DD(HH))            MM

DEGREE_DAYS
COOLING TOTAL     352               298      54      362
 SINCE 1/1        543               433     110      573
.................................................................

WIND (MPH)
AVERAGE WIND SPEED              6.4
HIGHEST WIND SPEED/DIRECTION    30/290    DATE  06/17
HIGHEST GUST SPEED/DIRECTION    43/290    DATE  06/17

SKY COVER
POSSIBLE SUNSHINE (PERCENT)   MM
AVERAGE SKY COVER           0.30
NUMBER OF DAYS FAIR           19
NUMBER OF DAYS PC              8
NUMBER OF DAYS CLOUDY          3

AVERAGE RH (PERCENT)     72

WEATHER CONDITIONS. NUMBER OF DAYS WITH
THUNDERSTORM              0     MIXED PRECIP               0
HEAVY RAIN                9     RAIN                      10
LIGHT RAIN               21     FREEZING RAIN              0
LT FREEZING RAIN          0     HAIL                       0
HEAVY SNOW                0     SNOW                       0
LIGHT SNOW                0     SLEET                      0
FOG                      21     FOG W/VIS <= 1/4 MILE      0
HAZE                     20

-  INDICATES NEGATIVE NUMBERS.
R  INDICATES RECORD WAS SET OR TIED.
MM INDICATES DATA IS MISSING.
T  INDICATES TRACE AMOUNT.

$$
