153
CXUS52 KRAH 011139
CLMFAY


CLIMATE REPORT
NATIONAL WEATHER SERVICE RALEIGH NC
736 AM EDT SAT OCT 1 2016

...................................

...THE FAYETTEVILLE REGL AIRPORT NC CLIMATE SUMMARY FOR THE MONTH OF SEPTEMBER 2016...

CLIMATE NORMAL PERIOD 1981 TO 2010
CLIMATE RECORD PERIOD 1910 TO 2016

WEATHER         OBSERVED          NORMAL  DEPART  LAST YEAR`S
                 VALUE   DATE(S)  VALUE   FROM    VALUE
                                          NORMAL
.............................................................
TEMPERATURE (F)
RECORD
 HIGH             106   09/18/1931
 LOW               28   09/20/1941
HIGHEST            97   09/01                         94
LOWEST             61   09/05                         50
AVG. MAXIMUM     87.4              83.6     3.8     84.6
AVG. MINIMUM     69.2              63.7     5.5     66.9
MEAN             78.3              73.6     4.7     75.8
DAYS MAX >= 90     12                                  8
DAYS MAX <= 32      0                                  0
DAYS MIN <= 32      0                                  0
DAYS MIN <= 0       0                                  0

PRECIPITATION (INCHES)
RECORD
 MAXIMUM        13.39   1999
TOTALS          11.12              4.40    6.72     3.36
DAYS >= .01        11
DAYS >= .10         8
DAYS >= .50         3
DAYS >= 1.00        2
GREATEST
 24 HR. TOTAL    5.32   09/28 TO 09/29

DEGREE_DAYS
HEATING TOTAL       0                 9      -9        0
 SINCE 7/1          0                 9      -9        0
COOLING TOTAL     406               268     138      328
 SINCE 1/1       2400              1908     492     2163
..............................................................

WIND (MPH)
AVERAGE WIND SPEED              7.0
HIGHEST WIND SPEED/DIRECTION    30/020    DATE  09/02
HIGHEST GUST SPEED/DIRECTION    42/010    DATE  09/02

SKY COVER
POSSIBLE SUNSHINE (PERCENT)   MM
AVERAGE SKY COVER           0.50
NUMBER OF DAYS FAIR           12
NUMBER OF DAYS PC             12
NUMBER OF DAYS CLOUDY          6

AVERAGE RH (PERCENT)     72

WEATHER CONDITIONS. NUMBER OF DAYS WITH
THUNDERSTORM              8     MIXED PRECIP               0
HEAVY RAIN                4     RAIN                       8
LIGHT RAIN               10     FREEZING RAIN              0
LT FREEZING RAIN          0     HAIL                       0
HEAVY SNOW                0     SNOW                       0
LIGHT SNOW                0     SLEET                      0
FOG                      16     FOG W/VIS <= 1/4 MILE      3
HAZE                      5

-  INDICATES NEGATIVE NUMBERS.
R  INDICATES RECORD WAS SET OR TIED.
MM INDICATES DATA IS MISSING.
T  INDICATES TRACE AMOUNT.

&&

A DAILY RECORD RAINFALL OF 3.89 INCHES WAS SET AT FAYETTEVILLE REGL
AIRPORT NC ON SEPTEMBER 2. THIS BROKE THE OLD RECORD OF 1.16 INCHES
SET IN 1955.

A DAILY RECORD HIGH MINIMUM TEMPERATURE OF 74 DEGREES WAS SET AT
FAYETTEVILLE REGL AIRPORT ON SEPTEMBER 10. THIS BROKE THE PREVIOUS
RECORD OF 73 LAST SET IN 2015.

A DAILY RECORD RAINFALL OF 5.13 INCHES WAS SET AT FAYETTEVILLE REGL
AIRPORT NC ON SEPTEMBER 29. THIS BROKE THE OLD RECORD OF 2.01 INCHES
SET IN 1963.

$$
