400
CXUS52 KRAH 012050 CCA
CLMFAY

CLIMATE REPORT...CORRECTED
NATIONAL WEATHER SERVICE RALEIGH NC
450 PM EDT FRI MAY 1 2015

...................................

...THE FAYETTEVILLE REGL AIRPORT NC CLIMATE SUMMARY FOR THE MONTH OF APRIL 2015...

CLIMATE NORMAL PERIOD 1981 TO 2010
CLIMATE RECORD PERIOD 1910 TO 2015

WEATHER         OBSERVED          NORMAL  DEPART  LAST YEAR`S
                 VALUE   DATE(S)  VALUE   FROM    VALUE
                                          NORMAL
.............................................................
TEMPERATURE (F)
RECORD
 HIGH              96   04/12/1930
 LOW               22   04/10/1996
HIGHEST            87   04/10                         88
                        04/08
LOWEST             36   04/05                         34
AVG. MAXIMUM     75.0              74.9     0.1     76.6
AVG. MINIMUM     53.1              50.4     2.7     50.8
MEAN             64.1              62.7     1.4     63.7
DAYS MAX >= 90      0                                  0
DAYS MAX <= 32      0                                  0
DAYS MIN <= 32      0                                  0
DAYS MIN <= 0       0                                  0

PRECIPITATION (INCHES)
RECORD
 MAXIMUM         7.37   1918
TOTALS           2.66              2.82   -0.16     3.98
DAYS >= .01        14
DAYS >= .10         7
DAYS >= .50         1
DAYS >= 1.00        0
GREATEST
 24 HR. TOTAL    0.95   04/19 TO 04/19
                        04/18 TO 04/19
                        04/19 TO 04/19

DEGREE_DAYS
HEATING TOTAL      95               138     -43      107
 SINCE 7/1       2932              2707     225     2929
COOLING TOTAL      75                67       8       77
 SINCE 1/1         92                83       9       81
..............................................................

WIND (MPH)
AVERAGE WIND SPEED              8.0
HIGHEST WIND SPEED/DIRECTION    30/250    DATE  04/22
HIGHEST GUST SPEED/DIRECTION    38/250    DATE  04/14

SKY COVER
POSSIBLE SUNSHINE (PERCENT)   MM
AVERAGE SKY COVER           0.40
NUMBER OF DAYS FAIR           16
NUMBER OF DAYS PC              9
NUMBER OF DAYS CLOUDY          5

AVERAGE RH (PERCENT)     66

WEATHER CONDITIONS. NUMBER OF DAYS WITH
THUNDERSTORM              4     MIXED PRECIP               0
HEAVY RAIN                4     RAIN                       4
LIGHT RAIN               15     FREEZING RAIN              0
LT FREEZING RAIN          0     HAIL                       0
HEAVY SNOW                0     SNOW                       0
LIGHT SNOW                0     SLEET                      0
FOG                      14     FOG W/VIS <= 1/4 MILE      1
HAZE                      2

-  INDICATES NEGATIVE NUMBERS.
R  INDICATES RECORD WAS SET OR TIED.
MM INDICATES DATA IS MISSING.
T  INDICATES TRACE AMOUNT.

&&

NO RECORDS SET.

$$
