000
CXUS53 KFGF 011455
CLMFGF

CLIMATE REPORT
NATIONAL WEATHER SERVICE EASTERN NORTH DAKOTA/GRAND FORKS
955 AM CDT MON MAY 1 2017

...................................

...THE GRAND FORKS UNIV. (NWS) CLIMATE SUMMARY FOR THE MONTH OF APRIL 2017...

CLIMATE NORMAL PERIOD 1981 TO 2010
CLIMATE RECORD PERIOD 1890 TO 2017

WEATHER         OBSERVED          NORMAL  DEPART  LAST YEAR`S
                 VALUE   DATE(S)  VALUE   FROM    VALUE
                                          NORMAL
.............................................................
TEMPERATURE (F)
RECORD
 HIGH              98   04/21/1980
 LOW               -9   04/02/1920
HIGHEST            73   04/14        55      18
LOWEST             23   04/11        32      -9
AVG. MAXIMUM     53.8              54.8    -1.0
AVG. MINIMUM     32.4              32.0     0.4
MEAN             43.1              43.4    -0.3
DAYS MAX >= 90      0               0.1    -0.1
DAYS MAX <= 32      1               1.2    -0.2
DAYS MIN <= 32     18              16.4     1.6
DAYS MIN <= 0       0               0.0     0.0

PRECIPITATION (INCHES)
RECORD
 MAXIMUM         3.48   1898
 MINIMUM         0.00   1980
TOTALS           1.48              0.98    0.50
DAILY AVG.       0.05              0.03    0.02
DAYS >= .01         8               6.4     1.6
DAYS >= .10         3               2.8     0.2
DAYS >= .50         2               0.5     1.5
DAYS >= 1.00        0               0.1    -0.1
GREATEST
 24 HR. TOTAL    0.56   04/18 TO 04/18              0.86
 STORM TOTAL       MM                                 MM
 (MM/DD(HH))            MM

SNOWFALL (INCHES)
RECORDS
 TOTAL           12.6   1894
TOTALS            6.7               1.6     5.1
 LIQUID EQUIV    0.67              0.20    0.47
SINCE 7/1        49.7              43.3     6.4
 LIQUID 7/1      4.97
DAYS >= TRACE       5               1.1     3.9
DAYS >= 1.0         1               0.5     0.5
GREATEST
 SNOW DEPTH         6   04/27

DEGREE_DAYS
HEATING TOTAL     652               649       3
 SINCE 7/1       7781              8815   -1034
COOLING TOTAL       0                 3      -3
 SINCE 1/1          0                 3      -3
..............................................................

SKY COVER
POSSIBLE SUNSHINE (PERCENT)   MM
AVERAGE SKY COVER             MM
NUMBER OF DAYS FAIR            0
NUMBER OF DAYS PC              0
NUMBER OF DAYS CLOUDY          0


WEATHER CONDITIONS. NUMBER OF DAYS WITH
THUNDERSTORM              0     MIXED PRECIP               0
HEAVY RAIN                0     RAIN                       2
LIGHT RAIN                6     FREEZING RAIN              0
LT FREEZING RAIN          0     HAIL                       0
HEAVY SNOW                1     SNOW                       1
LIGHT SNOW                3     SLEET                      1
FOG                       1     FOG W/VIS <= 1/4 MILE      0
HAZE                      0

-  INDICATES NEGATIVE NUMBERS.
R  INDICATES RECORD WAS SET OR TIED.
MM INDICATES DATA IS MISSING.
T  INDICATES TRACE AMOUNT.

&&

REMARKS...

NEAR NORMAL TEMPERATURES AND ABOVE NORMAL PRECIPITATION OCCURRED IN
APRIL FOR THE GRAND FORKS UNIVERSITY (NWS). THE MONTHLY AVERAGE
TEMPERATURE WAS 43.1 DEGREES OR 0.3 DEGREES BELOW NORMAL. NO DAILY
RECORD TEMPERATURES OCCURRED IN APRIL.

PRECIPITATION FOR APRIL TOTALED 1.48 INCHES WHICH IS 0.50 INCHES
ABOVE NORMAL. NO DAILY PRECIPITATION RECORD OCCURRED.

TOTAL SNOWFALL FOR APRIL WAS 6.7 INCHES. A DAILY RECORD SNOWFALL OF
6.2 INCHES ON APRIL 26. THE OLD RECORD WAS 2.3 INCHES SET IN 1966.
ANOTHER DAILY RECORD SNOWFALL OCCURRED APRIL 23 WITH 0.4 INCHES. THE
OLD RECORD WAS 0.1 INCHES WHICH FELL IN 1936.

 REMEMBER...THIS DATA IS PROVISIONAL AND SUBJECT TO CHANGE. THE
FINAL AND OFFICIAL RECORDS WILL BE AVAILABLE FROM THE NATIONAL
CENTERS FOR ENVIRONMENTAL INFORMATION (FORMERLY THE NATIONAL CLIMATE
DATA CENTER).

$$
