184
CXUS54 KTSA 011226
CLMFSM

CLIMATE REPORT
NATIONAL WEATHER SERVICE TULSA OK
447 AM CST THU DEC 1 2016

...................................

...THE FORT SMITH ARKANSAS CLIMATE SUMMARY FOR THE MONTH OF NOVEMBER 2016...

CLIMATE NORMAL PERIOD 1981 TO 2010
CLIMATE RECORD PERIOD 1882 TO 2016

WEATHER         OBSERVED          NORMAL  DEPART  LAST YEAR`S
                 VALUE   DATE(S)  VALUE   FROM    VALUE  DATE(S)
                                          NORMAL
................................................................
TEMPERATURE (F)
RECORD
 HIGH              87   11/16/2016
 LOW                8   11/29/1976
HIGHEST            87R  11/16        86       1       80
LOWEST             26   11/20         8      18       26
AVG. MAXIMUM     70.0              62.8     7.2     65.5
AVG. MINIMUM     44.0              40.3     3.7     44.3
MEAN             57.0              51.6     5.4     54.9
DAYS MAX >= 90      0
DAYS MAX <= 32      0
DAYS MIN <= 32      3
DAYS MIN <= 0       0

PRECIPITATION (INCHES)
RECORD
 MAXIMUM        14.01   1946
 MINIMUM         0.26   1904
TOTALS           1.59              4.44   -2.85     9.43
DAILY AVG.       0.05              0.15   -0.10     0.31
DAYS >= .01         7               7.5    -0.5       10
DAYS >= .10         3               5.7    -2.7        8
DAYS >= .50         1               3.2    -2.2        6
DAYS >= 1.00        1               1.5    -0.5        3
GREATEST
 24 HR. TOTAL    1.09   11/27 TO 11/28

SNOWFALL (INCHES)
RECORDS
 TOTAL            4.7   1976
TOTALS            0.0                 T     0.0      0.0
SINCE 7/1         0.0                 T     0.0      0.0
SNOWDEPTH AVG.      0                MM      MM        0
DAYS >= 1.0         0               0.0     0.0        0
GREATEST
 SNOW DEPTH         0   MM                             0  MM
 24 HR TOTAL      0.0   11/29 TO 11/29

DEGREE_DAYS
HEATING TOTAL     262               411    -149      301
 SINCE 7/1        286               565    -279      357
.................................................................

WIND (MPH)
AVERAGE WIND SPEED              6.3
HIGHEST WIND SPEED/DIRECTION    26/280    DATE  11/30
HIGHEST GUST SPEED/DIRECTION    35/210    DATE  11/17

SKY COVER
POSSIBLE SUNSHINE (PERCENT)   MM
AVERAGE SKY COVER           0.30
NUMBER OF DAYS FAIR           20
NUMBER OF DAYS PC              5
NUMBER OF DAYS CLOUDY          5

AVERAGE RH (PERCENT)     62

WEATHER CONDITIONS. NUMBER OF DAYS WITH
THUNDERSTORM              0     MIXED PRECIP               0
HEAVY RAIN                3     RAIN                       3
LIGHT RAIN                7     FREEZING RAIN              0
LT FREEZING RAIN          0     HAIL                       0
HEAVY SNOW                0     SNOW                       0
LIGHT SNOW                0     SLEET                      0
FOG                      11     FOG W/VIS <= 1/4 MILE      3
HAZE                      3

-  INDICATES NEGATIVE NUMBERS.
R  INDICATES RECORD WAS SET OR TIED.
MM INDICATES DATA IS MISSING.
T  INDICATES TRACE AMOUNT.

$$
