000
CXUS56 KSGX 011554
CLMFUL


CLIMATE REPORT
NATIONAL WEATHER SERVICE SAN DIEGO, CA
754 AM PST THU DEC 1 2016

...................................

...THE FULLERTON AIRPORT CA CLIMATE SUMMARY FOR THE MONTH OF NOVEMBER 2016...

CLIMATE NORMAL PERIOD 1981 TO 2010
CLIMATE RECORD PERIOD 1998 TO 2016

WEATHER         OBSERVED          NORMAL  DEPART  LAST YEAR`S
                 VALUE   DATE(S)  VALUE   FROM    VALUE  DATE(S)
                                          NORMAL
................................................................
TEMPERATURE (F)
RECORD
 HIGH              99   11/03/2010
 LOW               34   11/29/2010
HIGHEST            97   11/09        74      23       90  11/21
LOWEST             43   11/26        51      -8       41  11/30
                                                          11/17
AVG. MAXIMUM     78.9              72.3     6.6     75.3
AVG. MINIMUM     52.8              49.7     3.1     48.9
MEAN             65.8              61.0     4.8     62.1
DAYS MAX >= 90      4               0.5     3.5        1
DAYS MAX <= 32      0               0.0     0.0        0
DAYS MAX >= 100     0                                  0
DAYS MIN <= 32      0               0.0     0.0        0

PRECIPITATION (INCHES)
RECORD
 MAXIMUM         7.33   1965
 MINIMUM         0.00   1995
TOTALS           1.00              1.10   -0.10     0.04
DAILY AVG.       0.03              0.04   -0.01     0.00
DAYS >= .01         4                MM      MM        1
DAYS >= .10         3                MM      MM        0
DAYS >= .50         0                MM      MM        0
DAYS >= 1.00        0                MM      MM        0
DAYS >= 1.50        0                                  0
DAYS >= 2.00        0                                  0
GREATEST
 24 HR. TOTAL    0.73   11/20 TO 11/21           11/25 TO 11/25
                                                          11/30 TO 11/30
                                                          11/30 TO 11/30
 STORM TOTAL       MM                                 MM
 (MM/DD(HH))            MM                    11/25(00) TO 11/25(00)
                                                 11/30(00) TO 11/30(00)0
                                                 11/30(00) TO 11/30(00)0

DEGREE_DAYS
HEATING TOTAL      64               140     -76      105
 SINCE 7/1         64               164    -100      105
COOLING TOTAL      98                20      78       28
 SINCE 1/1       1891              1251     640     2188

FREEZE DATES
RECORD
 EARLIEST     MM
 LATEST       MM
EARLIEST                        MM
LATEST                          MM
.................................................

WIND (MPH)
AVERAGE WIND SPEED              2.6
RESULTANT WIND SPEED/DIRECTION   1/111
HIGHEST WIND SPEED/DIRECTION    20/090    DATE  11/29
HIGHEST GUST SPEED/DIRECTION    29/280    DATE  11/27

SKY COVER
POSSIBLE SUNSHINE (PERCENT)   MM
AVERAGE SKY COVER           0.20
NUMBER OF DAYS FAIR           25
NUMBER OF DAYS PC              5
NUMBER OF DAYS CLOUDY          0

AVERAGE RH (PERCENT)     52

WEATHER CONDITIONS. NUMBER OF DAYS WITH
THUNDERSTORM              0     MIXED PRECIP               0
HEAVY RAIN                1     RAIN                       3
LIGHT RAIN                4     FREEZING RAIN              0
LT FREEZING RAIN          0     HAIL                       0
HEAVY SNOW                0     SNOW                       0
LIGHT SNOW                0     SLEET                      0
FOG                      10     FOG W/VIS <= 1/4 MILE      2
HAZE                      9

-  INDICATES NEGATIVE NUMBERS.
R  INDICATES RECORD WAS SET OR TIED.
MM INDICATES DATA IS MISSING.
T  INDICATES TRACE AMOUNT.

$$
