000
CXUS53 KIWX 011026 CCA
CLMFWA

CLIMATE REPORT
NATIONAL WEATHER SERVICE NORTHERN INDIANA
456 AM EST SUN JAN 1 2017

...................................

...THE FORT WAYNE CLIMATE SUMMARY FOR THE MONTH OF DECEMBER 2016...

CLIMATE NORMAL PERIOD 1981 TO 2010
CLIMATE RECORD PERIOD 1912 TO 2016

WEATHER         OBSERVED          NORMAL  DEPART  LAST YEAR`S
                 VALUE   DATE(S)  VALUE   FROM    VALUE  DATE(S)
                                          NORMAL
................................................................
TEMPERATURE (F)
RECORD
 HIGH              71   12/02/1982
 LOW              -18   12/22/1989
HIGHEST            60   12/26        MM      MM       69  12/12
LOWEST             -9   12/19        MM      MM       21  12/19
AVG. MAXIMUM     33.7              36.2    -2.5     48.6
AVG. MINIMUM     20.5              22.1    -1.6     34.5
MEAN             27.1              29.1    -2.0
DAYS MAX >= 90      0               0.0     0.0        0
DAYS MAX <= 32     10              10.8    -0.8        3
DAYS MIN <= 32     26              25.6     0.4       15
DAYS MIN <= 0       4               1.5     2.5        0

PRECIPITATION (INCHES)
RECORD
 MAXIMUM         7.56   1990
 MINIMUM         0.34   1943
TOTALS           2.31              2.77   -0.46     4.15
DAILY AVG.       0.07              0.09   -0.02     0.13
DAYS >= .01        13              13.0     0.0       13
DAYS >= .10         5               6.5    -1.5        6
DAYS >= .50         2               1.7     0.3        4
DAYS >= 1.00        0               0.3    -0.3        1
GREATEST
 24 HR. TOTAL    0.78   12/25 TO 12/26

SNOWFALL (INCHES)
RECORDS
 TOTAL           20.3   1973
TOTALS           10.9               8.5     2.4      0.2
SINCE 7/1        11.3              10.6     0.7      4.4
SNOWDEPTH AVG.      2                 3      -1        0
DAYS >= 1.0         3               2.3     0.7        0
GREATEST
 SNOW DEPTH         5   12/16                         -1
                        12/15
                        12/14
 24 HR TOTAL      6.3   MM

DEGREE_DAYS
HEATING TOTAL    1166              1111      55      718
 SINCE 7/1       2011              2328    -317     1687
COOLING TOTAL       0                 0       0        0
 SINCE 1/1       1104               809     295      811
.................................................................

WIND (MPH)
AVERAGE WIND SPEED              11.3
HIGHEST WIND SPEED/DIRECTION    35/230    DATE  12/31
HIGHEST GUST SPEED/DIRECTION    42/220    DATE  12/31

SKY COVER
POSSIBLE SUNSHINE (PERCENT)   MM
AVERAGE SKY COVER           0.80
NUMBER OF DAYS FAIR            3
NUMBER OF DAYS PC             10
NUMBER OF DAYS CLOUDY         18

AVERAGE RH (PERCENT)     75

WEATHER CONDITIONS. NUMBER OF DAYS WITH
THUNDERSTORM              0     MIXED PRECIP               0
HEAVY RAIN                1     RAIN                       2
LIGHT RAIN               13     FREEZING RAIN              0
LT FREEZING RAIN          4     HAIL                       0
HEAVY SNOW                2     SNOW                       6
LIGHT SNOW               11     SLEET                      0
FOG                      18     FOG W/VIS <= 1/4 MILE      3
HAZE                      8

-  INDICATES NEGATIVE NUMBERS.
R  INDICATES RECORD WAS SET OR TIED.
MM INDICATES DATA IS MISSING.
T  INDICATES TRACE AMOUNT.

&&

THE FINAL MONTH OF 2016 EXPERIENCED A VARIETY OF WEATHER. DECEMBER
BEGAN WITH NEAR NORMAL TEMPERATURES BUT AN ARCTIC COLD FRONT ARRIVED
LATE IN THE SECOND WEEK AND BROUGHT SOME OF THE COLDEST DECEMBER
TEMPERATURES IN DECADES. THIS ARCTIC COLD AIR ALSO BROUGHT SOME SNOW
WITH OVER 6 INCHES BEING RECORDED JUST PRIOR TO ITS ARRIVAL.

THE ARCTIC COLD FINALLY BEGAN TO RETREAT AFTER THE 20TH AND BY THE
DAY AFTER CHRISTMAS...TEMPERATURES BRIEFLY ROSE INTO THE LOWER 60S
AHEAD OF A COLD FRONT. THESE RECORD MILD TEMPERATURES HELPED PRODUCE
FOG AND DRIZZLE WHICH QUICKLY DEPLETED THE SNOW PACK THAT WAS IN
PLACE. SHOWERS DEVELOPED AHEAD OF THE COLD FRONT ON THE 26TH AND
BROUGHT THREE QUARTERS OF AN INCH OF RAIN TO THE FORT WAYNE AREA.
THE MONTH ENDED WITH NEAR NORMAL TEMPERATURES AND SOME ADDITIONAL
LIGHT SNOW.

THE AVERAGE MONTHLY TEMPERATURE WAS 27.1 DEGREES...2.0 DEGREES BELOW
NORMAL. THIS RANKED AS THE 32ND COLDEST DECEMBER ON RECORD DATING
BACK TO 1912. THE WARMEST TEMPERATURE WAS 60 ON THE 26TH AND THE
COLDEST WAS 9 BELOW ZERO ON THE 19TH. THE 60 WAS A RECORD FOR THE
26TH AND THE 10TH WARMEST MAX TEMPERATURE RECORDED IN DECEMBER. THE
WARMEST WAS 71 SET IN 1982. THE 9 BELOW ZERO WAS A RECORD LOW FOR
THE 19TH AND ALSO THE 10TH COLDEST DECEMBER TEMPERATURE RECORDED AT
FORT WAYNE. THIS WAS ALSO THE COLDEST DECEMBER TEMPERATURE SINCE
2004 WHEN IT WAS 15 BELOW ZERO. THE LOWEST RECORDED DECEMBER
TEMPERATURE WAS 18 BELOW SET IN 1989.

PRECIPITATION WAS 2.31 INCHES...0.46 INCHES BELOW NORMAL. THIS
RANKED AS THE 52ND DRIEST DECEMBER ON RECORD. MEASURABLE
PRECIPITATION FELL ON 13 DAYS WITH A HALF INCH OR MORE ON TWO DAYS.
ABOUT 75 PERCENT OF THE PRECIPITATION FOR THE MONTH FELL ON 3
DAYS...THE 4TH...11TH AND 26TH. THE 0.76 INCHES WHICH FELL ON THE
26TH RANKED AS THE 4TH MOST PRECIPITATION FOR THAT DATE.

DESPITE HAVING BELOW NORMAL PRECIPITATION...THE MONTH DID END WITH
ABOVE NORMAL SNOWFALL. THIS WAS PRIMARILY DUE TO THE VERY COLD
TEMPERATURES MID MONTH HELPING LEAD TO LARGER LIQUID TO SNOW RATIOS.
A TOTAL OF 10.9 INCHES OF SNOW WAS RECORDED...2.4 INCHES ABOVE
NORMAL. THIS RANKED AS TIED WITH 2010 AND 2003 AS THE 19TH SNOWIEST
DECEMBER ON RECORD. THE GREATEST SINGLE DAY SNOWFALL WAS 6.3 INCHES
ON THE 11TH.

$$
