000
CXUS53 KDDC 011734
CLMGCK


CLIMATE REPORT
NATIONAL WEATHER SERVICE DODGE CITY KS
1228 PM CDT MON MAY 1 2017

...................................

...THE GARDEN CITY REGIONAL ARPT KS CLIMATE SUMMARY FOR THE MONTH OF APRIL 2017...

CLIMATE NORMAL PERIOD 1981 TO 2010
CLIMATE RECORD PERIOD 1948 TO 2017

WEATHER         OBSERVED          NORMAL  DEPART  LAST YEAR`S
                 VALUE   DATE(S)  VALUE   FROM    VALUE  DATE(S)
                                          NORMAL
................................................................
TEMPERATURE (F)
RECORD
 HIGH             100   04/22/1989
 LOW               10   04/12/1997
HIGHEST            91   04/19        MM      MM       85  04/23
                                                          04/05
LOWEST             27   04/06        MM      MM       23  04/02
AVG. MAXIMUM     68.1              67.3     0.8     68.0
AVG. MINIMUM     42.5              38.6     3.9     40.1
MEAN             55.3              53.0     2.3     54.0
DAYS MAX >= 90      1               0.6     0.4        0
DAYS MAX <= 32      0               0.0     0.0        0
DAYS MIN <= 32      4               6.9    -2.9        3
DAYS MIN <= 0       0               0.0     0.0        0

PRECIPITATION (INCHES)
RECORD
 MAXIMUM         4.77   1984
 MINIMUM            T   1963
TOTALS           3.44              1.72    1.72     4.54
DAYS >= .01         6               6.8    -0.8        8
DAYS >= .10         6               4.0     2.0        7
DAYS >= .50         3               1.1     1.9        4
DAYS >= 1.00        0               0.3    -0.3        2
GREATEST
 24 HR. TOTAL    0.98   04/28 TO 04/28           04/15 TO 04/16
                                                          04/16 TO 04/16
                                                          04/16 TO 04/16

DEGREE_DAYS
HEATING TOTAL     303               374     -71      330
 SINCE 7/1       4287              5062    -775     4262
COOLING TOTAL      29                12      17        5
 SINCE 1/1         37                12      25        6
.......................................................

WIND (MPH)
AVERAGE WIND SPEED              15.1
HIGHEST WIND SPEED/DIRECTION    41/350    DATE  04/30
HIGHEST GUST SPEED/DIRECTION    58/350    DATE  04/30


WEATHER CONDITIONS. NUMBER OF DAYS WITH
THUNDERSTORM              1     MIXED PRECIP               0
HEAVY RAIN                1     RAIN                       5
LIGHT RAIN                6     FREEZING RAIN              0
LT FREEZING RAIN          0     HAIL                       0
HEAVY SNOW                1     SNOW                       2
LIGHT SNOW                2     SLEET                      0
FOG                       7     FOG W/VIS <= 1/4 MILE      1
HAZE                      0

-  INDICATES NEGATIVE NUMBERS.
R  INDICATES RECORD WAS SET OR TIED.
MM INDICATES DATA IS MISSING.
T  INDICATES TRACE AMOUNT.

$$
