000
CXUS53 KDDC 031531
CLMGCK


CLIMATE REPORT
NATIONAL WEATHER SERVICE DODGE CITY KS
924 AM CST MON NOV 3 2014

...................................

...THE GARDEN CITY REGIONAL ARPT KS CLIMATE SUMMARY FOR THE MONTH OF OCTOBER 2014...

CLIMATE NORMAL PERIOD 1981 TO 2010
CLIMATE RECORD PERIOD 1948 TO 2014

WEATHER         OBSERVED          NORMAL  DEPART  LAST YEAR`S
                 VALUE   DATE(S)  VALUE   FROM    VALUE  DATE(S)
                                          NORMAL
................................................................
TEMPERATURE (F)
RECORD
 HIGH              97   10/12/1975
                        10/11/1975
                        10/14/1968
 LOW               13   10/30/1993
HIGHEST            90   10/25        MM      MM       88  10/03
LOWEST             29   10/31        MM      MM       28  10/19
AVG. MAXIMUM     72.8              69.6     3.2     68.5
AVG. MINIMUM     43.1              41.2     1.9     40.0
MEAN             58.0              55.4     2.6     54.3
DAYS MAX >= 90      1               1.1    -0.1        0
DAYS MAX <= 32      0               0.2    -0.2        0
DAYS MIN <= 32      2               4.5    -2.5        4
DAYS MIN <= 0       0               0.0     0.0        0

PRECIPITATION (INCHES)
RECORD
 MAXIMUM         6.66   1969
 MINIMUM         0.00   1955
TOTALS           1.74              1.28    0.46     1.27
DAYS >= .01         5               5.2    -0.2        5
DAYS >= .10         2               2.6    -0.6        4
DAYS >= .50         2               0.7     1.3        1
DAYS >= 1.00        0               0.2    -0.2        0
GREATEST
 24 HR. TOTAL    1.48   10/09 TO 10/10           10/10 TO 10/10
                                                          10/09 TO 10/10
                                                          10/10 TO 10/10

DEGREE_DAYS
HEATING TOTAL     223               318     -95      346
 SINCE 7/1        289               390    -101      364
COOLING TOTAL      10                20     -10       19
 SINCE 1/1       1342              1298      44     1591
.................................................

WIND (MPH)
AVERAGE WIND SPEED              11.0
HIGHEST WIND SPEED/DIRECTION    40/350    DATE  10/13
HIGHEST GUST SPEED/DIRECTION    53/360    DATE  10/03


WEATHER CONDITIONS. NUMBER OF DAYS WITH
THUNDERSTORM              2     MIXED PRECIP               0
HEAVY RAIN                3     RAIN                       2
LIGHT RAIN                7     FREEZING RAIN              0
LT FREEZING RAIN          0     HAIL                       0
HEAVY SNOW                0     SNOW                       0
LIGHT SNOW                0     SLEET                      0
FOG                      10     FOG W/VIS <= 1/4 MILE      3
HAZE                     10

-  INDICATES NEGATIVE NUMBERS.
R  INDICATES RECORD WAS SET OR TIED.
MM INDICATES DATA IS MISSING.
T  INDICATES TRACE AMOUNT.

$$
