965
CXUS51 KPHI 010833
CLMGED


CLIMATE REPORT
NATIONAL WEATHER SERVICE MOUNT HOLLY NJ
432 AM EDT WED NOV 1 2017

...................................

...THE GEORGETOWN DE CLIMATE SUMMARY FOR THE MONTH OF OCTOBER 2017...

CLIMATE NORMAL PERIOD 1981 TO 2010
CLIMATE RECORD PERIOD 1948 TO 2017

WEATHER         OBSERVED          NORMAL  DEPART  LAST YEAR`S
                 VALUE   DATE(S)  VALUE   FROM    VALUE
                                          NORMAL
.............................................................
TEMPERATURE (F)
RECORD
 HIGH              91   10/07/2007
                        10/04/1954
 LOW               21   10/24/1969
                        10/30/1952
HIGHEST            86                MM      MM       86
LOWEST             36                MM      MM       34
AVG. MAXIMUM     73.6              68.2     5.4     70.6
AVG. MINIMUM     53.1              47.3     5.8     51.4
MEAN             63.3              57.8     5.5     61.0
DAYS MAX >= 90      0               0.1    -0.1        0
DAYS MAX <= 32      0               0.0     0.0        0
DAYS MIN <= 32      0               0.4    -0.4        0
DAYS MIN <= 0       0               0.0     0.0        0

PRECIPITATION (INCHES)
RECORD
 MAXIMUM           MM   MM
 MINIMUM           MM   MM
TOTALS           3.43              3.72   -0.29     3.27
DAILY AVG.       0.11              0.12   -0.01     0.11
DAYS >= .01        10              12.6    -2.6        7
DAYS >= .10         6               5.8     0.2        2
DAYS >= .50         1               2.7    -1.7        2
DAYS >= 1.00        1               1.2    -0.2        2
GREATEST
 24 HR. TOTAL    2.37   10/29 TO 10/30              2.79

DEGREE_DAYS
HEATING TOTAL     129               248    -119      170
 SINCE 7/1        140               286    -146      177
COOLING TOTAL      87                23      64       52
 SINCE 1/1       1511              1194     317     1499
..............................................................

WIND (MPH)
AVERAGE WIND SPEED              6.4
HIGHEST WIND SPEED/DIRECTION    28/200    DATE  10/28
HIGHEST GUST SPEED/DIRECTION    41/160    DATE  10/24

SKY COVER
POSSIBLE SUNSHINE (PERCENT)   MM
AVERAGE SKY COVER           0.40
NUMBER OF DAYS FAIR           17
NUMBER OF DAYS PC              9
NUMBER OF DAYS CLOUDY          5

AVERAGE RH (PERCENT)     74

WEATHER CONDITIONS. NUMBER OF DAYS WITH
THUNDERSTORM              0     MIXED PRECIP               0
HEAVY RAIN                3     RAIN                       4
LIGHT RAIN               12     FREEZING RAIN              0
LT FREEZING RAIN          0     HEAVY SNOW                 0
SNOW                      0     LIGHT SNOW                 0
SLEET                     0     FOG                       21
FOG W/VIS <= 1/4 MILE     4     HAZE                       3

-  INDICATES NEGATIVE NUMBERS.
R  INDICATES RECORD WAS SET OR TIED.
MM INDICATES DATA IS MISSING.
T  INDICATES TRACE AMOUNT.

$$
