000
CXUS51 KPHI 040916
CLMGED

CLIMATE REPORT
NATIONAL WEATHER SERVICE MOUNT HOLLY NJ
505 AM EDT TUE JUL 4 2017

...................................

...THE GEORGETOWN DE CLIMATE SUMMARY FOR THE MONTH OF JUNE 2017...

CLIMATE NORMAL PERIOD 1981 TO 2010
CLIMATE RECORD PERIOD 1948 TO 2017

WEATHER         OBSERVED          NORMAL  DEPART  LAST YEAR`S
                 VALUE   DATE(S)  VALUE   FROM    VALUE
                                          NORMAL
.............................................................
TEMPERATURE (F)
RECORD
 HIGH             101   06/29/2012
                        06/30/1959
                        07/09/1936
 LOW               39   06/01/1967
HIGHEST            95                MM      MM       93
LOWEST             48                MM      MM       50
AVG. MAXIMUM     85.3              82.5     2.8     81.8
AVG. MINIMUM     63.9              62.6     1.3     62.1
MEAN             74.6              72.5     2.1     72.0
DAYS MAX >= 90      8               4.9     3.1        3
DAYS MAX <= 32      0               0.0     0.0        0
DAYS MIN <= 32      0               0.0     0.0        0
DAYS MIN <= 0       0               0.0     0.0        0

PRECIPITATION (INCHES)
RECORD
 MAXIMUM           MM   MM
 MINIMUM           MM   MM
TOTALS           1.81              4.61   -2.80     2.99
DAILY AVG.       0.06              0.15   -0.09     0.10
DAYS >= .01         8              14.2    -6.2        9
DAYS >= .10         3               7.2    -4.2        7
DAYS >= .50         1               2.6    -1.6        3
DAYS >= 1.00        1               1.0     0.0        1
GREATEST
 24 HR. TOTAL    1.29   06/19 TO 06/19              1.15

DEGREE_DAYS
HEATING TOTAL      12                13      -1        1
 SINCE 7/1       3590              4406    -816     3660
COOLING TOTAL     306               239      67      219
 SINCE 1/1        452               333     119      309
..............................................................

WIND (MPH)
AVERAGE WIND SPEED              7.4
HIGHEST WIND SPEED/DIRECTION    30/210    DATE  06/19
HIGHEST GUST SPEED/DIRECTION    43/260    DATE  06/19

SKY COVER
POSSIBLE SUNSHINE (PERCENT)   MM
AVERAGE SKY COVER           0.30
NUMBER OF DAYS FAIR           22
NUMBER OF DAYS PC              7
NUMBER OF DAYS CLOUDY          1

AVERAGE RH (PERCENT)     66

WEATHER CONDITIONS. NUMBER OF DAYS WITH
THUNDERSTORM              3     MIXED PRECIP               0
HEAVY RAIN                2     RAIN                       2
LIGHT RAIN                9     FREEZING RAIN              0
LT FREEZING RAIN          0     HEAVY SNOW                 0
SNOW                      0     LIGHT SNOW                 0
SLEET                     0     FOG                       12
FOG W/VIS <= 1/4 MILE     3     HAZE                       3

-  INDICATES NEGATIVE NUMBERS.
R  INDICATES RECORD WAS SET OR TIED.
MM INDICATES DATA IS MISSING.
T  INDICATES TRACE AMOUNT.

$$
