000
CXUS53 KIND 011620
CLMGEZ


CLIMATE REPORT
NATIONAL WEATHER SERVICE INDIANAPOLIS IN
1115 AM EST THU JAN 1 2015

...................................

...THE SHELBYVILLE IN CLIMATE SUMMARY FOR THE MONTH OF DECEMBER 2014...

CLIMATE NORMAL PERIOD 1981 TO 2010
CLIMATE RECORD PERIOD 9999 TO 9999

WEATHER         OBSERVED          NORMAL  DEPART  LAST YEAR`S
                 VALUE   DATE(S)  VALUE   FROM    VALUE  DATE(S)
                                          NORMAL
................................................................
TEMPERATURE (F)
HIGHEST            57   12/23                         63  12/22
LOWEST             14   12/31                         -1  12/12
AVG. MAXIMUM     41.5              39.4     2.1     40.1
AVG. MINIMUM     30.1              24.2     5.9     24.0
MEAN             35.8              31.8     4.0     32.1
DAYS MAX >= 90      0               0.0     0.0        0
DAYS MAX <= 32      3               8.0    -5.0       13
DAYS MIN <= 32     17              23.2    -6.2       23
DAYS MIN <= 0       0               0.5    -0.5        1

PRECIPITATION (INCHES)
TOTALS           2.98              3.27   -0.29     5.88
DAILY AVG.       0.10              0.11   -0.01     0.19
DAYS >= .01        14                MM      MM       10
DAYS >= .10         5                MM      MM        7
DAYS >= .50         1                MM      MM        3
DAYS >= 1.00        1                MM      MM        1
GREATEST
 24 HR. TOTAL    1.78   12/05 TO 12/06

DEGREE_DAYS
HEATING TOTAL     897              1029    -132     1013
 SINCE 7/1       2081              2104     -23     2079
COOLING TOTAL       0                 0       0        0
 SINCE 1/1       1080               913     167     1179
.................................................................

WIND (MPH)
AVERAGE WIND SPEED              8.5
HIGHEST WIND SPEED/DIRECTION    28/270    DATE  12/16
HIGHEST GUST SPEED/DIRECTION    34/270    DATE  12/16

SKY COVER
POSSIBLE SUNSHINE (PERCENT)   MM
AVERAGE SKY COVER           0.70
NUMBER OF DAYS FAIR            6
NUMBER OF DAYS PC              6
NUMBER OF DAYS CLOUDY         19

AVERAGE RH (PERCENT)     77

WEATHER CONDITIONS. NUMBER OF DAYS WITH
THUNDERSTORM              0     MIXED PRECIP               0
HEAVY RAIN                2     RAIN                       6
LIGHT RAIN               14     FREEZING RAIN              0
LT FREEZING RAIN          1     HAIL                       0
HEAVY SNOW                0     SNOW                       0
LIGHT SNOW                6     SLEET                      0
FOG                      22     FOG W/VIS <= 1/4 MILE      0
HAZE                     16

-  INDICATES NEGATIVE NUMBERS.
R  INDICATES RECORD WAS SET OR TIED.
MM INDICATES DATA IS MISSING.
T  INDICATES TRACE AMOUNT.

$$
