000
CXUS52 KJAX 111947
CLMGNV

CLIMATE REPORT
NATIONAL WEATHER SERVICE JACKSONVILLE FL
845 AM EDT THU SEP 1 2016

...................................

...THE GAINESVILLE CLIMATE SUMMARY FOR THE MONTH OF AUGUST 2016...

CLIMATE NORMAL PERIOD 1981 TO 2010
CLIMATE RECORD PERIOD 1890 TO 2016

WEATHER         OBSERVED          NORMAL  DEPART  LAST YEAR`S
                 VALUE   DATE(S)  VALUE   FROM    VALUE  DATE(S)
                                          NORMAL
................................................................
TEMPERATURE (F)
RECORD
 HIGH             103   08/15/1915
 LOW               60   08/22/1930
                        08/31/1891
HIGHEST            97   08/22        90       7       95  08/25
LOWEST             70   08/02        71      -1       69  08/15
AVG. MAXIMUM     92.2              90.2     2.0     90.2
AVG. MINIMUM     73.1              71.6     1.5     72.3
MEAN             82.7              80.9     1.8     81.2
DAYS MAX >= 90     24              17.9     6.1       19
DAYS MAX <= 32      0               0.0     0.0        0
DAYS MIN <= 32      0               0.0     0.0        0
DAYS MIN <= 0       0               0.0     0.0        0

PRECIPITATION (INCHES)
RECORD
 MAXIMUM        15.84   1985
 MINIMUM         1.45   1950
TOTALS           3.30              6.39   -3.09    11.48
DAILY AVG.       0.11              0.21   -0.10     0.37
DAYS >= .01        17              16.1     0.9       16
DAYS >= .10         7              10.9    -3.9       12
DAYS >= .50         1               4.1    -3.1        8
DAYS >= 1.00        1               2.0    -1.0        6
GREATEST
 24 HR. TOTAL    1.44

SNOWFALL (INCHES)
RECORDS
 TOTAL             MM   MM
TOTALS            0.0               0.0     0.0      0.0
SINCE 7/1         0.0               0.0     0.0      0.0
SNOWDEPTH AVG.      0                MM      MM        0
DAYS >= 1.0         0               0.0     0.0        0
GREATEST
 SNOW DEPTH         0   MM                             0  MM
 24 HR TOTAL      0.0

DEGREE_DAYS
HEATING TOTAL       0                 0       0        0
 SINCE 7/1          0                 0       0        0
COOLING TOTAL     554               493      61      511
 SINCE 1/1       2243              1944     299     2276
.................................................................

WIND (MPH)
AVERAGE WIND SPEED              5.7
HIGHEST WIND SPEED/DIRECTION    30/160    DATE  08/14
HIGHEST GUST SPEED/DIRECTION    37/150    DATE  08/14

SKY COVER
POSSIBLE SUNSHINE (PERCENT)   MM
AVERAGE SKY COVER           0.30
NUMBER OF DAYS FAIR           22
NUMBER OF DAYS PC              7
NUMBER OF DAYS CLOUDY          2

AVERAGE RH (PERCENT)     74

WEATHER CONDITIONS. NUMBER OF DAYS WITH
THUNDERSTORM              0     MIXED PRECIP               0
HEAVY RAIN                6     RAIN                       7
LIGHT RAIN               21     FREEZING RAIN              0
LT FREEZING RAIN          0     HAIL                       0
HEAVY SNOW                0     SNOW                       0
LIGHT SNOW                0     SLEET                      0
FOG                      14     FOG W/VIS <= 1/4 MILE      2
HAZE                      0

-  INDICATES NEGATIVE NUMBERS.
R  INDICATES RECORD WAS SET OR TIED.
MM INDICATES DATA IS MISSING.
T  INDICATES TRACE AMOUNT.

$$
