000
CXUS55 KMSO 011331
CLMGPI


CLIMATE REPORT
NATIONAL WEATHER SERVICE MISSOULA, MT
731 AM MDT SAT NOV 1 2014

...................................

...THE KALISPELL MT CLIMATE SUMMARY FOR THE MONTH OF OCTOBER 2014...

CLIMATE NORMAL PERIOD 1981 TO 2010
CLIMATE RECORD PERIOD 1894 TO 2014

WEATHER         OBSERVED          NORMAL  DEPART  LAST YEAR`S
                 VALUE   DATE(S)  VALUE   FROM    VALUE
                                          NORMAL
.............................................................
TEMPERATURE (F)
RECORD
 HIGH              86   10/02/1992
 LOW               -4   10/31/1935
HIGHEST            77   10/07        MM      MM       65
LOWEST             20   10/28        MM      MM       13
AVG. MAXIMUM     61.1              54.9     6.2     52.5
AVG. MINIMUM     33.8              29.4     4.4     25.9
MEAN             47.4              42.1     5.3
DAYS MAX >= 90      0               0.0     0.0        0
DAYS MAX <= 32      0               0.4    -0.4        0
DAYS MIN <= 32      9              19.5   -10.5       28
DAYS MIN <= 0       0               0.0     0.0        0

PRECIPITATION (INCHES)
RECORD
 MAXIMUM         3.40   1914
 MINIMUM            T   1907
TOTALS           1.19              1.01    0.18
DAILY AVG.       0.04              0.03    0.01     0.01
DAYS >= .01         9               9.3    -0.3        5
DAYS >= .10         3               3.7    -0.7        1
DAYS >= .50         0               0.2    -0.2        0
DAYS >= 1.00        0               0.0     0.0        0
GREATEST
 24 HR. TOTAL    0.48   10/28 TO 10/29              0.17

SNOWFALL (INCHES)
TOTALS            0.0               1.1    -1.1      0.0
SINCE 7/1         0.0               1.1    -1.1      0.0
DAYS >= TRACE       0               1.2    -1.2        0
DAYS >= 1.0         0               0.5    -0.5        0
GREATEST
 SNOW DEPTH         0   MM
 24 HR TOTAL      0.0   10/31 TO 10/31               0.0

DEGREE_DAYS
HEATING TOTAL     539               708    -169
 SINCE 7/1        904              1208    -304
COOLING TOTAL       0                 0       0
 SINCE 1/1        217               147      70
..............................................................

WIND (MPH)
AVERAGE WIND SPEED              4.1
HIGHEST WIND SPEED/DIRECTION    25/260    DATE  10/26
HIGHEST GUST SPEED/DIRECTION    37/220    DATE  10/14

SKY COVER
POSSIBLE SUNSHINE (PERCENT)   MM
AVERAGE SKY COVER           0.50
NUMBER OF DAYS FAIR           11
NUMBER OF DAYS PC             16
NUMBER OF DAYS CLOUDY          4

AVERAGE RH (PERCENT)     71

WEATHER CONDITIONS. NUMBER OF DAYS WITH
THUNDERSTORM              0     MIXED PRECIP               0
HEAVY RAIN                1     RAIN                       4
LIGHT RAIN               14     FREEZING RAIN              0
LT FREEZING RAIN          0     HAIL                       0
HEAVY SNOW                0     SNOW                       0
LIGHT SNOW                0     SLEET                      0
FOG                      17     FOG W/VIS <= 1/4 MILE      5
HAZE                      0

-  INDICATES NEGATIVE NUMBERS.
R  INDICATES RECORD WAS SET OR TIED.
MM INDICATES DATA IS MISSING.
T  INDICATES TRACE AMOUNT.

$$
