000
CXUS53 KGRB 010719
CLMGRB


CLIMATE REPORT
NATIONAL WEATHER SERVICE GREEN BAY
217 AM CDT FRI JUL 1 2016

...................................

...THE GREEN BAY WI CLIMATE SUMMARY FOR THE MONTH OF JUNE 2016...

CLIMATE NORMAL PERIOD 1981 TO 2010
CLIMATE RECORD PERIOD 1886 TO 2016

WEATHER         OBSERVED          NORMAL  DEPART  LAST YEAR`S
                 VALUE   DATE(S)  VALUE   FROM    VALUE  DATE(S)
                                          NORMAL
................................................................
TEMPERATURE (F)
RECORD
 HIGH             100   06/30/1931
                        06/29/1931
                        06/30/1910
 LOW               32   06/06/1958
HIGHEST            91   06/11        90       1       83  06/24
                                                          06/22
                                                          06/21
LOWEST             44   06/08        40       4       41  06/02
AVG. MAXIMUM     78.2              75.3     2.9     76.1
AVG. MINIMUM     56.3              54.1     2.2     54.3
MEAN             67.2              64.7     2.5     65.2
DAYS MAX >= 90      2               1.1     0.9        0
DAYS MAX <= 32      0               0.0     0.0        0
DAYS MIN <= 32      0               0.0     0.0        0
DAYS MIN <= 0       0               0.0     0.0        0

PRECIPITATION (INCHES)
RECORD
 MAXIMUM        10.29   1990
 MINIMUM         0.31   1976
TOTALS           4.44              3.88    0.56     3.24
DAILY AVG.       0.15              0.13    0.02     0.11
DAYS >= .01        12              10.3     1.7        9
DAYS >= .10        10               6.7     3.3        7
DAYS >= .50         4               2.8     1.2        3
DAYS >= 1.00        1               1.1    -0.1        0
GREATEST
 24 HR. TOTAL    1.00   06/10 TO 06/10

SNOWFALL (INCHES)
RECORDS
 TOTAL            0.0   MM
TOTALS            0.0               0.0     0.0      0.0
SINCE 7/1        50.0              51.4    -1.4     32.7
SNOWDEPTH AVG.      0                MM      MM        0
DAYS >= 1.0         0               0.0     0.0        0
GREATEST
 SNOW DEPTH         0   MM                             0  MM
 24 HR TOTAL      0.0   06/30 TO 06/30

DEGREE_DAYS
HEATING TOTAL      25                92     -67       53
 SINCE 7/1       6622              7955   -1333     7833
COOLING TOTAL     100                83      17       67
 SINCE 1/1        133               101      32       95
.................................................................

WIND (MPH)
AVERAGE WIND SPEED              8.1
HIGHEST WIND SPEED/DIRECTION    41/350    DATE  06/10
HIGHEST GUST SPEED/DIRECTION    53/350    DATE  06/10

SKY COVER
POSSIBLE SUNSHINE (PERCENT)   MM
AVERAGE SKY COVER           0.30
NUMBER OF DAYS FAIR           17
NUMBER OF DAYS PC             10
NUMBER OF DAYS CLOUDY          3

AVERAGE RH (PERCENT)     68

WEATHER CONDITIONS. NUMBER OF DAYS WITH
THUNDERSTORM              9     MIXED PRECIP               0
HEAVY RAIN                1     RAIN                       5
LIGHT RAIN                8     FREEZING RAIN              0
LT FREEZING RAIN          0     HAIL                       0
HEAVY SNOW                0     SNOW                       0
LIGHT SNOW                0     SLEET                      0
FOG                      15     FOG W/VIS <= 1/4 MILE      1
HAZE                      8

-  INDICATES NEGATIVE NUMBERS.
R  INDICATES RECORD WAS SET OR TIED.
MM INDICATES DATA IS MISSING.
T  INDICATES TRACE AMOUNT.

$$
