000
CXUX51 KGYX 071032
CLMGYX

PWMCLMGYX 000
TTAA00 KGYX 040741


CLIMATE REPORT
NATIONAL WEATHER SERVICE GRAY ME
632 AM EDT SUN JUN 7 2015

...................................

...THE GRAY ME CLIMATE SUMMARY FOR THE MONTH OF MAY 2015...

CLIMATE NORMAL PERIOD 1981 TO 2010
CLIMATE RECORD PERIOD 1995 TO 2015

WEATHER         OBSERVED          NORMAL  DEPART  LAST YEAR`S
                 VALUE   DATE(S)  VALUE   FROM    VALUE
                                          NORMAL
.............................................................
TEMPERATURE (F)
RECORD
 HIGH              92   05/31/2013
 LOW               31   05/01/2008
HIGHEST            88   05/26        86       2       81
LOWEST             35   05/23        35       0       37
                        05/02
                        05/01
AVG. MAXIMUM     70.8              65.1     5.7     64.1
AVG. MINIMUM     47.3              44.7     2.6     45.2
MEAN             59.0              54.9     4.1     54.6
DAYS MAX >= 90      0               0.2    -0.2        0
DAYS MAX <= 32      0               0.0     0.0        0
DAYS MIN <= 32      0               0.2    -0.2        0
DAYS MIN <= 0       0               0.0     0.0        0

PRECIPITATION (INCHES)
RECORD
 MAXIMUM         8.54   2006
 MINIMUM         1.17   2001
TOTALS           2.07              3.90   -1.83     4.47
DAILY AVG.       0.07              0.13   -0.06     0.14
DAYS >= .01        10              13.5    -3.5       15
DAYS >= .10         5               8.2    -3.2        8
DAYS >= .50         2               2.8    -0.8        3
DAYS >= 1.00        0               0.7    -0.7        1
GREATEST
 24 HR. TOTAL    0.62   05/31

SNOWFALL (INCHES)
RECORDS
 TOTAL              T   2002
                        1997
TOTALS              T               0.0       T      0.0
SINCE 7/1       107.3              83.8    23.5     83.0
SNOWDEPTH AVG.      0
DAYS >= TRACE       0               0.0     0.0        0
DAYS >= 1.0         0               0.0     0.0        0
GREATEST
 SNOW DEPTH         0                                  0
 24 HR TOTAL      0.0

DEGREE_DAYS
HEATING TOTAL     216               323    -107      316
 SINCE 7/1       7470              7098     372     7618
COOLING TOTAL      40                10      30        1
 SINCE 1/1         40                11      29        1
..............................................................



-  INDICATES NEGATIVE NUMBERS.
R  INDICATES RECORD WAS SET OR TIED.
MM INDICATES DATA IS MISSING.
T  INDICATES TRACE AMOUNT.

&&

WHILE THE FIRST FOUR MONTHS OF 2015 WERE BELOW NORMAL AT THE
NATIONAL WEATHER SERVICE OFFICE IN GRAY, MAY TURNED THINGS AROUND IN
A HURRY. IT WAS THE WARMEST MAY IN THE SHORT 20-YEAR HISTORY OF
OBSERVATIONS. THE WARM WEATHER FIRST ARRIVED NEAR THE BEGINNING OF
THE MONTH WITH SEVERAL DAYS OF ABOVE NORMAL TEMPERATURES. BY THE 7TH
THE TEMPERATURE SURPASSED 80 DEGREES FOR THE FIRST TIME THIS YEAR.
MORE SEASONABLE WEATHER RETURNED FOR THE MIDDLE OF THE MONTH ALONG
WITH OCCASIONAL LIGHT RAIN. BUT THE WARMTH RETURNED FOR THE LAST
WEEK OF THE MONTH HELPING TO MAKE THIS THE WARMEST MAY ON RECORD.

THE AVERAGE TEMPERATURE FOR THE MONTH WAS 59.0 DEGREES WHICH WAS 4.1
DEGREES ABOVE NORMAL AND THE WARMEST ON RECORD. THE PREVIOUS WARMEST
MAY WAS 2010 WHEN THE AVERAGE TEMPERATURE WAS 58.8 DEGREES. THE
COOLEST MAY WAS 2005 WITH AN AVERAGE TEMPERATURE OF 49.4 DEGREES.

A TOTAL OF 2.07 INCHES OF RAIN FELL WHICH WAS 1.83 INCHES BELOW
NORMAL. THE HEAVIEST RAIN FELL ON THE LAST DAY OF THE MONTH WHEN
0.62 INCHES WAS OBSERVED ON THE 31ST. THE WETTEST MAY WAS 2006 WHEN
8.54 INCHES FELL. THE DRIEST WAS 2001 WHEN ONLY 1.17 INCHES WAS
MEASURED.

NO SNOW FELL DURING MAY BUT HAIL WAS OBSERVED ON THE 26TH AND IS
RECORDED AS A TRACE OF FROZEN PRECIPITATION. SINCE OBSERVATIONS
BEGAN AT THE WEATHER SERVICE OFFICE IN GRAY 20 YEARS AGO THERE HAS
YET TO BE MEASURABLE SNOWFALL IN THE MONTH OF MAY.

$$

KIMBLE
