485
CXUS53 KFSD 011650
CLMHON

CLIMATE REPORT
NATIONAL WEATHER SERVICE SIOUX FALLS SD
1045 AM CST FRI DEC 1 2017

...................................

...THE HURON CLIMATE SUMMARY FOR THE MONTH OF NOVEMBER 2017...

CLIMATE NORMAL PERIOD 1981 TO 2010
CLIMATE RECORD PERIOD 1881 TO 2017

WEATHER         OBSERVED          NORMAL  DEPART  LAST YEAR`S
                 VALUE   DATE(S)  VALUE   FROM    VALUE  DATE(S)
                                          NORMAL
................................................................
TEMPERATURE (F)
RECORD
 HIGH              86   11/08/1999
 LOW              -28   11/28/1887
HIGHEST            70   11/27        MM      MM       77  11/05
LOWEST              8   11/22        MM      MM       12  11/19
                        11/21
AVG. MAXIMUM     46.2              43.0     3.2     53.2
AVG. MINIMUM     21.9              22.2    -0.3     29.8
MEAN             34.0              32.6     1.4     41.5
DAYS MAX >= 90      0               0.0     0.0        0
DAYS MAX <= 32      4               6.7    -2.7        3
DAYS MIN <= 32     27              24.9     2.1       20
DAYS MIN <= 0       0               1.1    -1.1        0

PRECIPITATION (INCHES)
RECORD
 MAXIMUM         3.95   2005
 MINIMUM            T   1939
                        1914
                        1912
TOTALS           0.08              0.87   -0.79     1.24
DAILY AVG.       0.00              0.03   -0.03     0.04
DAYS >= .01         2               5.7    -3.7        8
DAYS >= .10         0               2.1    -2.1        3
DAYS >= .50         0               0.3    -0.3        1
DAYS >= 1.00        0               0.1    -0.1        0
GREATEST
 24 HR. TOTAL    0.07   11/06 TO 11/06

SNOWFALL (INCHES)
RECORDS
 TOTAL           32.7   1985
TOTALS            1.3               7.2    -5.9      4.7
SINCE 7/1         1.3               8.3    -7.0      4.7
SNOWDEPTH AVG.      0                MM      MM        0
DAYS >= 1.0         1               1.8    -0.8        1
GREATEST
 SNOW DEPTH         1   11/07                          4  11/19
                                                          11/18
 24 HR TOTAL      1.2   11/06 TO 11/06

DEGREE_DAYS
HEATING TOTAL     921               972     -51      699
 SINCE 7/1       1565              1702    -137     1208
COOLING TOTAL       0                 0       0        0
 SINCE 1/1        730               742     -12      887
.................................................................

WIND (MPH)
AVERAGE WIND SPEED              10.5
HIGHEST WIND SPEED/DIRECTION    36/190    DATE  11/29
HIGHEST GUST SPEED/DIRECTION    49/190    DATE  11/29

SKY COVER
POSSIBLE SUNSHINE (PERCENT)   MM
AVERAGE SKY COVER           0.30
NUMBER OF DAYS FAIR           20
NUMBER OF DAYS PC              7
NUMBER OF DAYS CLOUDY          3

AVERAGE RH (PERCENT)     69

WEATHER CONDITIONS. NUMBER OF DAYS WITH
THUNDERSTORM              0     MIXED PRECIP               0
HEAVY RAIN                0     RAIN                       0
LIGHT RAIN                4     FREEZING RAIN              0
LT FREEZING RAIN          0     HAIL                       0
HEAVY SNOW                0     SNOW                       0
LIGHT SNOW                6     SLEET                      0
FOG                       7     FOG W/VIS <= 1/4 MILE      1
HAZE                      0

-  INDICATES NEGATIVE NUMBERS.
R  INDICATES RECORD WAS SET OR TIED.
MM INDICATES DATA IS MISSING.
T  INDICATES TRACE AMOUNT.

$$
