000
CXUS56 KSEW 011038
CLMHQM


CLIMATE REPORT
NATIONAL WEATHER SERVICE SEATTLE WA
337 AM PDT SUN MAY 1 2016

...................................

...THE HOQUIAM WA AIRPORT CLIMATE SUMMARY FOR THE MONTH OF APRIL 2016...

CLIMATE NORMAL PERIOD 1981 TO 2010
CLIMATE RECORD PERIOD 1953 TO 2016

WEATHER         OBSERVED          NORMAL  DEPART  LAST YEAR`S
                 VALUE   DATE(S)  VALUE   FROM    VALUE  DATE(S)
                                          NORMAL
................................................................
TEMPERATURE (F)
RECORD
 HIGH              84   04/30/2014
 LOW               27   04/17/1964
HIGHEST            80   04/18        MM      MM       79  04/27
                        04/17
                        04/07
LOWEST             35   04/06        MM      MM       33  04/15
AVG. MAXIMUM     61.5              55.5     6.0     57.6
AVG. MINIMUM     46.2              41.9     4.3     40.5
MEAN             53.8              48.7     5.1     49.0
DAYS MAX >= 90      0               0.0     0.0        0
DAYS MAX <= 32      0               0.0     0.0        0
DAYS MIN <= 32      0               1.1    -1.1        0
DAYS MIN <= 0       0               0.0     0.0        0

PRECIPITATION (INCHES)
RECORD
 MAXIMUM        10.27   1996
 MINIMUM         0.78   1956
TOTALS           2.68              5.10   -2.42     3.22
DAILY AVG.       0.09              0.17   -0.08     0.11
DAYS >= .01        12              17.7    -5.7       19
DAYS >= .10         7              12.0    -5.0        8
DAYS >= .50         1               3.1    -2.1        2
DAYS >= 1.00        0               0.7    -0.7        0
GREATEST
 24 HR. TOTAL    0.52   04/11 TO 04/12
                        04/12 TO 04/12
                        04/12 TO 04/13

DEGREE_DAYS
HEATING TOTAL     329               489    -160      472
COOLING TOTAL       4                 0       4        0
 SINCE 1/1          4                 0       4        0
.................................................................

WIND (MPH)
AVERAGE WIND SPEED              8.7
HIGHEST WIND SPEED/DIRECTION    29/150    DATE  04/13
HIGHEST GUST SPEED/DIRECTION    41/170    DATE  04/13

SKY COVER
POSSIBLE SUNSHINE (PERCENT)   MM
AVERAGE SKY COVER           0.40
NUMBER OF DAYS FAIR           12
NUMBER OF DAYS PC              7
NUMBER OF DAYS CLOUDY          7

AVERAGE RH (PERCENT)     78

WEATHER CONDITIONS. NUMBER OF DAYS WITH
THUNDERSTORM              0     MIXED PRECIP               0
HEAVY RAIN                1     RAIN                       4
LIGHT RAIN               13     FREEZING RAIN              0
LT FREEZING RAIN          0     HAIL                       0
HEAVY SNOW                0     SNOW                       0
LIGHT SNOW                0     SLEET                      0
FOG                      21     FOG W/VIS <= 1/4 MILE      2
HAZE                      0

-  INDICATES NEGATIVE NUMBERS.
R  INDICATES RECORD WAS SET OR TIED.
MM INDICATES DATA IS MISSING.
T  INDICATES TRACE AMOUNT.

$$
