000
CXUS53 KGID 011536
CLMHSI


CLIMATE REPORT
NATIONAL WEATHER SERVICE HASTINGS NE
1035 AM CDT SAT OCT 1 2016

...................................

...THE HASTINGS NE CLIMATE SUMMARY FOR THE MONTH OF SEPTEMBER 2016...

CLIMATE NORMAL PERIOD 1981 TO 2010
CLIMATE RECORD PERIOD 1894 TO 2016

WEATHER         OBSERVED          NORMAL  DEPART  LAST YEAR`S
                 VALUE   DATE(S)  VALUE   FROM    VALUE  DATE(S)
                                          NORMAL
................................................................
TEMPERATURE (F)
RECORD
 HIGH             105   09/04/1945
 LOW               26   09/22/1995
HIGHEST            93   09/20        95      -2       97  09/03
LOWEST             39   09/29        37       2       47  09/30
AVG. MAXIMUM     78.6              77.4     1.2     83.3
AVG. MINIMUM     56.1              53.9     2.2     60.3
MEAN             67.3              65.6     1.7     71.8
DAYS MAX >= 90      2               2.7    -0.7        8
DAYS MAX <= 32      0               0.0     0.0        0
DAYS MIN <= 32      0               0.0     0.0        0
DAYS MIN <= 0       0               0.0     0.0        0

PRECIPITATION (INCHES)
RECORD
 MAXIMUM        12.61   1973
 MINIMUM         0.23   1948
TOTALS           1.80              2.56   -0.76     1.12
DAILY AVG.       0.06              0.09   -0.03     0.04
DAYS >= .01         9                MM      MM       10
DAYS >= .10         6                MM      MM        4
DAYS >= .50         0                MM      MM        0
DAYS >= 1.00        0                MM      MM        0
GREATEST
 24 HR. TOTAL    0.54   09/03 TO 09/04

SNOWFALL (INCHES)
RECORDS
 TOTAL            6.0   1985
TOTALS            0.0               0.2    -0.2      0.0
SINCE 7/1         0.0               0.2    -0.2      0.0
SNOWDEPTH AVG.      0                MM      MM        0
DAYS >= 1.0         0                MM      MM        0
GREATEST
 SNOW DEPTH         0   MM                             0  MM

DEGREE_DAYS
HEATING TOTAL      63                90     -27       19
 SINCE 7/1         67                96     -29       34
COOLING TOTAL     138               110      28      226
 SINCE 1/1       1186              1063     123     1069
.................................................................

WIND (MPH)
AVERAGE WIND SPEED              9.2
HIGHEST WIND SPEED/DIRECTION    31/160    DATE  09/04
HIGHEST GUST SPEED/DIRECTION    43/160    DATE  09/03

SKY COVER
POSSIBLE SUNSHINE (PERCENT)   MM
AVERAGE SKY COVER           0.20
NUMBER OF DAYS FAIR           21
NUMBER OF DAYS PC              6
NUMBER OF DAYS CLOUDY          3

AVERAGE RH (PERCENT)     69

WEATHER CONDITIONS. NUMBER OF DAYS WITH
THUNDERSTORM              0     MIXED PRECIP               0
HEAVY RAIN                2     RAIN                       5
LIGHT RAIN               10     FREEZING RAIN              0
LT FREEZING RAIN          0     HAIL                       0
HEAVY SNOW                0     SNOW                       0
LIGHT SNOW                0     SLEET                      0
FOG                      10     FOG W/VIS <= 1/4 MILE      2
HAZE                      5

-  INDICATES NEGATIVE NUMBERS.
R  INDICATES RECORD WAS SET OR TIED.
MM INDICATES DATA IS MISSING.
T  INDICATES TRACE AMOUNT.

$$
