000
CXUS54 KHUN 041934
CLMHSV


CLIMATE REPORT
NATIONAL WEATHER SERVICE HUNTSVILLE AL
233 PM CDT WED MAY 4 2016

...................................

...THE HUNTSVILLE CLIMATE SUMMARY FOR THE MONTH OF APRIL 2016...

CLIMATE NORMAL PERIOD 1981 TO 2010
CLIMATE RECORD PERIOD 1894 TO 2016

WEATHER         OBSERVED          NORMAL  DEPART  LAST YEAR`S
                 VALUE   DATE(S)  VALUE   FROM    VALUE
                                          NORMAL
.............................................................
TEMPERATURE (F)
RECORD
 HIGH              95   04/22/1925
 LOW               24   04/01/1923
HIGHEST            87   04/28        MM      MM       84
                        04/26
LOWEST             40   04/09        MM      MM       38
AVG. MAXIMUM     75.3              73.6     1.7     75.0
AVG. MINIMUM     51.5              50.0     1.5     53.9
MEAN             63.4              61.8     1.6     64.4
DAYS MAX >= 90      0               0.4    -0.4        0
DAYS MAX <= 32      0               0.0     0.0        0
DAYS MIN <= 32      0               0.6    -0.6        0
DAYS MIN <= 0       0               0.0     0.0        0

PRECIPITATION (INCHES)
RECORD
 MAXIMUM        14.00   1911
 MINIMUM         0.25   1906
TOTALS           2.24              4.32   -2.08     6.94
DAILY AVG.       0.07              0.14   -0.07     0.23
DAYS >= .01         9              10.1    -1.1       15
DAYS >= .10         4               6.7    -2.7       14
DAYS >= .50         1               3.1    -2.1        5
DAYS >= 1.00        1               1.3    -0.3        1
GREATEST
 24 HR. TOTAL    1.85   03/31 TO 04/01              1.86

SNOWFALL (INCHES)
RECORDS
 TOTAL              T   2014
                        2004
                        1993
 24 HR TOTAL        T   04/15/2014 TO 04/15/2014
                        04/13/2004 TO 04/13/2004
                        04/13/2004 TO 04/02/1993
TOTALS            0.0               0.0     0.0      0.0
SINCE 7/1         0.4               2.4    -2.0      9.8
DAYS >= TRACE       0               0.0     0.0        0
DAYS >= 1.0         0               0.0     0.0        0
GREATEST
 SNOW DEPTH         0   MM                             0
 24 HR TOTAL      0.0   04/30 TO 04/30

DEGREE_DAYS
HEATING TOTAL     104               154     -50       68
 SINCE 7/1       2233              2974    -741     3016
COOLING TOTAL      66                58       8       58
 SINCE 1/1         91                72      19       63

FREEZE DATES
RECORD
 EARLIEST     10/09/2000
 LATEST       05/02/1909
EARLIEST                        11/05
LATEST                          03/30
..............................................................

WIND (MPH)
AVERAGE WIND SPEED              7.5
HIGHEST WIND SPEED/DIRECTION    29/150    DATE  04/06
HIGHEST GUST SPEED/DIRECTION    38/150    DATE  04/06

AVERAGE RH (PERCENT)     58


-  INDICATES NEGATIVE NUMBERS.
R  INDICATES RECORD WAS SET OR TIED.
MM INDICATES DATA IS MISSING.
T  INDICATES TRACE AMOUNT.

$$
