000
CXUS53 KUNR 011604
CLMICR


CLIMATE REPORT
NATIONAL WEATHER SERVICE RAPID CITY SD
902 AM MST THU DEC 1 2016

...................................

...THE WINNER REGIONAL AIRPORT SD CLIMATE SUMMARY FOR THE MONTH OF NOVEMBER 2016...

CLIMATE NORMAL PERIOD 1981 TO 2010
CLIMATE RECORD PERIOD 9999 TO 9999

WEATHER         OBSERVED          NORMAL  DEPART  LAST YEAR`S
                 VALUE   DATE(S)  VALUE   FROM    VALUE  DATE(S)
                                          NORMAL
................................................................
TEMPERATURE (F)
HIGHEST            80   11/04                         75  11/01
LOWEST             15   11/19                          9  11/27
AVG. MAXIMUM     57.6              46.0    11.6     51.2
AVG. MINIMUM     35.4              25.8     9.6     29.6
MEAN             46.5              35.9    10.6     40.4
DAYS MAX >= 90      0                                  0
DAYS MAX <= 32      2                                  4
DAYS MIN <= 32     13                                 18
DAYS MIN <= 0       0                                  0

PRECIPITATION (INCHES)
TOTALS           0.29              0.62   -0.33     1.33
DAILY AVG.       0.01              0.02   -0.01     0.04
DAYS >= .01         5                                  6
DAYS >= .10         1                                  4
DAYS >= .50         0                                  0
DAYS >= 1.00        0                                  0
GREATEST
 24 HR. TOTAL    0.18   11/27 TO 11/27              0.59

DEGREE_DAYS
HEATING TOTAL     548               873    -325      732
 SINCE 7/1        870              1471    -601     1095
COOLING TOTAL       0                 0       0        0
 SINCE 1/1       1193               916     277     1145
.................................................................

WIND (MPH)
AVERAGE WIND SPEED              12.7
HIGHEST WIND SPEED/DIRECTION    36/310    DATE  11/18
HIGHEST GUST SPEED/DIRECTION    47/300    DATE  11/28

AVERAGE RH (PERCENT)     61

WEATHER CONDITIONS. NUMBER OF DAYS WITH
THUNDERSTORM              0     MIXED PRECIP               0
HEAVY RAIN                0     RAIN                       0
LIGHT RAIN                6     FREEZING RAIN              0
LT FREEZING RAIN          0     HAIL                       0
HEAVY SNOW                0     SNOW                       1
LIGHT SNOW                5     SLEET                      0
FOG                       8     FOG W/VIS <= 1/4 MILE      0
HAZE                      3

-  INDICATES NEGATIVE NUMBERS.
R  INDICATES RECORD WAS SET OR TIED.
MM INDICATES DATA IS MISSING.
T  INDICATES TRACE AMOUNT.

$$
