583
CXUS51 KPHI 011219
CLMILG


CLIMATE REPORT
NATIONAL WEATHER SERVICE MOUNT HOLLY NJ
718 AM EST THU FEB 1 2018

...................................

...THE WILMINGTON CLIMATE SUMMARY FOR THE MONTH OF JANUARY 2018...

CLIMATE NORMAL PERIOD 1981 TO 2010
CLIMATE RECORD PERIOD 1894 TO 2018

WEATHER         OBSERVED          NORMAL  DEPART  LAST YEAR`S
                 VALUE   DATE(S)  VALUE   FROM    VALUE  DATE(S)
                                          NORMAL
................................................................
TEMPERATURE (F)
RECORD
 HIGH              75   01/26/1950
 LOW              -14   01/21/1985
                        01/22/1984
HIGHEST            63                60       3       68
LOWEST              2                 8      -6       10
AVG. MAXIMUM     40.6              40.2     0.4     44.5
AVG. MINIMUM     21.9              24.6    -2.7     30.6
MEAN             31.3              32.4    -1.1     37.6
DAYS MAX >= 90      0               0.0     0.0        0
DAYS MAX <= 32      9               6.4     2.6        3
DAYS MIN <= 32     24              23.8     0.2       16
DAYS MIN <= 0       0               0.4    -0.4        0

PRECIPITATION (INCHES)
RECORD
 MAXIMUM         8.41   1978
 MINIMUM         0.52   1981
TOTALS           2.44              3.01   -0.57     2.67
DAILY AVG.       0.08              0.10   -0.02     0.09
DAYS >= .01         8              10.5    -2.5       17
DAYS >= .10         5               5.5    -0.5        8
DAYS >= .50         1               2.1    -1.1        0
DAYS >= 1.00        1               0.8     0.2        0
GREATEST
 24 HR. TOTAL    1.25   01/12 TO 01/12              0.52

SNOWFALL (INCHES)
RECORDS
 TOTAL             MM   5
 24 HR TOTAL       MM
TOTALS            3.5               5.9    -2.4      4.5
SINCE 7/1        11.3               9.7     1.6      4.5
SNOWDEPTH AVG.      0                 2      -2        0
DAYS >= 1.0         1               1.8    -0.8        1
GREATEST
 SNOW DEPTH         2   01/07                          3  01/08
                        01/06
                        01/05
 24 HR TOTAL      2.6   01/04 TO 01/04               3.0

DEGREE_DAYS
HEATING TOTAL    1037              1010      27      841
 SINCE 7/1       2689              2787     -98     2396
COOLING TOTAL       0                 0       0        0
 SINCE 1/1          0                 0       0        0
.................................................................

WIND (MPH)
AVERAGE WIND SPEED              9.3
HIGHEST WIND SPEED/DIRECTION    39/310    DATE  01/04
HIGHEST GUST SPEED/DIRECTION    51/320    DATE  01/04

SKY COVER
POSSIBLE SUNSHINE (PERCENT)   MM
AVERAGE SKY COVER           0.40
NUMBER OF DAYS FAIR           15
NUMBER OF DAYS PC              8
NUMBER OF DAYS CLOUDY          8

AVERAGE RH (PERCENT)     65

WEATHER CONDITIONS. NUMBER OF DAYS WITH
THUNDERSTORM              0     MIXED PRECIP               0
HEAVY RAIN                2     RAIN                       4
LIGHT RAIN                7     FREEZING RAIN              0
LT FREEZING RAIN          1     HEAVY SNOW                 0
SNOW                      1     LIGHT SNOW                 5
SLEET                     0     FOG                       12
FOG W/VIS <= 1/4 MILE     5     HAZE                       0

-  INDICATES NEGATIVE NUMBERS.
R  INDICATES RECORD WAS SET OR TIED.
MM INDICATES DATA IS MISSING.
T  INDICATES TRACE AMOUNT.

$$
