000
CXUS52 KILM 011950
CLMILM


CLIMATE REPORT
NATIONAL WEATHER SERVICE WILMINGTON NC
349 PM EDT WED NOV 1 2017

...................................

...THE WILMINGTON NC CLIMATE SUMMARY FOR THE MONTH OF OCTOBER 2017...

CLIMATE NORMAL PERIOD 1981 TO 2010
CLIMATE RECORD PERIOD 1871 TO 2017

WEATHER         OBSERVED          NORMAL  DEPART  LAST YEAR`S
                 VALUE   DATE(S)  VALUE   FROM    VALUE  DATE(S)
                                          NORMAL
................................................................
TEMPERATURE (F)
RECORD
 HIGH              95   10/03/1986
                        10/05/1954
 LOW               27   10/27/1962
HIGHEST            89   10/12                         85  10/19
LOWEST             40   10/30                         43  10/26
AVG. MAXIMUM     78.4              75.7     2.7     77.6
AVG. MINIMUM     58.2              54.6     3.6     57.1
MEAN             68.3              65.2     3.1     67.4
DAYS MAX >= 90      0               0.2    -0.2        0
DAYS MAX <= 32      0               0.0     0.0        0
DAYS MIN <= 32      0               0.0     0.0        0
DAYS MIN <= 0       0               0.0     0.0        0

PRECIPITATION (INCHES)
RECORD
 MAXIMUM        15.91   2015
 MINIMUM         0.02   1943
TOTALS           6.51              3.89    2.62     6.78
DAILY AVG.       0.21              0.13    0.08     0.22
DAYS >= .01        10               9.0     1.0        5
DAYS >= .10         5               4.9     0.1        3
DAYS >= .50         3               2.2     0.8        2
DAYS >= 1.00        3               1.1     1.9        1
GREATEST
 24 HR. TOTAL    2.92   10/29 TO 10/29

SNOWFALL (INCHES)
RECORDS
 TOTAL             MM   MM
 24 HR TOTAL       MM
TOTALS            0.0               0.0     0.0      0.0
SINCE 7/1         0.0               0.0     0.0      0.0
DAYS >= TRACE       0               0.0     0.0        0
DAYS >= 1.0         0               0.0     0.0        0
GREATEST
 SNOW DEPTH         0   MM                             0  MM
 24 HR TOTAL      0.0   10/31 TO 10/31

DEGREE_DAYS
HEATING TOTAL      62                92     -30       46
COOLING TOTAL     169                97      72      125
..................................................

WIND (MPH)
AVERAGE WIND SPEED              6.8
RESULTANT WIND SPEED/DIRECTION   1/052
HIGHEST WIND SPEED/DIRECTION    26/300    DATE  10/29
HIGHEST GUST SPEED/DIRECTION    36/300    DATE  10/29

SKY COVER
POSSIBLE SUNSHINE (PERCENT)   MM
AVERAGE SKY COVER           0.30
NUMBER OF DAYS FAIR           18
NUMBER OF DAYS PC             10
NUMBER OF DAYS CLOUDY          3

AVERAGE RH (PERCENT)     74

WEATHER CONDITIONS. NUMBER OF DAYS WITH
THUNDERSTORM              5     MIXED PRECIP               0
HEAVY RAIN                6     RAIN                       5
LIGHT RAIN               11     FREEZING RAIN              0
LT FREEZING RAIN          0     HAIL                       0
HEAVY SNOW                0     SNOW                       0
LIGHT SNOW                0     SLEET                      0
FOG                      16     FOG W/VIS <= 1/4 MILE      0
HAZE                      3

-  INDICATES NEGATIVE NUMBERS.
R  INDICATES RECORD WAS SET OR TIED.
MM INDICATES DATA IS MISSING.
T  INDICATES TRACE AMOUNT.

$$
