000
CXUS52 KILM 012003
CLMILM


CLIMATE REPORT
NATIONAL WEATHER SERVICE WILMINGTON NC
400 PM EDT SAT JUL 1 2017

...................................

...THE WILMINGTON NC CLIMATE SUMMARY FOR THE MONTH OF JUNE 2017...

CLIMATE NORMAL PERIOD 1981 TO 2010
CLIMATE RECORD PERIOD 1871 TO 2017

WEATHER         OBSERVED          NORMAL  DEPART  LAST YEAR`S
                 VALUE   DATE(S)  VALUE   FROM    VALUE  DATE(S)
                                          NORMAL
................................................................
TEMPERATURE (F)
RECORD
 HIGH             104   06/27/1952
 LOW               48   06/02/1983
HIGHEST            93   06/24                         96  06/12
LOWEST             54   06/09                         58  06/20
                                                          06/09
AVG. MAXIMUM     86.2              86.9    -0.7     87.9
AVG. MINIMUM     68.9              68.7     0.2     69.5
MEAN             77.6              77.8    -0.2     78.7
DAYS MAX >= 90      4               8.8    -4.8       10
DAYS MAX <= 32      0               0.0     0.0        0
DAYS MIN <= 32      0               0.0     0.0        0
DAYS MIN <= 0       0               0.0     0.0        0

PRECIPITATION (INCHES)
RECORD
 MAXIMUM        12.87   1962
 MINIMUM         0.89   1984
TOTALS          10.11              5.18    4.93     6.63
DAILY AVG.       0.34              0.17    0.17     0.22
DAYS >= .01        14              12.8     1.2       11
DAYS >= .10         9               7.0     2.0        7
DAYS >= .50         3               3.4    -0.4        6
DAYS >= 1.00        1               1.5    -0.5        4
GREATEST
 24 HR. TOTAL    6.62   06/30 TO 06/30

SNOWFALL (INCHES)
RECORDS
 TOTAL             MM   MM
 24 HR TOTAL       MM
TOTALS            0.0               0.0     0.0      0.0
SINCE 7/1         1.1               1.7    -0.6        T
DAYS >= TRACE       0               0.0     0.0        0
DAYS >= 1.0         0               0.0     0.0        0
GREATEST
 SNOW DEPTH         0   MM                             0  MM
 24 HR TOTAL      0.0   MM

DEGREE_DAYS
HEATING TOTAL       2                 2       0        0
COOLING TOTAL     388               385       3      418
.................................................

WIND (MPH)
AVERAGE WIND SPEED              6.8
RESULTANT WIND SPEED/DIRECTION   3/202
HIGHEST WIND SPEED/DIRECTION    23/220    DATE  06/24
HIGHEST GUST SPEED/DIRECTION    32/220    DATE  06/24

SKY COVER
POSSIBLE SUNSHINE (PERCENT)   MM
AVERAGE SKY COVER           0.30
NUMBER OF DAYS FAIR           19
NUMBER OF DAYS PC              9
NUMBER OF DAYS CLOUDY          2

AVERAGE RH (PERCENT)     76

WEATHER CONDITIONS. NUMBER OF DAYS WITH
THUNDERSTORM             10     MIXED PRECIP               0
HEAVY RAIN                6     RAIN                      10
LIGHT RAIN               14     FREEZING RAIN              0
LT FREEZING RAIN          0     HAIL                       0
HEAVY SNOW                0     SNOW                       0
LIGHT SNOW                0     SLEET                      0
FOG                      14     FOG W/VIS <= 1/4 MILE      3
HAZE                      1

-  INDICATES NEGATIVE NUMBERS.
R  INDICATES RECORD WAS SET OR TIED.
MM INDICATES DATA IS MISSING.
T  INDICATES TRACE AMOUNT.

$$
