000
CXUS53 KLBF 011141
CLMIML


CLIMATE REPORT
NATIONAL WEATHER SERVICE NORTH PLATTE
541 AM CST THU JAN 1 2015

...................................

...THE IMPERIAL NE CLIMATE SUMMARY FOR THE MONTH OF DECEMBER 2014...

CLIMATE NORMAL PERIOD 1981 TO 2010
CLIMATE RECORD PERIOD 1893 TO 2014

WEATHER         OBSERVED          NORMAL  DEPART  LAST YEAR`S
                 VALUE   DATE(S)  VALUE   FROM    VALUE  DATE(S)
                                          NORMAL
................................................................
TEMPERATURE (F)
RECORD
 HIGH              79   12/06/1939
 LOW              -34   12/22/1989
HIGHEST            67   12/02        63       4       69  12/18
LOWEST            -18   12/31        -5     -13      -10  12/08
AVG. MAXIMUM     40.9              41.2    -0.3     41.7
AVG. MINIMUM     14.9              15.6    -0.7     12.9
MEAN             27.9              28.4    -0.5     27.3
DAYS MAX >= 90      0               0.0     0.0        0
DAYS MAX <= 32     12               6.8     5.2        9
DAYS MIN <= 32     30              30.6    -0.6       30
DAYS MIN <= 0       4               2.1     1.9        5

PRECIPITATION (INCHES)
RECORD
 MAXIMUM         3.85   1913
 MINIMUM         0.00   2001
                        1980
TOTALS           0.35              0.40   -0.05     0.07
DAILY AVG.       0.01              0.01    0.00     0.00
DAYS >= .01         3                MM      MM        2
DAYS >= .10         1                MM      MM        0
DAYS >= .50         0                MM      MM        0
DAYS >= 1.00        0                MM      MM        0
GREATEST
 24 HR. TOTAL    0.27   12/14 TO 12/14           12/08 TO 12/08
                                                          12/08 TO 12/08
                                                          12/08 TO 12/08

SNOWFALL (INCHES)
TOTALS             MM

DEGREE_DAYS
HEATING TOTAL    1141              1134       7     1160
 SINCE 7/1       2455              2515     -60     2501
COOLING TOTAL       0                 0       0        0
 SINCE 1/1        955               963      -8     1166
.........................................................

WIND (MPH)
HIGHEST WIND SPEED/DIRECTION    39/340    DATE  12/15
HIGHEST GUST SPEED/DIRECTION    48/340    DATE  12/15

AVERAGE RH (PERCENT)     68

WEATHER CONDITIONS. NUMBER OF DAYS WITH
THUNDERSTORM              0     MIXED PRECIP               0
HEAVY RAIN                0     RAIN                       0
LIGHT RAIN                1     FREEZING RAIN              0
LT FREEZING RAIN          3     HAIL                       0
HEAVY SNOW                1     SNOW                       3
LIGHT SNOW                7     SLEET                      0
FOG                      17     FOG W/VIS <= 1/4 MILE      5
HAZE                     10

-  INDICATES NEGATIVE NUMBERS.
R  INDICATES RECORD WAS SET OR TIED.
MM INDICATES DATA IS MISSING.
T  INDICATES TRACE AMOUNT.

$$
