000
CXUS53 KLBF 011240
CLMIML

CLIMATE REPORT
NATIONAL WEATHER SERVICE NORTH PLATTE
727 AM CDT FRI APR 1 2016

...................................

...THE IMPERIAL NE CLIMATE SUMMARY FOR THE MONTH OF MARCH 2016...

CLIMATE NORMAL PERIOD 1981 TO 2010
CLIMATE RECORD PERIOD 1893 TO 2016

WEATHER         OBSERVED          NORMAL  DEPART  LAST YEAR`S
                 VALUE   DATE(S)  VALUE   FROM    VALUE  DATE(S)
                                          NORMAL
................................................................
TEMPERATURE (F)
RECORD
 HIGH              89   03/16/2015
                        03/29/1967
                        03/31/1946
 LOW              -24   03/03/1960
HIGHEST            81   03/21        78       3       89  03/16
LOWEST              5   03/20         7      -2        4  03/05
AVG. MAXIMUM     60.0              54.1     5.9     63.2
AVG. MINIMUM     27.4              25.6     1.8     27.6
MEAN             43.7              39.8     3.9     45.4
DAYS MAX >= 90      0               0.0     0.0        0
DAYS MAX <= 32      0               1.5    -1.5        2
DAYS MIN <= 32     25              25.5    -0.5       21
DAYS MIN <= 0       0               0.2    -0.2        0

PRECIPITATION (INCHES)
RECORD
 MAXIMUM         6.15   1981
 MINIMUM         0.10   1968
TOTALS           0.48              1.07   -0.59     0.16
DAILY AVG.       0.02              0.03   -0.01     0.01
DAYS >= .01         5                MM      MM        5
DAYS >= .10         1                MM      MM        0
DAYS >= .50         0                MM      MM        0
DAYS >= 1.00        0                MM      MM        0
GREATEST
 24 HR. TOTAL    0.37   03/23 TO 03/23           03/23 TO 03/23
                                                          03/23 TO 03/23
                                                          03/23 TO 03/23

SNOWFALL (INCHES)
TOTALS             MM

DEGREE_DAYS
HEATING TOTAL     653               780    -127      599
 SINCE 7/1       4667              5369    -702     5048
COOLING TOTAL       0                 0       0        0
 SINCE 1/1          0                 0       0        0
....................................................

WIND (MPH)
HIGHEST WIND SPEED/DIRECTION    46/340    DATE  03/23
HIGHEST GUST SPEED/DIRECTION    55/330    DATE  03/15

AVERAGE RH (PERCENT)     53

WEATHER CONDITIONS. NUMBER OF DAYS WITH
THUNDERSTORM              0     MIXED PRECIP               0
HEAVY RAIN                0     RAIN                       1
LIGHT RAIN                2     FREEZING RAIN              0
LT FREEZING RAIN          0     HAIL                       0
HEAVY SNOW                0     SNOW                       0
LIGHT SNOW                3     SLEET                      0
FOG                       1     FOG W/VIS <= 1/4 MILE      0
HAZE                      0

-  INDICATES NEGATIVE NUMBERS.
R  INDICATES RECORD WAS SET OR TIED.
MM INDICATES DATA IS MISSING.
T  INDICATES TRACE AMOUNT.

$$
