000
CXUS53 KIND 011514
CLMIND


CLIMATE REPORT
NATIONAL WEATHER SERVICE INDIANAPOLIS IN
1110 AM EDT TUE JUL 1 2014

...................................

...THE INDIANAPOLIS IN CLIMATE SUMMARY FOR THE MONTH OF JUNE 2014...

CLIMATE NORMAL PERIOD 1981 TO 2010
CLIMATE RECORD PERIOD 1871 TO 2014

WEATHER         OBSERVED          NORMAL  DEPART  LAST YEAR`S
                 VALUE   DATE(S)  VALUE   FROM    VALUE  DATE(S)
                                          NORMAL
................................................................
TEMPERATURE (F)
RECORD
 HIGH             104   06/28/2012
 LOW               37   06/22/1992
HIGHEST            88   06/23                         89  06/27
                        06/19                             06/25
                        06/18                             06/22
LOWEST             52   06/14                         48  06/03
AVG. MAXIMUM     81.4              81.9    -0.5     81.2
AVG. MINIMUM     63.9              62.1     1.8     62.7
MEAN             72.7              72.0     0.7     72.0
DAYS MAX >= 90      0               2.7    -2.7        0
DAYS MAX <= 32      0               0.0     0.0        0
DAYS MIN <= 32      0               0.0     0.0        0
DAYS MIN <= 0       0               0.0     0.0        0

PRECIPITATION (INCHES)
RECORD
 MAXIMUM        12.21   1875
 MINIMUM         0.09   2012
TOTALS           7.04              4.25    2.79     3.66
DAILY AVG.       0.23              0.14    0.09     0.12
DAYS >= .01        16              11.1     4.9       10
DAYS >= .10        10               7.4     2.6        8
DAYS >= .50         7               3.0     4.0        2
DAYS >= 1.00        2               1.1     0.9        1
GREATEST
 24 HR. TOTAL    1.43   06/03 TO 06/04

SNOWFALL (INCHES)
RECORDS
 TOTAL             MM   MM
 SNOW DEPTH        MM   MM
TOTALS            0.0               0.0     0.0      0.0
SINCE 7/1        55.7              25.9    29.8     34.5
SNOWDEPTH AVG.      0
DAYS >= 1.0         0               0.0     0.0        0
DAYS >= 0.1         0                                  0
GREATEST
 SNOW DEPTH         0   MM                             0  MM
 24 HR TOTAL      0.0   06/01 TO 06/30               0.0  MM

DEGREE_DAYS
HEATING TOTAL       2                16     -14        9
 SINCE 7/1       6208              5378     830     5405
COOLING TOTAL     238               226      12      226
 SINCE 1/1        342               310      32      355
.................................................

WIND (MPH)
AVERAGE WIND SPEED              9.0
HIGHEST WIND SPEED/DIRECTION    46/240    DATE  06/23
HIGHEST GUST SPEED/DIRECTION    57/230    DATE  06/23

SKY COVER
POSSIBLE SUNSHINE (PERCENT)   MM
AVERAGE SKY COVER           0.70
NUMBER OF DAYS FAIR            1
NUMBER OF DAYS PC             16
NUMBER OF DAYS CLOUDY         13

AVERAGE RH (PERCENT)     73

WEATHER CONDITIONS. NUMBER OF DAYS WITH
THUNDERSTORM             11     MIXED PRECIP               0
HEAVY RAIN                9     RAIN                       6
LIGHT RAIN               18     FREEZING RAIN              0
LT FREEZING RAIN          0     HAIL                       0
HEAVY SNOW                0     SNOW                       0
LIGHT SNOW                0     SLEET                      0
FOG                      17     FOG W/VIS <= 1/4 MILE      1
HAZE                      5

-  INDICATES NEGATIVE NUMBERS.
R  INDICATES RECORD WAS SET OR TIED.
MM INDICATES DATA IS MISSING.
T  INDICATES TRACE AMOUNT.

$$
