000
CXUS53 KDLH 021411 CCA
CLMINL


CLIMATE REPORT...CORRECTED
NATIONAL WEATHER SERVICE DULUTH MN
911 AM CDT SAT JUL 2 2016

...................................

...THE INTERNATIONAL FALLS MN CLIMATE SUMMARY FOR THE MONTH OF JUNE 2016...

CLIMATE NORMAL PERIOD 1981 TO 2010
CLIMATE RECORD PERIOD 1895 TO 2016

WEATHER         OBSERVED          NORMAL  DEPART  LAST YEAR`S
                 VALUE   DATE(S)  VALUE   FROM    VALUE  DATE(S)
                                          NORMAL
................................................................
TEMPERATURE (F)
RECORD
 HIGH              99   06/18/1995
                        06/17/1995
 LOW               23   06/01/1964
HIGHEST            85   06/19        MM      MM       82  06/27
                                                          06/26
                                                          06/25
LOWEST             30   06/08        MM      MM       30  06/01
AVG. MAXIMUM     72.2              73.2    -1.0     73.9
AVG. MINIMUM     47.2              48.4    -1.2     45.9
MEAN             59.7              60.8    -1.1     59.9
DAYS MAX >= 90      0               0.9    -0.9        0
DAYS MAX <= 32      0               0.0     0.0        0
DAYS MIN <= 32      1               0.3     0.7        1
DAYS MIN <= 0       0               0.0     0.0        0

PRECIPITATION (INCHES)
RECORD
 MAXIMUM        10.24   2014
 MINIMUM         0.70   1961
TOTALS           6.92              3.92    3.00     3.20
DAILY AVG.       0.23              0.13    0.10     0.11
DAYS >= .01        15              13.7     1.3       13
DAYS >= .10        10               7.8     2.2        7
DAYS >= .50         5               2.5     2.5        3
DAYS >= 1.00        1               0.7     0.3        0
GREATEST
 24 HR. TOTAL    2.68   06/25 TO 06/25

DEGREE_DAYS
HEATING TOTAL     167               164       3      149
 SINCE 7/1       8995             10221   -1226    10283
COOLING TOTAL      19                38     -19        4
 SINCE 1/1         21                47     -26        4
.................................................................

WIND (MPH)
AVERAGE WIND SPEED              6.9
HIGHEST WIND SPEED/DIRECTION    38/320    DATE  06/25
HIGHEST GUST SPEED/DIRECTION    52/320    DATE  06/25

SKY COVER
POSSIBLE SUNSHINE (PERCENT)   MM
AVERAGE SKY COVER           0.50
NUMBER OF DAYS FAIR           11
NUMBER OF DAYS PC             13
NUMBER OF DAYS CLOUDY          6

AVERAGE RH (PERCENT)     73

WEATHER CONDITIONS. NUMBER OF DAYS WITH
THUNDERSTORM              0     MIXED PRECIP               0
HEAVY RAIN                8     RAIN                      12
LIGHT RAIN               15     FREEZING RAIN              0
LT FREEZING RAIN          0     HAIL                       0
HEAVY SNOW                0     SNOW                       0
LIGHT SNOW                0     SLEET                      0
FOG                      17     FOG W/VIS <= 1/4 MILE      6
HAZE                      5

-  INDICATES NEGATIVE NUMBERS.
R  INDICATES RECORD WAS SET OR TIED.
MM INDICATES DATA IS MISSING.
T  INDICATES TRACE AMOUNT.
$$

.JUNE 2016 WAS COOLER THAN NORMAL WITH ABOVE NORMAL PRECIPITATION
AT INTERNATIONAL FALLS MN...

THE AVERAGE TEMPERATURE FOR JUNE WAS 59.7 DEGREES WHICH WAS 1.1
DEGREES BELOW THE NORMAL OF 60.8 DEGREES. THE HIGHEST TEMPERATURE
FOR THE MONTH WAS 85 DEGREES ON THE 19TH. THE LOWEST TEMPERATURE WAS
30 DEGREES ON THE 8TH. ONE DAILY TEMPERATURE RECORD WAS BROKEN FOR
THE MONTH. ON THE 8TH THE RECORD LOW OF 30 DEGREES WAS SET BREAKING
THE OLD RECORD OF 31 DEGREES SET IN 1978.

JUNE 2016 WAS ABOVE NORMAL FOR PRECIPITATION WITH A TOTAL OF 6.92
INCHES OF PRECIPITATION RECORDED FOR THE MONTH. THIS WAS 3.00 INCHES
ABOVE THE NORMAL OF 3.92 INCHES MAKING THIS THE 8TH WETTEST JUNE IN
STATION HISTORY. THE GREATEST AMOUNT OF PRECIPITATION IN A 24 HOUR
PERIOD OCCURRED ON THE 25TH WHEN 2.68 INCHES WAS RECORDED. AT LEAST
A TRACE OF PRECIPITATION WAS RECORDED ON 16 DAYS. AT LEAST 0.01 OF
AN INCH OF PRECIPITATION FELL ON 15 DAYS. AT LEAST 0.10 OF AN INCH
FELL ON 10 DAYS. AT LEAST 0.50 OF AN INCH FELL ON 5 DAYS. AT LEAST
1.00 INCH FELL ON 1 DAY. NO DAILY PRECIPITATION RECORDS WERE BROKEN
FOR THE MONTH.

THE AVERAGE WIND SPEED FOR THE MONTH WAS 6.9 MPH. THE WINDIEST DAY
FOR THE MONTH WAS ON THE 20TH WITH AN AVERAGE WIND OF 13.2 MPH. THE
HIGHEST SUSTAINED WIND OCCURRED ON THE 25TH WITH A SPEED OF 38 MPH
OUT OF THE NORTHWEST. A PEAK GUST OF 52 MPH FROM THE NORTHWEST WAS
RECORDED ON THE 25TH. THERE WERE 167 HEATING DEGREE DAYS FOR THE
MONTH WHICH WAS 3 ABOVE THE NORMAL OF 164. THIS BROUGHT THE
SEASONAL TOTAL TO 8995 WHICH WAS 1226 BELOW THE NORMAL OF 10221.
THERE WERE 19 COOLING DEGREE DAYS FOR THE MONTH WHICH WAS 19 BELOW
THE NORMAL OF 38. THE SEASONAL TOTAL COOLING DEGREE DAYS STANDS AT
21 WHICH IS 26 BELOW THE NORMAL OF 47. THE HIGHEST SEA LEVEL
PRESSURE READING FOR THE MONTH WAS 30.28 INCHES REACHED ON THE 28TH
AND THE LOWEST SEA LEVEL PRESSURE READING WAS 29.47 INCHES REACHED ON
THE 25TH.

THE OUTLOOK FOR JULY...NORMAL HIGHS BEGIN THE MONTH IN THE MID 70S
AND WARM TO THE UPPER 70S AT THE END OF THE MONTH. NORMAL LOWS FOR
THE MONTH ARE IN THE LOW 50S. NORMAL PRECIPITATION FOR JULY IS 3.70
INCHES. THE LATEST CPC OUTLOOK INDICATES THAT THERE IS A CHANCE OF
ABOVE NORMAL TEMPERATURES FOR JULY...WITH NO CLEAR INDICATION FOR
ABOVE OR BELOW NORMAL PRECIPITATION.


$$
