000
CXUS53 KEAX 012146
CLMIRK

CLIMATE REPORT
NATIONAL WEATHER SERVICE KANSAS CITY/PLEASANT HILL MO
345 PM CST FRI DEC 1 2017

...................................

...THE KIRKSVILLE CLIMATE SUMMARY FOR THE MONTH OF NOVEMBER 2017...

CLIMATE NORMAL PERIOD 1981 TO 2010
CLIMATE RECORD PERIOD 9999 TO 9999

WEATHER         OBSERVED          NORMAL  DEPART  LAST YEAR`S
                 VALUE   DATE(S)  VALUE   FROM    VALUE  DATE(S)
                                          NORMAL
................................................................
TEMPERATURE (F)
HIGHEST            73   11/24        71       2       78  11/01
LOWEST             15   11/22        14       1       20  11/20
AVG. MAXIMUM     52.5              50.3     2.2     59.1
AVG. MINIMUM     30.5              30.9    -0.4     37.9
MEAN             41.5              40.6     0.9     48.5
DAYS MAX >= 90      0               0.0     0.0        0
DAYS MAX <= 32      0               1.9    -1.9        0
DAYS MIN <= 32     19              16.4     2.6        7
DAYS MIN <= 0       0               0.0     0.0        0

PRECIPITATION (INCHES)
TOTALS           0.49              2.72   -2.23     1.74
DAILY AVG.       0.02              0.09   -0.07     0.06
DAYS >= .01         6               8.0    -2.0        6
DAYS >= .10         2               3.9    -1.9        3
DAYS >= .50         0               1.4    -1.4        1
DAYS >= 1.00        0               0.3    -0.3        1
GREATEST
 24 HR. TOTAL    0.28   11/18 TO 11/18

DEGREE_DAYS
HEATING TOTAL     695               732     -37      495
 SINCE 7/1       1019              1221    -202      722
COOLING TOTAL       0                 0       0        7
 SINCE 1/1       1121               939     182     1313
.................................................................

WIND (MPH)
AVERAGE WIND SPEED              9.2
HIGHEST WIND SPEED/DIRECTION    29/220    DATE  11/20
HIGHEST GUST SPEED/DIRECTION    41/240    DATE  11/20

SKY COVER
POSSIBLE SUNSHINE (PERCENT)   MM
AVERAGE SKY COVER           0.40
NUMBER OF DAYS FAIR           16
NUMBER OF DAYS PC              7
NUMBER OF DAYS CLOUDY          7

AVERAGE RH (PERCENT)     70

WEATHER CONDITIONS. NUMBER OF DAYS WITH
THUNDERSTORM              2     MIXED PRECIP               0
HEAVY RAIN                1     RAIN                       0
LIGHT RAIN                5     FREEZING RAIN              0
LT FREEZING RAIN          0     HAIL                       0
HEAVY SNOW                0     SNOW                       0
LIGHT SNOW                0     SLEET                      0
FOG                      11     FOG W/VIS <= 1/4 MILE      2
HAZE                      0

-  INDICATES NEGATIVE NUMBERS.
R  INDICATES RECORD WAS SET OR TIED.
MM INDICATES DATA IS MISSING.
T  INDICATES TRACE AMOUNT.

$$
