000
CXCA52 TJSJ 010442
CLMIST


CLIMATE REPORT
NATIONAL WEATHER SERVICE SAN JUAN, PR
1241 AM AST WED FEB 1 2017

...................................

...THE CYRIL E. KING AP/ST THOMAS  CLIMATE SUMMARY FOR THE MONTH OF JANUARY 2017...

CLIMATE NORMAL PERIOD 1981 TO 2010
CLIMATE RECORD PERIOD 1953 TO 2017

WEATHER         OBSERVED          NORMAL  DEPART  LAST YEAR`S
                 VALUE   DATE(S)  VALUE   FROM    VALUE  DATE(S)
                                          NORMAL
................................................................
TEMPERATURE (F)
RECORD
 HIGH              93   01/05/1996
                        01/03/1996
                        01/05/1989
 LOW               63   01/29/1996
                        01/08/1956
HIGHEST            86   01/09        85       1       87  01/26
                        01/01                             01/02
LOWEST             65   01/20        73      -8       71  01/14
                                                          01/13
                                                          01/12
AVG. MAXIMUM     83.6              85.1    -1.5     84.0
AVG. MINIMUM     72.6              72.5     0.1     73.4
MEAN             78.1              78.8    -0.7     78.7
DAYS MAX >= 90      0               1.3    -1.3        0
DAYS MAX <= 32      0               0.0     0.0        0
DAYS MIN <= 32      0               0.0     0.0        0
DAYS MIN <= 0       0               0.0     0.0        0

PRECIPITATION (INCHES)
RECORD
 MAXIMUM         4.83   2006
 MINIMUM         0.48   2013
TOTALS           1.17              2.38   -1.21     1.63
DAILY AVG.       0.04              0.08   -0.04     0.05
DAYS >= .01        14              14.7    -0.7       17
DAYS >= .10         5               5.6    -0.6        6
DAYS >= .50         0               0.9    -0.9        0
DAYS >= 1.00        0               0.3    -0.3        0
GREATEST
 24 HR. TOTAL    0.30   01/31 TO 01/31
                        01/30 TO 01/31
                        01/31 TO 01/31

SNOWFALL (INCHES)
TOTALS            0.0               0.0     0.0      0.0

DEGREE_DAYS
HEATING TOTAL       0                 0       0        0
COOLING TOTAL     415               428     -13      433
.................................................................

WIND (MPH)
AVERAGE WIND SPEED              10.3
HIGHEST WIND SPEED/DIRECTION    28/080    DATE  01/13
HIGHEST GUST SPEED/DIRECTION    49/080    DATE  01/13

SKY COVER
AVERAGE SKY COVER           0.30

AVERAGE RH (PERCENT)     72

WEATHER CONDITIONS. NUMBER OF DAYS WITH
THUNDERSTORM              0     MIXED PRECIP               0
HEAVY RAIN                4     RAIN                       3
LIGHT RAIN               13     FREEZING RAIN              0
LT FREEZING RAIN          0     HAIL                       0
HEAVY SNOW                0     SNOW                       0
LIGHT SNOW                0     SLEET                      0
FOG                       9     FOG W/VIS <= 1/4 MILE      0
HAZE                      4

-  INDICATES NEGATIVE NUMBERS.
R  INDICATES RECORD WAS SET OR TIED.
MM INDICATES DATA IS MISSING.
T  INDICATES TRACE AMOUNT.

$$
