000
CXCA52 TJSJ 010446
CLMISX


CLIMATE REPORT
NATIONAL WEATHER SERVICE SAN JUAN, PR
1245 AM AST THU DEC 1 2016

...................................

...THE HENRY E. ROHLSEN AP/ST CROIX CLIMATE SUMMARY FOR THE MONTH OF NOVEMBER 2016...

CLIMATE NORMAL PERIOD 1981 TO 2010
CLIMATE RECORD PERIOD 1951 TO 2016

WEATHER         OBSERVED          NORMAL  DEPART  LAST YEAR`S
                 VALUE   DATE(S)  VALUE   FROM    VALUE  DATE(S)
                                          NORMAL
................................................................
TEMPERATURE (F)
RECORD
 HIGH              93   11/08/1993
                        11/03/1960
                        11/02/1960
 LOW               61   11/12/2005
HIGHEST            89   11/24        90      -1       91  11/05
                        11/19                             11/01
                        11/16
LOWEST             68   11/29        78     -10       69  11/21
AVG. MAXIMUM     86.8              86.3     0.5     87.6
AVG. MINIMUM     75.2              75.0     0.2     75.1
MEAN             81.0              80.7     0.3     81.3
DAYS MAX >= 90      0               1.3    -1.3        4
DAYS MAX <= 32      0               0.0     0.0        0
DAYS MIN <= 32      0               0.0     0.0        0
DAYS MIN <= 0       0               0.0     0.0        0

PRECIPITATION (INCHES)
RECORD
 MAXIMUM        18.03   2003
 MINIMUM         1.11   1976
TOTALS           7.30              5.46    1.84     6.77
DAILY AVG.       0.24              0.20    0.04     0.23
DAYS >= .01        17              16.2     0.8       15
DAYS >= .10         8               9.1    -1.1       11
DAYS >= .50         5               2.8     2.2        3
DAYS >= 1.00        4               1.3     2.7        2
GREATEST
 24 HR. TOTAL    1.68   11/06 TO 11/07
                        11/07 TO 11/07
                        11/07 TO 11/08

SNOWFALL (INCHES)
TOTALS            0.0               0.0     0.0      0.0

DEGREE_DAYS
HEATING TOTAL       0                 0       0        0
COOLING TOTAL     489               470      19      496
.................................................................

WIND (MPH)
AVERAGE WIND SPEED              7.1
HIGHEST WIND SPEED/DIRECTION    24/090    DATE  11/26
HIGHEST GUST SPEED/DIRECTION    32/080    DATE  11/26

SKY COVER
AVERAGE SKY COVER           0.40

AVERAGE RH (PERCENT)     81

WEATHER CONDITIONS. NUMBER OF DAYS WITH
THUNDERSTORM              0     MIXED PRECIP               0
HEAVY RAIN                4     RAIN                       9
LIGHT RAIN               19     FREEZING RAIN              0
LT FREEZING RAIN          0     HAIL                       0
HEAVY SNOW                0     SNOW                       0
LIGHT SNOW                0     SLEET                      0
FOG                      14     FOG W/VIS <= 1/4 MILE      0
HAZE                      2

-  INDICATES NEGATIVE NUMBERS.
R  INDICATES RECORD WAS SET OR TIED.
MM INDICATES DATA IS MISSING.
T  INDICATES TRACE AMOUNT.

$$
