846
CXHW53 PHFO 011621
CLMITO


CLIMATE REPORT
NATIONAL WEATHER SERVICE HONOLULU HI
612 AM HST THU SEP 1 2016

...................................

...THE HILO HI CLIMATE SUMMARY FOR THE MONTH OF AUGUST 2016...

CLIMATE NORMAL PERIOD 1981 TO 2010
CLIMATE RECORD PERIOD 1946 TO 2016

WEATHER         OBSERVED          NORMAL  DEPART  LAST YEAR`S
                 VALUE   DATE(S)  VALUE   FROM    VALUE  DATE(S)
                                          NORMAL
................................................................
TEMPERATURE (F)
RECORD
 HIGH              93   08/15/1950
 LOW               64   08/12/1999
                        08/24/1988
                        08/20/1983
HIGHEST            88   08/08        83       5       MM  MM
                        08/07
LOWEST             68   08/21        69      -1       MM  MM
AVG. MAXIMUM     84.4              83.2     1.2       MM
AVG. MINIMUM     71.5              69.7     1.8       MM
MEAN             78.0              76.4     1.6       MM
DAYS MAX >= 90      0               0.0     0.0       MM
DAYS MAX <= 32      0               0.0     0.0       MM
DAYS MIN <= 32      0               0.0     0.0       MM
DAYS MIN <= 0       0               0.0     0.0       MM

PRECIPITATION (INCHES)
RECORD
 MAXIMUM        26.92   1991
 MINIMUM         2.66   1971
TOTALS          24.68              9.85   14.83       MM
DAILY AVG.       0.80              0.32    0.48       MM
DAYS >= .01        28              26.8     1.2       MM
DAYS >= .10        23              17.9     5.1       MM
DAYS >= .50        10               5.2     4.8       MM
DAYS >= 1.00        5               1.8     3.2       MM
GREATEST
 24 HR. TOTAL    9.35   08/22 TO 08/23                MM

SNOWFALL (INCHES)
RECORDS
 TOTAL             MM   5
TOTALS            0.0               0.0     0.0       MM
SINCE 7/1         0.0               0.0     0.0       MM
SNOWDEPTH AVG.      0                MM      MM       MM
DAYS >= 1.0         0               0.0     0.0       MM
GREATEST
 SNOW DEPTH         0   MM                            MM  MM
 24 HR TOTAL      0.0   08/31 TO 08/31                MM

DEGREE_DAYS
HEATING TOTAL       0                 0       0       MM
 SINCE 7/1          0                 0       0       MM
COOLING TOTAL     410               355      55       MM
 SINCE 1/1       2751              2072     679       MM
.................................................................

WIND (MPH)
AVERAGE WIND SPEED              6.2
HIGHEST WIND SPEED/DIRECTION    25/090    DATE  08/31
HIGHEST GUST SPEED/DIRECTION    30/100    DATE  08/31

SKY COVER
POSSIBLE SUNSHINE (PERCENT)   MM
AVERAGE SKY COVER           0.70
NUMBER OF DAYS FAIR            0
NUMBER OF DAYS PC             22
NUMBER OF DAYS CLOUDY          9

AVERAGE RH (PERCENT)     80

WEATHER CONDITIONS. NUMBER OF DAYS WITH
THUNDERSTORM              0     MIXED PRECIP               0
HEAVY RAIN               18     RAIN                      17
LIGHT RAIN               28     FREEZING RAIN              0
LT FREEZING RAIN          0     HAIL                       0
HEAVY SNOW                0     SNOW                       0
LIGHT SNOW                0     SLEET                      0
FOG                      29     FOG W/VIS <= 1/4 MILE      0
HAZE                      9

-  INDICATES NEGATIVE NUMBERS.
R  INDICATES RECORD WAS SET OR TIED.
MM INDICATES DATA IS MISSING.
T  INDICATES TRACE AMOUNT.

$$
