000
CXHW53 PHFO 210207
CLMITO


CLIMATE REPORT
NATIONAL WEATHER SERVICE HONOLULU HI
328 PM HST MON NOV 20 2017

...................................

...THE HILO HI CLIMATE SUMMARY FOR THE MONTH OF OCTOBER 2017...

CLIMATE NORMAL PERIOD 1981 TO 2010
CLIMATE RECORD PERIOD 1946 TO 2017

WEATHER         OBSERVED          NORMAL  DEPART  LAST YEAR`S
                 VALUE   DATE(S)  VALUE   FROM    VALUE  DATE(S)
                                          NORMAL
................................................................
TEMPERATURE (F)
RECORD
 HIGH              91   10/08/1979
                        10/02/1976
                        10/13/1972
 LOW               62   10/31/1985
                        10/24/1980
                        10/29/1970
HIGHEST            88   10/23        83       5       85  10/10
LOWEST             67   10/30        69      -2       65  10/26
                        10/29
                        10/07
AVG. MAXIMUM     83.5              82.6     0.9     82.2
AVG. MINIMUM     69.5              68.5     1.0     69.6
MEAN             76.5              75.6     0.9     75.9
DAYS MAX >= 90      0               0.0     0.0        0
DAYS MAX <= 32      0               0.0     0.0        0
DAYS MIN <= 32      0               0.0     0.0        0
DAYS MIN <= 0       0               0.0     0.0        0

PRECIPITATION (INCHES)
RECORD
 MAXIMUM        41.12   2015
 MINIMUM         2.40   1962
TOTALS          17.19              9.77    7.42    19.13
DAILY AVG.       0.55              0.32    0.23     0.62
DAYS >= .01        20              23.6    -3.6       26
DAYS >= .10        15              17.0    -2.0       24
DAYS >= .50         7               5.9     1.1       13
DAYS >= 1.00        6               2.3     3.7        6
GREATEST
 24 HR. TOTAL    5.48   10/24 TO 10/24              3.97

SNOWFALL (INCHES)
RECORDS
 TOTAL             MM   5
TOTALS            0.0               0.0     0.0      0.0
SINCE 7/1         0.0               0.0     0.0      0.0
SNOWDEPTH AVG.     MM                MM      MM        0
DAYS >= 1.0         0               0.0     0.0        0
GREATEST
 SNOW DEPTH        MM                                  0  MM
 24 HR TOTAL      0.0   10/31 TO 10/31               0.0

DEGREE_DAYS
HEATING TOTAL       0                 0       0        0
 SINCE 7/1          0                 0       0        0
COOLING TOTAL     366               327      39      344
 SINCE 1/1       3144              2735     409     3477
.................................................................

WIND (MPH)
AVERAGE WIND SPEED              6.7
HIGHEST WIND SPEED/DIRECTION    24/060    DATE  10/13
HIGHEST GUST SPEED/DIRECTION    33/060    DATE  10/16

SKY COVER
POSSIBLE SUNSHINE (PERCENT)   MM
AVERAGE SKY COVER             MM
NUMBER OF DAYS FAIR            0
NUMBER OF DAYS PC              0
NUMBER OF DAYS CLOUDY          0

AVERAGE RH (PERCENT)     MM

WEATHER CONDITIONS. NUMBER OF DAYS WITH
THUNDERSTORM              0     MIXED PRECIP               0
HEAVY RAIN                0     RAIN                       0
LIGHT RAIN                0     FREEZING RAIN              0
LT FREEZING RAIN          0     HAIL                       0
HEAVY SNOW                0     SNOW                       0
LIGHT SNOW                0     SLEET                      0
FOG                      20     FOG W/VIS <= 1/4 MILE      0
HAZE                     10

-  INDICATES NEGATIVE NUMBERS.
R  INDICATES RECORD WAS SET OR TIED.
MM INDICATES DATA IS MISSING.
T  INDICATES TRACE AMOUNT.

$$
