000
CXUS54 KMEG 021445
CLMJBR


CLIMATE REPORT
NATIONAL WEATHER SERVICE MEMPHIS TN
942 AM CDT TUE AUG 2 2016

...................................

...THE JONESBORO CLIMATE SUMMARY FOR THE MONTH OF JULY 2016...

CLIMATE NORMAL PERIOD 1981 TO 2010
CLIMATE RECORD PERIOD 1897 TO 2016

WEATHER         OBSERVED          NORMAL  DEPART  LAST YEAR`S
                 VALUE   DATE(S)  VALUE   FROM    VALUE  DATE(S)
                                          NORMAL
................................................................
TEMPERATURE (F)
RECORD
 HIGH             116   07/12/1901
 LOW               50   07/06/1915
                        07/25/1911
HIGHEST            99   07/22        92       7      96  07/29
                                                         07/20
                                                         07/19
LOWEST             69   07/16        71      -2      68  07/05
                        07/10                            07/04
AVG. MAXIMUM     91.9              90.8     1.1     90.6
AVG. MINIMUM     74.1              70.9     3.2     73.3
MEAN             83.0              80.8     2.2     82.0
DAYS MAX >= 90     25              18.7     6.3       20
DAYS MAX <= 32      0               0.0     0.0        0
DAYS MIN <= 32      0               0.0     0.0        0
DAYS MIN <= 0       0               0.0     0.0        0

PRECIPITATION (INCHES)
RECORD
 MAXIMUM         7.96   1922
 MINIMUM         0.08   1980
TOTALS           2.85              3.54   -0.69     6.60
DAILY AVG.       0.09              0.11   -0.02     0.21
DAYS >= .01        11                MM      MM       13
DAYS >= .10         9                MM      MM       10
DAYS >= .50         3                MM      MM        7
DAYS >= 1.00        0                MM      MM        1
GREATEST
 24 HR. TOTAL    0.73   07/14 TO 07/14

SNOWFALL (INCHES)
RECORDS
 TOTAL             MM   MM
TOTALS            0.0               0.0     0.0      0.0
SINCE 7/1         0.0               0.0     0.0      0.0
SNOWDEPTH AVG.      0                MM      MM        0
DAYS >= 1.0         0                MM      MM        0
GREATEST
 SNOW DEPTH         0   MM                             0  MM
 24 HR TOTAL      0.0   07/31 TO 07/31

DEGREE_DAYS
HEATING TOTAL       0                 0       0        0
 SINCE 7/1          0                 0       0        0
COOLING TOTAL     567               491      76      532
 SINCE 1/1       1252              1087     165     1137
.................................................................

WIND (MPH)
AVERAGE WIND SPEED              6.7
HIGHEST WIND SPEED/DIRECTION    33/070    DATE  07/22
HIGHEST GUST SPEED/DIRECTION    44/060    DATE  07/22

SKY COVER
POSSIBLE SUNSHINE (PERCENT)   MM
AVERAGE SKY COVER           0.20
NUMBER OF DAYS FAIR           28
NUMBER OF DAYS PC              3
NUMBER OF DAYS CLOUDY          0

AVERAGE RH (PERCENT)     74

WEATHER CONDITIONS. NUMBER OF DAYS WITH
THUNDERSTORM              0     MIXED PRECIP               0
HEAVY RAIN                5     RAIN                       6
LIGHT RAIN               14     FREEZING RAIN              0
LT FREEZING RAIN          0     HAIL                       0
HEAVY SNOW                0     SNOW                       0
LIGHT SNOW                0     SLEET                      0
FOG                      15     FOG W/VIS <= 1/4 MILE      0
HAZE                      1

-  INDICATES NEGATIVE NUMBERS.
R  INDICATES RECORD WAS SET OR TIED.
MM INDICATES DATA IS MISSING.
T  INDICATES TRACE AMOUNT.

$$
