000
CXUS51 KOKX 011652
CLMJFK

CLIMATE REPORT
NATIONAL WEATHER SERVICE NEW YORK NY
1148 AM EST WED FEB 1 2017



...THE KENNEDY NY CLIMATE SUMMARY FOR THE MONTH OF JANUARY 2017...

CLIMATE NORMAL PERIOD 1981 TO 2010
CLIMATE RECORD PERIOD 1948 TO 2017

WEATHER         OBSERVED          NORMAL  DEPART  LAST YEAR`S
                 VALUE   DATE(S)  VALUE   FROM    VALUE  DATE(S)
                                          NORMAL
................................................................
TEMPERATURE (F)
RECORD
 HIGH              71   01/06/2007
 LOW               -2   01/21/1985
HIGHEST            61   01/12        MM      MM       58  01/10
LOWEST             13   01/09        MM      MM       12  01/05
AVG. MAXIMUM     43.9              39.1     4.8     41.5
AVG. MINIMUM     33.3              26.3     7.0     27.6
MEAN             38.6              32.7     5.9     34.6
DAYS MAX >= 90      0               0.0     0.0        0
DAYS MAX <= 32      4               7.0    -3.0        5
DAYS MIN <= 32     12              21.8    -9.8       23
DAYS MIN <= 0       0               0.0     0.0        0

PRECIPITATION (INCHES)
RECORD
 MAXIMUM         8.33   1979
 MINIMUM         0.49   1981
TOTALS           4.64              3.16    1.48     4.59
DAILY AVG.       0.15              0.10    0.05     0.15
DAYS >= .01        15              10.5     4.5        6
DAYS >= .10         9               5.9     3.1        3
DAYS >= .50         3               2.1     0.9        2
DAYS >= 1.00        1               0.7     0.3        2
GREATEST
 24 HR. TOTAL    1.83   01/23 TO 01/24           01/23 TO 01/23
                                                          01/23 TO 01/23
                                                          01/23 TO 01/23
 STORM TOTAL       MM                                 MM
 (MM/DD(HH))            MM                    01/23(00) TO 01/23(00)
                                                 01/23(00) TO 01/23(00)3
                                                 01/23(00) TO 01/23(00)3

SNOWFALL (INCHES)
RECORDS
 TOTAL           31.3   2016
 24 HR TOTAL       MM
TOTALS           11.7               6.3     5.4     31.3
 LIQUID EQUIV    1.17              0.60    0.57     3.13
SINCE 7/1        15.0              11.2     3.8
 LIQUID 7/1      1.50              1.10             3.14
DAYS >= TRACE       9               4.6     4.4        7
DAYS >= 1.0         3               1.5     1.5        1
GREATEST
 SNOW DEPTH         8   01/08                         28  01/24
 24 HR TOTAL      8.2   MM                       01/23 TO 01/23
                                                          01/23 TO 01/23
                                                          01/23 TO 01/23
 STORM TOTAL       MM                                 MM
 (MM/DD(HH))            MM                    01/23(00) TO 01/23(00)
                                                 01/23(00) TO 01/23(00)3
                                                 01/23(00) TO 01/23(00)3

DEGREE_DAYS
HEATING TOTAL     812              1001    -189      932
 SINCE 7/1       2234              2670    -436     1968
COOLING TOTAL       0                 0       0        0
 SINCE 1/1          0                 0       0        0
....................................................

WIND (MPH)
AVERAGE WIND SPEED              12.4
HIGHEST WIND SPEED/DIRECTION    40/040    DATE  01/24
HIGHEST GUST SPEED/DIRECTION    52/050    DATE  01/24

SKY COVER
POSSIBLE SUNSHINE (PERCENT)   MM
AVERAGE SKY COVER           0.80
NUMBER OF DAYS FAIR            0
NUMBER OF DAYS PC             13
NUMBER OF DAYS CLOUDY         18

AVERAGE RH (PERCENT)     64

WEATHER CONDITIONS. NUMBER OF DAYS WITH
THUNDERSTORM              0     MIXED PRECIP               0
HEAVY RAIN                2     RAIN                       6
LIGHT RAIN               12     FREEZING RAIN              0
LT FREEZING RAIN          0     HAIL                       0
HEAVY SNOW                1     SNOW                       2
LIGHT SNOW                7     SLEET                      1
FOG                      15     FOG W/VIS <= 1/4 MILE      2
HAZE                      5

-  INDICATES NEGATIVE NUMBERS.
R  INDICATES RECORD WAS SET OR TIED.
MM INDICATES DATA IS MISSING.
T  INDICATES TRACE AMOUNT.

$$
