000
CXUS53 KGRR 011847
CLMLAN

CLIMATE REPORT
NATIONAL WEATHER SERVICE GRAND RAPIDS, MI
629 AM EDT SUN OCT 1 2017

...................................

...THE LANSING MI CLIMATE SUMMARY FOR THE MONTH OF SEPTEMBER 2017...

CLIMATE NORMAL PERIOD 1981 TO 2010
CLIMATE RECORD PERIOD 1864 TO 2017

WEATHER         OBSERVED          NORMAL  DEPART  LAST YEAR`S
                 VALUE   DATE(S)  VALUE   FROM    VALUE  DATE(S)
                                          NORMAL
................................................................
TEMPERATURE (F)
RECORD
 HIGH              99   09/02/1894
 LOW               19   09/21/1863
HIGHEST            95   09/21        88       7       90  09/06
LOWEST             39   09/30        33       6       48  09/28
                        09/10
                        09/09
AVG. MAXIMUM     78.7              72.7     6.0     75.8
AVG. MINIMUM     52.5              51.2     1.3     56.2
MEAN             65.6              61.9     3.7     66.0
DAYS MAX >= 90      6               0.3     5.7        1
DAYS MAX <= 32      0               0.0     0.0        0
DAYS MIN <= 32      0               0.3    -0.3        0
DAYS MIN <= 0       0               0.0     0.0        0

PRECIPITATION (INCHES)
RECORD
 MAXIMUM         8.34   1986
 MINIMUM         0.00   1979
TOTALS           0.94              3.50   -2.56     3.35
DAILY AVG.       0.03              0.12   -0.09     0.11
DAYS >= .01         7              10.7    -3.7       11
DAYS >= .10         3               5.9    -2.9        7
DAYS >= .50         0               2.3    -2.3        2
DAYS >= 1.00        0               0.9    -0.9        1
GREATEST
 24 HR. TOTAL    0.44   09/21 TO 09/21

SNOWFALL (INCHES)
RECORDS
 TOTAL              T   1994
                        1989
                        1967
 24 HR TOTAL        T   MM
 SNOW DEPTH         T   MM
TOTALS            0.0               0.0     0.0      0.0
SINCE 7/1         0.0               0.0     0.0      0.0
SNOWDEPTH AVG.      0                MM      MM        0
DAYS >= TRACE       0               0.0     0.0        0
DAYS >= 1.0         0               0.0     0.0        0
GREATEST
 SNOW DEPTH         0   MM                             0  MM
 24 HR TOTAL      0.0   09/30 TO 09/30

DEGREE_DAYS
HEATING TOTAL     103               153     -50       50
 SINCE 7/1        132               188     -56       53
COOLING TOTAL     130                61      69       89
 SINCE 1/1        764               618     146      855

FREEZE DATES
RECORD
 EARLIEST     08/03/1894
 LATEST       07/15/1863
EARLIEST                        10/01
LATEST                          05/10
.................................................................

WIND (MPH)
AVERAGE WIND SPEED              5.5
RESULTANT WIND SPEED/DIRECTION   1/225
HIGHEST WIND SPEED/DIRECTION    30/360    DATE  09/21
HIGHEST GUST SPEED/DIRECTION    39/260    DATE  09/04

SKY COVER
POSSIBLE SUNSHINE (PERCENT)   MM
AVERAGE SKY COVER           0.20
NUMBER OF DAYS FAIR           20
NUMBER OF DAYS PC              9
NUMBER OF DAYS CLOUDY          1

AVERAGE RH (PERCENT)     65

WEATHER CONDITIONS. NUMBER OF DAYS WITH
THUNDERSTORM              3     MIXED PRECIP               0
HEAVY RAIN                1     RAIN                       3
LIGHT RAIN               11     FREEZING RAIN              0
LT FREEZING RAIN          0     HAIL                       0
HEAVY SNOW                0     SNOW                       0
LIGHT SNOW                0     SLEET                      0
FOG                      20     FOG W/VIS <= 1/4 MILE      2
HAZE                      5

-  INDICATES NEGATIVE NUMBERS.
R  INDICATES RECORD WAS SET OR TIED.
MM INDICATES DATA IS MISSING.
T  INDICATES TRACE AMOUNT.

$$

JAM
WRKCLMLAN 000
TTAA00 KGRR 030024


CLIMATE REPORT
NATIONAL WEATHER SERVICE GRAND RAPIDS, MI
818 PM EDT SAT SEP 2 2017

...................................

...THE LANSING MI CLIMATE SUMMARY FOR THE SEASON, FROM
6/1/2017 TO 8/31/2017...

CLIMATE NORMAL PERIOD 1981 TO 2010
CLIMATE RECORD PERIOD 1864 TO 2017

WEATHER         OBSERVED          NORMAL  DEPART  LAST YEAR`S
                 VALUE   DATE(S)  VALUE   FROM    VALUE  DATE(S)
                                          NORMAL
................................................................
TEMPERATURE (F)
RECORD
 HIGH             103   07/06/2012
 LOW               26   08/29/1863
HIGHEST            95   06/12        93       2       94  08/11
                                                          07/23
LOWEST             44   08/25        39       5       44  06/09
AVG. MAXIMUM     81.9              80.3     1.6     83.3
AVG. MINIMUM     59.6              58.9     0.7     60.7
MEAN             70.8              69.6     1.2     72.0
DAYS MAX >= 90      8               6.7     1.3       17
DAYS MAX <= 32      0               0.0     0.0        0
DAYS MIN <= 32      0               0.0     0.0        0
DAYS MIN <= 0       0               0.0     0.0        0

PRECIPITATION (INCHES)
RECORD
 MAXIMUM        22.78   1883
 MINIMUM         2.16   1884
TOTALS           8.24              9.52   -1.28    10.57
DAILY AVG.       0.09              0.10   -0.01     0.11
DAYS >= .01        31              29.7     1.3       27
DAYS >= .10        16              17.4    -1.4       19
DAYS >= .50         4               6.5    -2.5        7
DAYS >= 1.00        1               2.2    -1.2        3
GREATEST
 24 HR. TOTAL    2.07   06/17 TO 06/17

SNOWFALL (INCHES)
RECORDS
 TOTAL             MM   MM
 24 HR TOTAL       MM
 SNOW DEPTH        MM   MM
TOTALS            0.0               0.0     0.0      0.0
SINCE 7/1         0.0               0.0     0.0      0.0
SNOWDEPTH AVG.      0                MM      MM        0
DAYS >= TRACE       0               0.0     0.0        0
DAYS >= 1.0         0               0.0     0.0        0
GREATEST
 SNOW DEPTH         0   MM                             0  MM
 24 HR TOTAL      0.0   MM

DEGREE_DAYS
HEATING TOTAL      42                91     -49       37
 SINCE 7/1         29                35      -6        3
COOLING TOTAL     599               515      84      704
 SINCE 1/1        634               557      77      766

FREEZE DATES
RECORD
 EARLIEST     08/03/1894
 LATEST       07/15/1863
EARLIEST                        10/01
LATEST                          05/10
.................................................................

WIND (MPH)
AVERAGE WIND SPEED              7.3
RESULTANT WIND SPEED/DIRECTION   3/255
HIGHEST WIND SPEED/DIRECTION    33/230    DATE  08/03
HIGHEST GUST SPEED/DIRECTION    45/220    DATE  08/03

SKY COVER
POSSIBLE SUNSHINE (PERCENT)   MM
AVERAGE SKY COVER           0.30
NUMBER OF DAYS FAIR           56
NUMBER OF DAYS PC             34
NUMBER OF DAYS CLOUDY          2

AVERAGE RH (PERCENT)     63

WEATHER CONDITIONS. NUMBER OF DAYS WITH
THUNDERSTORM             19     MIXED PRECIP               0
HEAVY RAIN               13     RAIN                      16
LIGHT RAIN               46     FREEZING RAIN              0
LT FREEZING RAIN          0     HAIL                       0
HEAVY SNOW                0     SNOW                       0
LIGHT SNOW                0     SLEET                      0
FOG                      33     FOG W/VIS <= 1/4 MILE      6
HAZE                     12

-  INDICATES NEGATIVE NUMBERS.
R  INDICATES RECORD WAS SET OR TIED.
MM INDICATES DATA IS MISSING.
T  INDICATES TRACE AMOUNT.

&&

IN THE GRAND SCHEME, SEPTEMBER 2017 AVERAGED WARMER AND DRIER THAN
NORMAL. TEMPERATURES VARIED QUITE CONSIDERABLY FROM WEEK TO WEEK.
PRECIPITATION LARGELY CONSISTED OF A LIGHTER VARIETY OF EVENTS.
HEAVY RAIN WAS LOCALIZED WITH LIMITED AERIAL COVERAGE.

LARGE TEMPERATURE SWINGS WERE COMMON THROUGH THE MONTH. TRANSITIONS
WERE SOMEWHAT GRADUAL, THOUGH, OCCURRING OVER A PERIOD OF A COUPLE
OF DAYS. THE MONTH STARTED ABOUT 10 DEGREES BELOW NORMAL. HOWEVER,
REMNANTS OF HURRICANE HARVEY TRAVELED THROUGH THE OHIO VALLEY,
BROUGHT MILDER AIR NORTHWARD AND RESULTED IN TEMPERATURES THAT WERE
CLOSER TO NORMAL FOR A BRIEF TIME. BEHIND THE SYSTEM, AN UPPER LEVEL
TROUGH DUG SOUTHWARD FROM CANADA. TEMPERATURES SETTLED BACK BELOW
NORMAL FROM THE 5TH THROUGH THE 11TH WITH DAYTIME HIGHS AS MUCH AS
15 DEGREES BELOW AVERAGES.

THE TRANSITION TO WARMER TEMPERATURES BEGAN AROUND MID-MONTH. AN
UPPER RIDGE DEVELOPED, AS HIGH PRESSURE STRENGTHENED AND CENTERED
OVER THE GREAT LAKES. IT REMAINED ABOVE NORMAL FOR MUCH OF THE
SECOND HALF OF THE MONTH. NO SINGLE CALENDAR DAY AVERAGED BELOW
NORMAL FROM THE 13TH THROUGH THE 29TH AT EACH OF THE THREE MAIN
CLIMATE SITES (GRAND RAPIDS, LANSING AND MUSKEGON). SOME DAYS
AVERAGED MORE THAN 20 DEGREES ABOVE NORMAL.

MANY RECORD HIGH TEMPERATURES WERE EITHER BROKEN OR TIED OVER A
PERIOD OF SIX CONSECUTIVE DAYS, WHICH SPANNED SEPTEMBER 21ST THROUGH
SEPTEMBER 26TH. GRAND RAPIDS AND LANSING MADE IT INTO THE 90S EACH
OF THE SIX DAYS, INCLUDING A HIGH TEMPERATURE OF 96 DEGREES IN GRAND
RAPIDS ON SEPTEMBER 23RD. AMONG THE RECORDS WERE THE OCCASIONAL
RECORD WARM LOWS, AS NIGHTTIME TEMPERATURES RANGED FROM THE MID-60S
TO AROUND 70 DEGREES. ALL THREE CLIMATE SITE`S MONTHLY TEMPERATURE
AVERAGES RANKED IN THE TOP TEN OF WARMEST SEPTEMBERS.

FEW DAYS IN SEPTEMBER INCLUDED MEASURABLE RAINFALL, WHICH EVENTUALLY
ACHIEVED MARGINAL DROUGHT STATUS (D1) IN SECTIONS OF SOUTHERN LOWER
MICHIGAN. GRAND RAPIDS AND LANSING EACH RECORDED ONLY ONE DAY WITH
MORE THAN ONE-QUARTER OF AN INCH OF PRECIPITATION, WHILE MUSKEGON
RECORDED TWO DAYS WITH SIMILAR AMOUNTS. NO CALENDAR DAY IN EACH CASE
EXCEEDED HALF AN INCH. THE ONLY EXCEPTION TO THE ABNORMALL DRY
STREAK WAS ON SEPTEMBER 21ST, WHEN NEARLY STATIONARY THUNDERSTORMS
AFFECTED SOUTH-CENTRAL LOWER MICHIGAN. LOCALIZED RAINFALL AMOUNTS OF
1-3 INCHES FELL WITH ONE REPORT OF 3.49 INCHES NEAR RICHLAND, MI. IT
WAS AMONG THE FIVE DRIEST SEPTEMBERS FOR MUSKEGON AND GRAND RAPIDS.
LANSING ONLY RANKED 15TH DRIEST, DUE TO LOCALIZED THUNDERSTORMS ON
THE 21ST.

THUNDERSTORMS WERE TAME THROUGHOUT THE MONTH. OCCASIONAL REPORTS OF
SMALL HAIL WERE RECEIVED WITH ISOLATED WIND GUSTS OF 40-50 MPH. THE
MOST NOTABLE PHENOMENON WERE WATERSPOUTS THAT DEVELOPED OVER LAKE
MICHIGAN ON THE 5TH AND 9TH.

$$

JAM
