000
CXUS55 KVEF 011041
CLMLAS

CLIMATE REPORT
NATIONAL WEATHER SERVICE LAS VEGAS, NV
232 AM PST SUN MAR 1 2015

...................................

...THE LAS VEGAS NV CLIMATE SUMMARY FOR THE MONTH OF FEBRUARY 2015...

CLIMATE NORMAL PERIOD 1981 TO 2010
CLIMATE RECORD PERIOD 1937 TO 2015

WEATHER         OBSERVED          NORMAL  DEPART  LAST YEAR`S
                 VALUE   DATE(S)  VALUE   FROM    VALUE  DATE(S)
                                          NORMAL
................................................................
TEMPERATURE (F)
RECORD
 HIGH              87   02/26/1986
 LOW               16   02/07/1989
HIGHEST            79   02/15        75       4       81  02/16
LOWEST             38   02/23        29       9       34  02/02
AVG. MAXIMUM     70.8              62.5     8.3     67.6
AVG. MINIMUM     49.3              43.4     5.9     46.3
MEAN             60.0              52.9     7.1     57.0
DAYS MAX >= 90      0               0.0     0.0        0
DAYS MAX <= 32      0               0.0     0.0        0
DAYS MIN <= 32      0               1.1    -1.1        0
DAYS MIN <= 0       0               0.0     0.0        0

PRECIPITATION (INCHES)
RECORD
 MAXIMUM         2.89   1998
 MINIMUM         0.00   1977
                        1967
                        1956
TOTALS           0.54              0.76   -0.22     0.30
DAILY AVG.       0.02              0.03   -0.01     0.01
DAYS >= .01         2               4.0    -2.0        1
DAYS >= .10         2               2.0     0.0        1
DAYS >= .50         0               0.5    -0.5        0
DAYS >= 1.00        0               0.0     0.0        0
GREATEST
 24 HR. TOTAL    0.54   02/22 TO 02/23

SNOWFALL (INCHES)
RECORDS
 TOTAL            4.1   1939
 24 HR TOTAL      4.1
TOTALS            0.0               0.1    -0.1      0.0
SINCE 7/1           T
SNOWDEPTH AVG.      0
DAYS >= TRACE       0
DAYS >= 1.0         0
GREATEST
 SNOW DEPTH         0
 24 HR TOTAL      0.0   02/28 TO 02/28
 STORM TOTAL      0.0
 (MM/DD(HH))

DEGREE_DAYS
HEATING TOTAL     142               339    -197      222
 SINCE 7/1       1107              1691    -584     1386
COOLING TOTAL      10                 1       9        3
 SINCE 1/1         10                 1       9        3

FREEZE DATES
RECORD
 EARLIEST     10/21/1949
 LATEST       04/12/1967
EARLIEST                        11/25
LATEST                          02/28
.................................................................

WIND (MPH)
AVERAGE WIND SPEED              7.6
HIGHEST WIND SPEED/DIRECTION    29/210    DATE  02/28
HIGHEST GUST SPEED/DIRECTION    36/190    DATE  02/28

SKY COVER
POSSIBLE SUNSHINE (PERCENT)   MM
AVERAGE SKY COVER           0.30
NUMBER OF DAYS FAIR           17
NUMBER OF DAYS PC              9
NUMBER OF DAYS CLOUDY          2

AVERAGE RH (PERCENT)     34

WEATHER CONDITIONS. NUMBER OF DAYS WITH
THUNDERSTORM              0     MIXED PRECIP               0
HEAVY RAIN                0     RAIN                       1
LIGHT RAIN                2     FREEZING RAIN              0
LT FREEZING RAIN          0     HAIL                       0
HEAVY SNOW                0     SNOW                       0
LIGHT SNOW                0     SLEET                      0
FOG                       2     FOG W/VIS <= 1/4 MILE      0
HAZE                      0

-  INDICATES NEGATIVE NUMBERS.
R  INDICATES RECORD WAS SET OR TIED.
MM INDICATES DATA IS MISSING.
T  INDICATES TRACE AMOUNT.

$$
