000
CXUS52 KILM 020953
CLMLBT


CLIMATE REPORT
NATIONAL WEATHER SERVICE WILMINGTON NC
451 AM EST THU MAR 2 2017

...................................

...THE LUMBERTON NC CLIMATE SUMMARY FOR THE MONTH OF FEBRUARY 2017...

CLIMATE NORMAL PERIOD 1981 TO 2010
CLIMATE RECORD PERIOD 9999 TO 9999

WEATHER         OBSERVED          NORMAL  DEPART  LAST YEAR`S
                 VALUE   DATE(S)  VALUE   FROM    VALUE  DATE(S)
                                          NORMAL
................................................................
TEMPERATURE (F)
HIGHEST            82   02/25                         77
LOWEST             27   02/10                         22
AVG. MAXIMUM     69.0              58.0    11.0     57.1
AVG. MINIMUM     41.6              35.6     6.0     37.7
MEAN             55.3              46.8     8.5     47.4
DAYS MAX >= 90      0               0.0     0.0        0
DAYS MAX <= 32      0               0.0     0.0        0
DAYS MIN <= 32      6               9.9    -3.9       10
DAYS MIN <= 0       0               0.0     0.0        0

PRECIPITATION (INCHES)
RECORD
 MAXIMUM         7.75   1939
 MINIMUM         0.43   1938
TOTALS           1.09              2.90   -1.81     6.65
DAILY AVG.       0.04              0.10   -0.06     0.23
DAYS >= .01         5                                 10
DAYS >= .10         3                                  8
DAYS >= .50         1                                  5
DAYS >= 1.00        0                                  2
GREATEST
 24 HR. TOTAL    0.69   02/14 TO 02/15

DEGREE_DAYS
HEATING TOTAL     274               511    -237      502
COOLING TOTAL      10                 2       8        1
.....................................................

WIND (MPH)
AVERAGE WIND SPEED              6.7
RESULTANT WIND SPEED/DIRECTION   3/244
HIGHEST WIND SPEED/DIRECTION    30/310    DATE  02/09
HIGHEST GUST SPEED/DIRECTION    39/310    DATE  02/09

SKY COVER
POSSIBLE SUNSHINE (PERCENT)   MM
AVERAGE SKY COVER           0.20
NUMBER OF DAYS FAIR           19
NUMBER OF DAYS PC              7
NUMBER OF DAYS CLOUDY          1

AVERAGE RH (PERCENT)     64

WEATHER CONDITIONS. NUMBER OF DAYS WITH
THUNDERSTORM              2     MIXED PRECIP              MM
HEAVY RAIN                2     RAIN                       3
LIGHT RAIN                8     FREEZING RAIN              0
LT FREEZING RAIN          0     HAIL                      MM
HEAVY SNOW                0     SNOW                       0
LIGHT SNOW                0     SLEET                     MM
FOG                       7     FOG W/VIS <= 1/4 MILE      2
HAZE                      1

-  INDICATES NEGATIVE NUMBERS.
R  INDICATES RECORD WAS SET OR TIED.
MM INDICATES DATA IS MISSING.
T  INDICATES TRACE AMOUNT.

$$
