000
CXUS52 KILM 011356
CLMLBT


CLIMATE REPORT
NATIONAL WEATHER SERVICE WILMINGTON NC
844 AM EST THU FEB 1 2018

...................................

...THE LUMBERTON NC CLIMATE SUMMARY FOR THE MONTH OF JANUARY 2018...

CLIMATE NORMAL PERIOD 1981 TO 2010
CLIMATE RECORD PERIOD 9999 TO 9999

WEATHER         OBSERVED          NORMAL  DEPART  LAST YEAR`S
                 VALUE   DATE(S)  VALUE   FROM    VALUE  DATE(S)
                                          NORMAL
................................................................
TEMPERATURE (F)
HIGHEST            75   01/11                         77
LOWEST              6R  01/05                         16
AVG. MAXIMUM     51.8              53.7    -1.9     60.4
AVG. MINIMUM     27.3              33.2    -5.9     39.6
MEAN             39.5              43.4    -3.9     50.0
DAYS MAX >= 90      0               0.0     0.0        0
DAYS MAX <= 32      3               0.5     2.5        1
DAYS MIN <= 32     22              15.3     6.7        7
DAYS MIN <= 0       0               0.0     0.0        0

PRECIPITATION (INCHES)
RECORD
 MAXIMUM         7.19   1987
 MINIMUM         0.27   2001
TOTALS           1.90              2.97   -1.07     2.40
DAILY AVG.       0.06              0.10   -0.04     0.08
DAYS >= .01         8                                  8
DAYS >= .10         4                                  6
DAYS >= .50         2                                  2
DAYS >= 1.00        0                                  0
GREATEST
 24 HR. TOTAL    0.77   01/28 TO 01/28

DEGREE_DAYS
HEATING TOTAL     784               669     115      460
COOLING TOTAL       1                 1       0        0
.................................................................

WIND (MPH)
AVERAGE WIND SPEED              6.4
RESULTANT WIND SPEED/DIRECTION   2/343
HIGHEST WIND SPEED/DIRECTION    30/230    DATE  01/23
HIGHEST GUST SPEED/DIRECTION    39/260    DATE  01/23

SKY COVER
POSSIBLE SUNSHINE (PERCENT)   MM
AVERAGE SKY COVER           0.20
NUMBER OF DAYS FAIR           21
NUMBER OF DAYS PC              6
NUMBER OF DAYS CLOUDY          3

AVERAGE RH (PERCENT)     65

WEATHER CONDITIONS. NUMBER OF DAYS WITH
THUNDERSTORM              0     MIXED PRECIP               M
HEAVY RAIN                3     RAIN                       4
LIGHT RAIN                7     FREEZING RAIN              0
LT FREEZING RAIN          0     HAIL                       M
HEAVY SNOW                0     SNOW                       0
LIGHT SNOW                2     SLEET                      M
FOG                       9     FOG W/VIS <= 1/4 MILE      0
HAZE                      0


-  INDICATES NEGATIVE NUMBERS.
R  INDICATES RECORD WAS SET OR TIED.
MM INDICATES DATA IS MISSING.
T  INDICATES TRACE AMOUNT.

$$
