000
CXUS53 KLMK 011145
CLMLEX

CLIMATE REPORT
NATIONAL WEATHER SERVICE LOUISVILLE KY
625 AM EST SUN FEB 1 2015

...................................

...THE LEXINGTON KY CLIMATE SUMMARY FOR THE MONTH OF JANUARY 2015...

CLIMATE NORMAL PERIOD 1981 TO 2010
CLIMATE RECORD PERIOD 1872 TO 2015

WEATHER         OBSERVED          NORMAL  DEPART  LAST YEAR`S
                 VALUE   DATE(S)  VALUE   FROM    VALUE  DATE(S)
                                          NORMAL
................................................................
TEMPERATURE (F)
RECORD
 HIGH              80   01/24/1943
 LOW              -21   01/24/1963
HIGHEST            61   01/03        MM      MM       56  01/11
                                                          01/05
LOWEST                  01/08        MM      MM       -6  01/22
AVG. MAXIMUM     40.1              40.9    -0.8     37.5
AVG. MINIMUM     22.1              24.9    -2.8     16.2
MEAN             31.1              32.9    -1.8     26.8
DAYS MAX >= 90      0               0.0     0.0        0
DAYS MAX <= 32      8               7.3     0.7        9
DAYS MIN <= 32     29              22.6     6.4       26
DAYS MIN <= 0       1               0.7     0.3        5

PRECIPITATION (INCHES)
RECORD
 MAXIMUM        16.65   1950
 MINIMUM         0.37   1981
TOTALS           1.85              3.20   -1.35     2.31
DAILY AVG.       0.06              0.10   -0.04     0.07
DAYS >= .01         9              12.1    -3.1       10
DAYS >= .10         5               6.2    -1.2        6
DAYS >= .50         0               2.1    -2.1        2
DAYS >= 1.00        0               0.8    -0.8        0
GREATEST
 24 HR. TOTAL    0.67   01/03 TO 01/04

SNOWFALL (INCHES)
RECORDS
 TOTAL           21.9   5
                        0
TOTALS            5.9               3.9     2.0      8.6
SINCE 7/1         7.5               6.7     0.8     10.6
SNOWDEPTH AVG.      0                 2      -2        0
DAYS >= 1.0         2               1.2     0.8        2
GREATEST
 SNOW DEPTH         5   01/24                          3  01/26
                                                          01/25
 24 HR TOTAL      3.5   01/23 TO 01/23

DEGREE_DAYS
HEATING TOTAL    1044               995      49     1176
 SINCE 7/1       2862              2783      79     2934
COOLING TOTAL       0                 0       0        0
 SINCE 1/1          0                 0       0        0
.................................................................

WIND (MPH)
AVERAGE WIND SPEED              8.9
HIGHEST WIND SPEED/DIRECTION    29/260    DATE  01/09
HIGHEST GUST SPEED/DIRECTION    39/220    DATE  01/29

SKY COVER
POSSIBLE SUNSHINE (PERCENT)   MM
AVERAGE SKY COVER           0.50
NUMBER OF DAYS FAIR           10
NUMBER OF DAYS PC             12
NUMBER OF DAYS CLOUDY          9

AVERAGE RH (PERCENT)     70

WEATHER CONDITIONS. NUMBER OF DAYS WITH
THUNDERSTORM              0     MIXED PRECIP               0
HEAVY RAIN                1     RAIN                       5
LIGHT RAIN                8     FREEZING RAIN              0
LT FREEZING RAIN          0     HAIL                       0
HEAVY SNOW                0     SNOW                       0
LIGHT SNOW               10     SLEET                      0
FOG                      14     FOG W/VIS <= 1/4 MILE      1
HAZE                      7

-  INDICATES NEGATIVE NUMBERS.
R  INDICATES RECORD WAS SET OR TIED.
MM INDICATES DATA IS MISSING.
T  INDICATES TRACE AMOUNT.

$$
SZAPPANOS
