000
CXUS51 KOKX 011651 RRA
CLMLGA

CLIMATE REPORT
NATIONAL WEATHER SERVICE NEW YORK NY
1148 AM EST WED FEB 1 2017



...THE LAGUARDIA NY CLIMATE SUMMARY FOR THE MONTH OF JANUARY 2017...

CLIMATE NORMAL PERIOD 1981 TO 2010
CLIMATE RECORD PERIOD 1939 TO 2017

WEATHER         OBSERVED          NORMAL  DEPART  LAST YEAR`S
                 VALUE   DATE(S)  VALUE   FROM    VALUE  DATE(S)
                                          NORMAL
................................................................
TEMPERATURE (F)
RECORD
 HIGH              95   01/12/2015
 LOW               -3   01/19/1994
                        01/21/1985
HIGHEST            68   01/12        MM      MM       59  01/10
LOWEST             17   01/09        MM      MM       13  01/05
AVG. MAXIMUM     44.4              39.3     5.1     41.9
AVG. MINIMUM     35.0              26.6     8.4     29.4
MEAN             39.7              32.9     6.8     35.6
DAYS MAX >= 90      0               0.0     0.0        0
DAYS MAX <= 32      3               7.1    -4.1        5
DAYS MIN <= 32     10              20.7   -10.7       20
DAYS MIN <= 0       0               0.1    -0.1        0

PRECIPITATION (INCHES)
RECORD
 MAXIMUM         8.68   1979
 MINIMUM         0.51   1981
TOTALS           4.13              3.17    0.96     4.17
DAILY AVG.       0.13              0.10    0.03     0.13
DAYS >= .01        15              10.3     4.7        7
DAYS >= .10         9               5.8     3.2        3
DAYS >= .50         3               2.1     0.9        2
DAYS >= 1.00        1               0.7     0.3        2
GREATEST
 24 HR. TOTAL    1.71   01/23 TO 01/24           01/23 TO 01/23
                                                          01/23 TO 01/23
                                                          01/23 TO 01/23
 STORM TOTAL       MM                                 MM
 (MM/DD(HH))            MM                    01/23(00) TO 01/23(00)
                                                 01/23(00) TO 01/23(00)3
                                                 01/23(00) TO 01/23(00)3

SNOWFALL (INCHES)
RECORDS
 TOTAL           32.6   2011
 24 HR TOTAL       MM
TOTALS           10.1               7.4     2.7     28.8
 LIQUID EQUIV    1.01              0.70    0.31     2.88
SINCE 7/1        13.1              12.9     0.2     28.8
 LIQUID 7/1      1.31              1.30             2.88
DAYS >= TRACE       5               4.6     0.4        7
DAYS >= 1.0         3               1.9     1.1        1
GREATEST
 SNOW DEPTH         7   01/08                         27  01/24
 24 HR TOTAL      7.0   01/07 TO 01/07           01/23 TO 01/23
                                                          01/23 TO 01/23
                                                          01/23 TO 01/23
 STORM TOTAL       MM                                 MM
 (MM/DD(HH))            MM                    01/23(00) TO 01/23(00)
                                                 01/23(00) TO 01/23(00)3
                                                 01/23(00) TO 01/23(00)3

DEGREE_DAYS
HEATING TOTAL     778               993    -215      902
 SINCE 7/1       2074              2599    -525     1897
COOLING TOTAL       0                 0       0        0
 SINCE 1/1          0                 0       0        0
....................................................

WIND (MPH)
AVERAGE WIND SPEED              12.1
HIGHEST WIND SPEED/DIRECTION    39/060    DATE  01/23
HIGHEST GUST SPEED/DIRECTION    50/080    DATE  01/23

SKY COVER
POSSIBLE SUNSHINE (PERCENT)   MM
AVERAGE SKY COVER           0.80
NUMBER OF DAYS FAIR            0
NUMBER OF DAYS PC             13
NUMBER OF DAYS CLOUDY         18

AVERAGE RH (PERCENT)     63

WEATHER CONDITIONS. NUMBER OF DAYS WITH
THUNDERSTORM              0     MIXED PRECIP               0
HEAVY RAIN                4     RAIN                       7
LIGHT RAIN               14     FREEZING RAIN              0
LT FREEZING RAIN          0     HAIL                       0
HEAVY SNOW                1     SNOW                       3
LIGHT SNOW                5     SLEET                      1
FOG                      15     FOG W/VIS <= 1/4 MILE      2
HAZE                     10

-  INDICATES NEGATIVE NUMBERS.
R  INDICATES RECORD WAS SET OR TIED.
MM INDICATES DATA IS MISSING.
T  INDICATES TRACE AMOUNT.

$$
